{"id":14456,"date":"2018-07-27T09:44:13","date_gmt":"2018-07-27T07:44:13","guid":{"rendered":"http:\/\/einheit-bernburg.de\/content\/?page_id=14456"},"modified":"2018-07-27T09:44:13","modified_gmt":"2018-07-27T07:44:13","slug":"kader-u-zielstellung-g-junioren-sv-einheit-bernburg","status":"publish","type":"page","link":"https:\/\/einheit-bernburg.de\/content\/?page_id=14456","title":{"rendered":"Archiv Kader u. Zielstellung F1 \u2013 Junioren 2017\/18"},"content":{"rendered":"<h1 class=\"aufm\">Spg. Askania Bernburg \/ Einheit Bernburg II.<\/h1>\n<h3 class=\"aufm\">Fair &#8211; Play Liga 2017 \/ 18<\/h3>\n<p>Die aktuellen F1 &#8211; Junioren der KOOP Askania-Einheit Bernburg bestehen aus den F2 &#8211; Junioren des letzten Jahres, die nun \u00e4lterer Jahrgang in dieser Altersklasse sind. Dazu kommen die letztj\u00e4hrlichen G &#8211; Junioren des TV Askania. Der insgesamt 20 Spieler umfassende Kader wird f\u00fcr die beiden Trainer Holger Schmidt und Roland Golembowski eine echte Herausforderung sein. Denn spielen wollen alle Kinder und weiter entwickeln sollen sich die Kinder auch, auch wenn es in dieser Saison mit der Fair-Play Liga Neuerungen gibt, die eine Wertung der Turnierspiele nicht mehr zul\u00e4sst. Schiedsrichter wird es auch nicht mehr geben &#8211; die Kinder entscheiden selbst ob der Ball im Aus ist, ob Ecke, Hand oder Strafsto\u00df etc. Nur im Streitfall greift der Hauptschiedsrichter (Trainer der in der jeweiligen Ansetzung erstgenannten Mannschaft) ein. Nun ja, man darf sehr gespannt auf diese Neurungen sein und darauf, wie sich dies dann auswirkt, wenn die Kinder in die Altersklasse der E &#8211; Junioren wechseln.<br \/>\nPokalspiele und Hallenkreismeisterschaften sind f\u00fcr die F &#8211; Junioren ebenfalls nicht mehr vorgesehen. \ud83d\ude41<\/p>\n<p><em>Trotzdem w\u00fcnschen wir den Trainern mit ihrem Kollektiv viel Erfolg.<br \/>\n<\/em><\/p>\n<div class=\"su-table su-table-alternate\">\n<table>\n<tbody>\n<tr>\n<td><strong>Ansprechpartner<\/strong><\/td>\n<td>Markus Becker (Jugendleiter &#8211; Askania) Mobil: 0160 &#8211; 973 796 29<\/p>\n<p>Lothar Kral (Sportlicher Leiter &#8211; Einheit)<br \/>\nTel.: 03471 \/ 311868, Mobil: 0177 \/ 939 42 32<\/td>\n<\/tr>\n<tr>\n<td><strong>Trainingszeit<\/strong><\/td>\n<td>Montag 16:30 Uhr &#8211; 18:00 Uhr Askania &#8211; Sportplatz<\/p>\n<p>Freitag\u00a0 16:30 Uhr &#8211; 18:00 Uhr Askania &#8211; Sportplatz<\/td>\n<\/tr>\n<tr>\n<td><strong>Trainer<\/strong><\/td>\n<td>Holger Schmidt\u00a0\u00a0\u00a0\u00a0 Mobil:\u00a0 0163 \/ 260 77 83<\/p>\n<p>Roland Golembowski\u00a0 Mobil: 0151 \/ 219 086 49<\/td>\n<\/tr>\n<tr>\n<td><strong>Betreuer<\/strong><\/td>\n<td><\/td>\n<\/tr>\n<tr>\n<td><strong>Zielstellung<\/strong><\/td>\n<td>Fair-Play Liga \/ Spiele ohne Wertung, trotzdem will man sich weiter entwickeln.<\/td>\n<\/tr>\n<\/tbody>\n<\/table>\n<\/div>\n<hr \/>\n<h3>Kader<\/h3>\n\n<table id=\"tablepress-47\" class=\"tablepress tablepress-id-47\">\n<thead>\n<tr class=\"row-1 odd\">\n\t<th class=\"column-1\">Name<\/th><th class=\"column-2\">Vorname<\/th><th class=\"column-3\">Jahrgang<\/th><th class=\"column-4\">Herkunft<\/th><th class=\"column-5\"><\/th><th class=\"column-6\"><\/th><th class=\"column-7\"><\/th><th class=\"column-8\"><\/th>\n<\/tr>\n<\/thead>\n<tbody>\n<tr class=\"row-2 even\">\n\t<td class=\"column-1\">Hammermann<\/td><td class=\"column-2\">Franz<\/td><td class=\"column-3\">2010<\/td><td class=\"column-4\">SV Einheit<\/td><td class=\"column-5\"><\/td><td class=\"column-6\"><\/td><td class=\"column-7\"><\/td><td class=\"column-8\"><\/td>\n<\/tr>\n<tr class=\"row-3 odd\">\n\t<td class=\"column-1\">Herrmann<\/td><td class=\"column-2\">Ben - Luca<\/td><td class=\"column-3\">2010<\/td><td class=\"column-4\">SV Einheit<\/td><td class=\"column-5\"><\/td><td class=\"column-6\"><\/td><td class=\"column-7\"><\/td><td class=\"column-8\"><\/td>\n<\/tr>\n<tr class=\"row-4 even\">\n\t<td class=\"column-1\">Kirchhof<\/td><td class=\"column-2\">Tamo<\/td><td class=\"column-3\">2010<\/td><td class=\"column-4\">SV Einheit<\/td><td class=\"column-5\"><\/td><td class=\"column-6\"><\/td><td class=\"column-7\"><\/td><td class=\"column-8\"><\/td>\n<\/tr>\n<tr class=\"row-5 odd\">\n\t<td class=\"column-1\">Mehmeti<\/td><td class=\"column-2\">Serschan<\/td><td class=\"column-3\">2010<\/td><td class=\"column-4\">SV Einheit<\/td><td class=\"column-5\"><\/td><td class=\"column-6\"><\/td><td class=\"column-7\"><\/td><td class=\"column-8\"><\/td>\n<\/tr>\n<tr class=\"row-6 even\">\n\t<td class=\"column-1\">Sieland<\/td><td class=\"column-2\">Johannes<\/td><td class=\"column-3\">2010<\/td><td class=\"column-4\">SV Einheit<\/td><td class=\"column-5\"><\/td><td class=\"column-6\"><\/td><td class=\"column-7\"><\/td><td class=\"column-8\"><\/td>\n<\/tr>\n<tr class=\"row-7 odd\">\n\t<td class=\"column-1\">Zaza<\/td><td class=\"column-2\">Mohammad<\/td><td class=\"column-3\">2010<\/td><td class=\"column-4\">SV Einheit<\/td><td class=\"column-5\"><\/td><td class=\"column-6\"><\/td><td class=\"column-7\"><\/td><td class=\"column-8\"><\/td>\n<\/tr>\n<tr class=\"row-8 even\">\n\t<td class=\"column-1\"><\/td><td class=\"column-2\"><\/td><td class=\"column-3\"><\/td><td class=\"column-4\"><\/td><td class=\"column-5\"><\/td><td class=\"column-6\"><\/td><td class=\"column-7\"><\/td><td class=\"column-8\"><\/td>\n<\/tr>\n<tr class=\"row-9 odd\">\n\t<td class=\"column-1\">Angermann<\/td><td class=\"column-2\">Max Elias<\/td><td class=\"column-3\">2011<\/td><td class=\"column-4\">SV Einheit<\/td><td class=\"column-5\"><\/td><td class=\"column-6\"><\/td><td class=\"column-7\"><\/td><td class=\"column-8\"><\/td>\n<\/tr>\n<tr class=\"row-10 even\">\n\t<td class=\"column-1\">Bestehorn<\/td><td class=\"column-2\">Aaron<\/td><td class=\"column-3\">2011<\/td><td class=\"column-4\">SV Einheit<\/td><td class=\"column-5\"><\/td><td class=\"column-6\"><\/td><td class=\"column-7\"><\/td><td class=\"column-8\"><\/td>\n<\/tr>\n<tr class=\"row-11 odd\">\n\t<td class=\"column-1\">Hecht<\/td><td class=\"column-2\">Philipp<\/td><td class=\"column-3\">2011<\/td><td class=\"column-4\">TV Askania<\/td><td class=\"column-5\"><\/td><td class=\"column-6\"><\/td><td class=\"column-7\"><\/td><td class=\"column-8\"><\/td>\n<\/tr>\n<tr class=\"row-12 even\">\n\t<td class=\"column-1\">Janek<\/td><td class=\"column-2\">Finja Minette<\/td><td class=\"column-3\">2011<\/td><td class=\"column-4\">SV Einheit<\/td><td class=\"column-5\"><\/td><td class=\"column-6\"><\/td><td class=\"column-7\"><\/td><td class=\"column-8\"><\/td>\n<\/tr>\n<tr class=\"row-13 odd\">\n\t<td class=\"column-1\">Korn<\/td><td class=\"column-2\">Laurin<\/td><td class=\"column-3\">2011<\/td><td class=\"column-4\">SV Einheit<\/td><td class=\"column-5\"><\/td><td class=\"column-6\"><\/td><td class=\"column-7\"><\/td><td class=\"column-8\"><\/td>\n<\/tr>\n<tr class=\"row-14 even\">\n\t<td class=\"column-1\">Krug<\/td><td class=\"column-2\">Lionell Mathias<\/td><td class=\"column-3\">2011<\/td><td class=\"column-4\">SV Einheit<\/td><td class=\"column-5\"><\/td><td class=\"column-6\"><\/td><td class=\"column-7\"><\/td><td class=\"column-8\"><\/td>\n<\/tr>\n<tr class=\"row-15 odd\">\n\t<td class=\"column-1\">Kurbneshi<\/td><td class=\"column-2\">Adrian<\/td><td class=\"column-3\">2011<\/td><td class=\"column-4\">SV Einheit<\/td><td class=\"column-5\"><\/td><td class=\"column-6\"><\/td><td class=\"column-7\"><\/td><td class=\"column-8\"><\/td>\n<\/tr>\n<tr class=\"row-16 even\">\n\t<td class=\"column-1\">M\u00fcller<\/td><td class=\"column-2\">Toni<\/td><td class=\"column-3\">2011<\/td><td class=\"column-4\">SV Einheit<\/td><td class=\"column-5\"><\/td><td class=\"column-6\"><\/td><td class=\"column-7\"><\/td><td class=\"column-8\"><\/td>\n<\/tr>\n<tr class=\"row-17 odd\">\n\t<td class=\"column-1\">Schulz<\/td><td class=\"column-2\">Max<\/td><td class=\"column-3\">2011<\/td><td class=\"column-4\">SV Einheit<\/td><td class=\"column-5\"><\/td><td class=\"column-6\"><\/td><td class=\"column-7\"><\/td><td class=\"column-8\"><\/td>\n<\/tr>\n<tr class=\"row-18 even\">\n\t<td class=\"column-1\">Sluschny<\/td><td class=\"column-2\">Jason Ryan<\/td><td class=\"column-3\">2011<\/td><td class=\"column-4\">SV Einheit<\/td><td class=\"column-5\"><\/td><td class=\"column-6\"><\/td><td class=\"column-7\"><\/td><td class=\"column-8\"><\/td>\n<\/tr>\n<tr class=\"row-19 odd\">\n\t<td class=\"column-1\">Stutz<\/td><td class=\"column-2\">Oliver Jack<\/td><td class=\"column-3\">2011<\/td><td class=\"column-4\">SV Einheit<\/td><td class=\"column-5\"><\/td><td class=\"column-6\"><\/td><td class=\"column-7\"><\/td><td class=\"column-8\"><\/td>\n<\/tr>\n<tr class=\"row-20 even\">\n\t<td class=\"column-1\">Werner<\/td><td class=\"column-2\">Annelie<\/td><td class=\"column-3\">2010<\/td><td class=\"column-4\">SV Einheit<\/td><td class=\"column-5\"><\/td><td class=\"column-6\"><\/td><td class=\"column-7\"><\/td><td class=\"column-8\"><\/td>\n<\/tr>\n<tr class=\"row-21 odd\">\n\t<td class=\"column-1\"><\/td><td class=\"column-2\"><\/td><td class=\"column-3\"><\/td><td class=\"column-4\"><\/td><td class=\"column-5\"><\/td><td class=\"column-6\"><\/td><td class=\"column-7\"><\/td><td class=\"column-8\"><\/td>\n<\/tr>\n<tr class=\"row-22 even\">\n\t<td class=\"column-1\">Fischmann<\/td><td class=\"column-2\">Nils<\/td><td class=\"column-3\">2012<\/td><td class=\"column-4\">SV Einheit<\/td><td class=\"column-5\"><\/td><td class=\"column-6\"><\/td><td class=\"column-7\"><\/td><td class=\"column-8\"><\/td>\n<\/tr>\n<tr class=\"row-23 odd\">\n\t<td class=\"column-1\">Franke<\/td><td class=\"column-2\">Lennard<\/td><td class=\"column-3\">2012<\/td><td class=\"column-4\">SV Einheit<\/td><td class=\"column-5\"><\/td><td class=\"column-6\"><\/td><td class=\"column-7\"><\/td><td class=\"column-8\"><\/td>\n<\/tr>\n<\/tbody>\n<\/table>\n\n","protected":false},"excerpt":{"rendered":"<p>Spg. Askania Bernburg \/ Einheit Bernburg II. Fair &#8211; Play Liga 2017 \/ 18 Die aktuellen F1 &#8211; Junioren der KOOP Askania-Einheit Bernburg bestehen aus den F2 &#8211; Junioren des letzten Jahres, die nun \u00e4lterer Jahrgang in dieser Altersklasse sind. Dazu kommen die letztj\u00e4hrlichen G &#8211; Junioren des TV Askania. Der insgesamt 20 Spieler umfassende [&hellip;]<\/p>\n","protected":false},"author":3,"featured_media":0,"parent":14424,"menu_order":0,"comment_status":"closed","ping_status":"closed","template":"","meta":{"footnotes":""},"_links":{"self":[{"href":"https:\/\/einheit-bernburg.de\/content\/index.php?rest_route=\/wp\/v2\/pages\/14456"}],"collection":[{"href":"https:\/\/einheit-bernburg.de\/content\/index.php?rest_route=\/wp\/v2\/pages"}],"about":[{"href":"https:\/\/einheit-bernburg.de\/content\/index.php?rest_route=\/wp\/v2\/types\/page"}],"author":[{"embeddable":true,"href":"https:\/\/einheit-bernburg.de\/content\/index.php?rest_route=\/wp\/v2\/users\/3"}],"replies":[{"embeddable":true,"href":"https:\/\/einheit-bernburg.de\/content\/index.php?rest_route=%2Fwp%2Fv2%2Fcomments&post=14456"}],"version-history":[{"count":1,"href":"https:\/\/einheit-bernburg.de\/content\/index.php?rest_route=\/wp\/v2\/pages\/14456\/revisions"}],"predecessor-version":[{"id":14457,"href":"https:\/\/einheit-bernburg.de\/content\/index.php?rest_route=\/wp\/v2\/pages\/14456\/revisions\/14457"}],"up":[{"embeddable":true,"href":"https:\/\/einheit-bernburg.de\/content\/index.php?rest_route=\/wp\/v2\/pages\/14424"}],"wp:attachment":[{"href":"https:\/\/einheit-bernburg.de\/content\/index.php?rest_route=%2Fwp%2Fv2%2Fmedia&parent=14456"}],"curies":[{"name":"wp","href":"https:\/\/api.w.org\/{rel}","templated":true}]}}