{"id":23620,"date":"2020-07-08T11:15:55","date_gmt":"2020-07-08T09:15:55","guid":{"rendered":"http:\/\/einheit-bernburg.de\/content\/?page_id=23620"},"modified":"2025-11-04T13:23:54","modified_gmt":"2025-11-04T12:23:54","slug":"kader-u-zielstellung-d3-junioren","status":"publish","type":"page","link":"https:\/\/einheit-bernburg.de\/content\/?page_id=23620","title":{"rendered":"Kader u. Zielstellung A-Junioren"},"content":{"rendered":"<h1 class=\"aufm\">SV Einheit Bernburg<\/h1>\n<h3>Landesliga \u2013 2025\/26 &#8211; Staffel 2<\/h3>\n<p>Diese Mannschaft r\u00fcckt komplett aus der letztj\u00e4hrigen B1 &#8211; Junioren Landesliga in die A &#8211; Junioren hoch und besteht hiermit zum gro\u00dfen Teil aus dem j\u00fcngeren Jahrgang dies Altersklasse. Letztes Spieljahr bei den B &#8211; Junioren in der Staffel 3 unterwegs, konnte man spielerisch gut mithalten, auch wenn der Abschlusstabellenstand etwas anderes sagt. Ab sofort ist man in Staffel 2 zuhause und f\u00e4hrt viel in die Harzregion. Wieder neue Mannschaften, wieder eine neue Herausforderung, wir w\u00fcnschen den Jungs, die \u00fcber Jahre schon Landesliga erfahren sind, gutes Gelingen nd eine erfolgreiche Saison.<\/p>\n<hr>\n<div class=\"su-table su-table-alternate\">\n<table style=\"height: 344px;width: 704px\" width=\"702\">\n<tbody>\n<tr>\n<td style=\"width: 173px\"><strong>Ansprechpartner<\/strong><\/td>\n<td style=\"width: 531px\">Lothar Kral (Jugendleiter) &#8211; Mobil: 0162 435 66 23<\/td>\n<\/tr>\n<tr>\n<td style=\"width: 173px\"><strong>Trainingszeit<\/strong><\/td>\n<td style=\"width: 531px\">Dienstag,&nbsp; &nbsp; &nbsp; &nbsp;18:00 Uhr \u2013 19:30 Uhr Einheit-Sportplatz<br>\nDonnerstag,&nbsp; 18:00 Uhr \u2013 19:30 Uhr Einheit-Sportplatz<\/td>\n<\/tr>\n<tr>\n<td style=\"width: 173px\"><strong> Winter<\/strong><\/td>\n<td style=\"width: 531px\"><\/td>\n<\/tr>\n<tr>\n<td style=\"width: 173px\"><strong>Hallentraining<br>\n<\/strong><\/td>\n<td style=\"width: 531px\">Dienstag, 18:30 &#8211; 20:00 Uhr Sporthalle T\u00f6pferwiese<br>\n25.11.2025 &#8211; 24.02.2026<\/td>\n<\/tr>\n<tr>\n<td style=\"width: 173px\"><strong>Kunstrasen<br>\n<\/strong><\/td>\n<td style=\"width: 531px\">Di, 17:15 Uhr &#8211; 18:45 Uhr<br>\nDo, 17:00 Uhr &#8211; !8:30 Uhr<\/td>\n<\/tr>\n<tr>\n<td style=\"width: 173px\"><strong><a href=\"https:\/\/einheit-bernburg.de\/content\/wp-content\/uploads\/2025\/09\/Matthias-Lorenz-min-scaled.jpg\"><noscript><img decoding=\"async\" class=\"alignnone wp-image-42917\" src=\"https:\/\/einheit-bernburg.de\/content\/wp-content\/uploads\/2025\/09\/Matthias-Lorenz-min-240x300.jpg\" alt width=\"45\" height=\"57\" srcset=\"https:\/\/einheit-bernburg.de\/content\/wp-content\/uploads\/2025\/09\/Matthias-Lorenz-min-240x300.jpg 240w, https:\/\/einheit-bernburg.de\/content\/wp-content\/uploads\/2025\/09\/Matthias-Lorenz-min-819x1024.jpg 819w, https:\/\/einheit-bernburg.de\/content\/wp-content\/uploads\/2025\/09\/Matthias-Lorenz-min-768x960.jpg 768w, https:\/\/einheit-bernburg.de\/content\/wp-content\/uploads\/2025\/09\/Matthias-Lorenz-min-1229x1536.jpg 1229w, https:\/\/einheit-bernburg.de\/content\/wp-content\/uploads\/2025\/09\/Matthias-Lorenz-min-1638x2048.jpg 1638w, https:\/\/einheit-bernburg.de\/content\/wp-content\/uploads\/2025\/09\/Matthias-Lorenz-min-1080x1350.jpg 1080w, https:\/\/einheit-bernburg.de\/content\/wp-content\/uploads\/2025\/09\/Matthias-Lorenz-min-scaled.jpg 2048w\" sizes=\"(max-width: 45px) 100vw, 45px\"><\/noscript><img decoding=\"async\" class=\"alignnone wp-image-42917 lazyload\" src=\"data:image\/svg+xml,%3Csvg%20xmlns%3D%22http%3A%2F%2Fwww.w3.org%2F2000%2Fsvg%22%20viewBox%3D%220%200%2045%2057%22%3E%3C%2Fsvg%3E\" alt width=\"45\" height=\"57\" srcset=\"data:image\/svg+xml,%3Csvg%20xmlns%3D%22http%3A%2F%2Fwww.w3.org%2F2000%2Fsvg%22%20viewBox%3D%220%200%2045%2057%22%3E%3C%2Fsvg%3E 45w\" sizes=\"(max-width: 45px) 100vw, 45px\" data-srcset=\"https:\/\/einheit-bernburg.de\/content\/wp-content\/uploads\/2025\/09\/Matthias-Lorenz-min-240x300.jpg 240w, https:\/\/einheit-bernburg.de\/content\/wp-content\/uploads\/2025\/09\/Matthias-Lorenz-min-819x1024.jpg 819w, https:\/\/einheit-bernburg.de\/content\/wp-content\/uploads\/2025\/09\/Matthias-Lorenz-min-768x960.jpg 768w, https:\/\/einheit-bernburg.de\/content\/wp-content\/uploads\/2025\/09\/Matthias-Lorenz-min-1229x1536.jpg 1229w, https:\/\/einheit-bernburg.de\/content\/wp-content\/uploads\/2025\/09\/Matthias-Lorenz-min-1638x2048.jpg 1638w, https:\/\/einheit-bernburg.de\/content\/wp-content\/uploads\/2025\/09\/Matthias-Lorenz-min-1080x1350.jpg 1080w, https:\/\/einheit-bernburg.de\/content\/wp-content\/uploads\/2025\/09\/Matthias-Lorenz-min-scaled.jpg 2048w\" data-src=\"https:\/\/einheit-bernburg.de\/content\/wp-content\/uploads\/2025\/09\/Matthias-Lorenz-min-240x300.jpg\"><\/a>&nbsp; Trainer<\/strong><\/td>\n<td style=\"width: 531px\">Matthias Lorenz&nbsp; &nbsp; &nbsp; &nbsp; &nbsp; &nbsp; &nbsp; &nbsp; &nbsp; &nbsp; &nbsp; &nbsp;Mobil: 0173 \/ 561 26 37<\/td>\n<\/tr>\n<tr>\n<td style=\"width: 173px\"><strong><a href=\"https:\/\/einheit-bernburg.de\/content\/wp-content\/uploads\/2025\/09\/Oliver-Letz-min-scaled.jpg\"><noscript><img decoding=\"async\" class=\"alignnone wp-image-42918\" src=\"https:\/\/einheit-bernburg.de\/content\/wp-content\/uploads\/2025\/09\/Oliver-Letz-min-240x300.jpg\" alt width=\"45\" height=\"56\" srcset=\"https:\/\/einheit-bernburg.de\/content\/wp-content\/uploads\/2025\/09\/Oliver-Letz-min-240x300.jpg 240w, https:\/\/einheit-bernburg.de\/content\/wp-content\/uploads\/2025\/09\/Oliver-Letz-min-819x1024.jpg 819w, https:\/\/einheit-bernburg.de\/content\/wp-content\/uploads\/2025\/09\/Oliver-Letz-min-768x960.jpg 768w, https:\/\/einheit-bernburg.de\/content\/wp-content\/uploads\/2025\/09\/Oliver-Letz-min-1229x1536.jpg 1229w, https:\/\/einheit-bernburg.de\/content\/wp-content\/uploads\/2025\/09\/Oliver-Letz-min-1638x2048.jpg 1638w, https:\/\/einheit-bernburg.de\/content\/wp-content\/uploads\/2025\/09\/Oliver-Letz-min-1080x1350.jpg 1080w, https:\/\/einheit-bernburg.de\/content\/wp-content\/uploads\/2025\/09\/Oliver-Letz-min-scaled.jpg 2048w\" sizes=\"(max-width: 45px) 100vw, 45px\"><\/noscript><img decoding=\"async\" class=\"alignnone wp-image-42918 lazyload\" src=\"data:image\/svg+xml,%3Csvg%20xmlns%3D%22http%3A%2F%2Fwww.w3.org%2F2000%2Fsvg%22%20viewBox%3D%220%200%2045%2056%22%3E%3C%2Fsvg%3E\" alt width=\"45\" height=\"56\" srcset=\"data:image\/svg+xml,%3Csvg%20xmlns%3D%22http%3A%2F%2Fwww.w3.org%2F2000%2Fsvg%22%20viewBox%3D%220%200%2045%2056%22%3E%3C%2Fsvg%3E 45w\" sizes=\"(max-width: 45px) 100vw, 45px\" data-srcset=\"https:\/\/einheit-bernburg.de\/content\/wp-content\/uploads\/2025\/09\/Oliver-Letz-min-240x300.jpg 240w, https:\/\/einheit-bernburg.de\/content\/wp-content\/uploads\/2025\/09\/Oliver-Letz-min-819x1024.jpg 819w, https:\/\/einheit-bernburg.de\/content\/wp-content\/uploads\/2025\/09\/Oliver-Letz-min-768x960.jpg 768w, https:\/\/einheit-bernburg.de\/content\/wp-content\/uploads\/2025\/09\/Oliver-Letz-min-1229x1536.jpg 1229w, https:\/\/einheit-bernburg.de\/content\/wp-content\/uploads\/2025\/09\/Oliver-Letz-min-1638x2048.jpg 1638w, https:\/\/einheit-bernburg.de\/content\/wp-content\/uploads\/2025\/09\/Oliver-Letz-min-1080x1350.jpg 1080w, https:\/\/einheit-bernburg.de\/content\/wp-content\/uploads\/2025\/09\/Oliver-Letz-min-scaled.jpg 2048w\" data-src=\"https:\/\/einheit-bernburg.de\/content\/wp-content\/uploads\/2025\/09\/Oliver-Letz-min-240x300.jpg\"><\/a>&nbsp; Trainer<br>\n<\/strong><\/td>\n<td style=\"width: 531px\">Oliver Letz&nbsp; &nbsp; &nbsp; &nbsp; &nbsp; &nbsp; &nbsp; &nbsp; &nbsp; &nbsp; &nbsp; &nbsp; &nbsp; &nbsp; &nbsp; &nbsp; &nbsp;Mobil: 0151 \/ 525 460 52<\/td>\n<\/tr>\n<tr>\n<td style=\"width: 173px\"><strong><a href=\"https:\/\/einheit-bernburg.de\/content\/wp-content\/uploads\/2025\/09\/Thomas-Malz-min-scaled.jpg\"><noscript><img decoding=\"async\" class=\"alignnone wp-image-42919\" src=\"https:\/\/einheit-bernburg.de\/content\/wp-content\/uploads\/2025\/09\/Thomas-Malz-min-240x300.jpg\" alt width=\"45\" height=\"56\" srcset=\"https:\/\/einheit-bernburg.de\/content\/wp-content\/uploads\/2025\/09\/Thomas-Malz-min-240x300.jpg 240w, https:\/\/einheit-bernburg.de\/content\/wp-content\/uploads\/2025\/09\/Thomas-Malz-min-819x1024.jpg 819w, https:\/\/einheit-bernburg.de\/content\/wp-content\/uploads\/2025\/09\/Thomas-Malz-min-768x960.jpg 768w, https:\/\/einheit-bernburg.de\/content\/wp-content\/uploads\/2025\/09\/Thomas-Malz-min-1229x1536.jpg 1229w, https:\/\/einheit-bernburg.de\/content\/wp-content\/uploads\/2025\/09\/Thomas-Malz-min-1638x2048.jpg 1638w, https:\/\/einheit-bernburg.de\/content\/wp-content\/uploads\/2025\/09\/Thomas-Malz-min-1080x1350.jpg 1080w, https:\/\/einheit-bernburg.de\/content\/wp-content\/uploads\/2025\/09\/Thomas-Malz-min-scaled.jpg 2048w\" sizes=\"(max-width: 45px) 100vw, 45px\"><\/noscript><img decoding=\"async\" class=\"alignnone wp-image-42919 lazyload\" src=\"data:image\/svg+xml,%3Csvg%20xmlns%3D%22http%3A%2F%2Fwww.w3.org%2F2000%2Fsvg%22%20viewBox%3D%220%200%2045%2056%22%3E%3C%2Fsvg%3E\" alt width=\"45\" height=\"56\" srcset=\"data:image\/svg+xml,%3Csvg%20xmlns%3D%22http%3A%2F%2Fwww.w3.org%2F2000%2Fsvg%22%20viewBox%3D%220%200%2045%2056%22%3E%3C%2Fsvg%3E 45w\" sizes=\"(max-width: 45px) 100vw, 45px\" data-srcset=\"https:\/\/einheit-bernburg.de\/content\/wp-content\/uploads\/2025\/09\/Thomas-Malz-min-240x300.jpg 240w, https:\/\/einheit-bernburg.de\/content\/wp-content\/uploads\/2025\/09\/Thomas-Malz-min-819x1024.jpg 819w, https:\/\/einheit-bernburg.de\/content\/wp-content\/uploads\/2025\/09\/Thomas-Malz-min-768x960.jpg 768w, https:\/\/einheit-bernburg.de\/content\/wp-content\/uploads\/2025\/09\/Thomas-Malz-min-1229x1536.jpg 1229w, https:\/\/einheit-bernburg.de\/content\/wp-content\/uploads\/2025\/09\/Thomas-Malz-min-1638x2048.jpg 1638w, https:\/\/einheit-bernburg.de\/content\/wp-content\/uploads\/2025\/09\/Thomas-Malz-min-1080x1350.jpg 1080w, https:\/\/einheit-bernburg.de\/content\/wp-content\/uploads\/2025\/09\/Thomas-Malz-min-scaled.jpg 2048w\" data-src=\"https:\/\/einheit-bernburg.de\/content\/wp-content\/uploads\/2025\/09\/Thomas-Malz-min-240x300.jpg\"><\/a>&nbsp; Co &#8211; Trainer<br>\n<\/strong><\/td>\n<td style=\"width: 531px\">Thomas Malz<\/td>\n<\/tr>\n<tr>\n<td style=\"width: 173px\"><strong>Betreuer\/Organis.<\/strong><\/td>\n<td style=\"width: 531px\">Jana Hartenstein Mobil: 0157 \/ 320 822 09<br>\nDiana Zavatta<\/td>\n<\/tr>\n<tr>\n<td style=\"width: 173px\"><strong>Zielstellung<\/strong><\/td>\n<td style=\"width: 531px\">Eine gute Rolle in der Landesliga spielen<\/td>\n<\/tr>\n<\/tbody>\n<\/table>\n<\/div>\n<hr>\n<h3>Kader<\/h3>\n\n<table id=\"tablepress-140\" class=\"tablepress tablepress-id-140\">\n<thead>\n<tr class=\"row-1 odd\">\n\t<th class=\"column-1\">Name<\/th><th class=\"column-2\">Vorname<\/th><th class=\"column-3\">Jahrgang<\/th><th class=\"column-4\">Vereinszugeh\u00f6rigkeit<\/th><th class=\"column-5\"><\/th><th class=\"column-6\"><\/th><th class=\"column-7\"><\/th><th class=\"column-8\"><\/th>\n<\/tr>\n<\/thead>\n<tbody>\n<tr class=\"row-2 even\">\n\t<td class=\"column-1\">Hammermann<\/td><td class=\"column-2\">Theodor<\/td><td class=\"column-3\">2007<\/td><td class=\"column-4\">SV Einheit Bernburg<\/td><td class=\"column-5\"><\/td><td class=\"column-6\"><\/td><td class=\"column-7\"><\/td><td class=\"column-8\"><\/td>\n<\/tr>\n<tr class=\"row-3 odd\">\n\t<td class=\"column-1\">Henze<\/td><td class=\"column-2\">Lucas<\/td><td class=\"column-3\">2007<\/td><td class=\"column-4\">SV Einheit Bernburg<\/td><td class=\"column-5\"><\/td><td class=\"column-6\"><\/td><td class=\"column-7\"><\/td><td class=\"column-8\"><\/td>\n<\/tr>\n<tr class=\"row-4 even\">\n\t<td class=\"column-1\">Kumbu<\/td><td class=\"column-2\">Tyler<\/td><td class=\"column-3\">2007<\/td><td class=\"column-4\">SV Einheit Bernburg<\/td><td class=\"column-5\"><\/td><td class=\"column-6\"><\/td><td class=\"column-7\"><\/td><td class=\"column-8\"><\/td>\n<\/tr>\n<tr class=\"row-5 odd\">\n\t<td class=\"column-1\">Kupka<\/td><td class=\"column-2\">Nevio<\/td><td class=\"column-3\">2007<\/td><td class=\"column-4\">SV Einheit Bernburg<\/td><td class=\"column-5\"><\/td><td class=\"column-6\"><\/td><td class=\"column-7\"><\/td><td class=\"column-8\"><\/td>\n<\/tr>\n<tr class=\"row-6 even\">\n\t<td class=\"column-1\">Richter<\/td><td class=\"column-2\">Janne Till<\/td><td class=\"column-3\">2007<\/td><td class=\"column-4\">SV Einheit Bernburg<\/td><td class=\"column-5\"><\/td><td class=\"column-6\"><\/td><td class=\"column-7\"><\/td><td class=\"column-8\"><\/td>\n<\/tr>\n<tr class=\"row-7 odd\">\n\t<td class=\"column-1\">Schaaf<\/td><td class=\"column-2\">Dennis<\/td><td class=\"column-3\">2007<\/td><td class=\"column-4\">SV Einheit Bernburg<\/td><td class=\"column-5\"><\/td><td class=\"column-6\"><\/td><td class=\"column-7\"><\/td><td class=\"column-8\"><\/td>\n<\/tr>\n<tr class=\"row-8 even\">\n\t<td class=\"column-1\">Schoon<\/td><td class=\"column-2\">Christian<\/td><td class=\"column-3\">2007<\/td><td class=\"column-4\">SV Einheit Bernburg<\/td><td class=\"column-5\"><\/td><td class=\"column-6\"><\/td><td class=\"column-7\"><\/td><td class=\"column-8\"><\/td>\n<\/tr>\n<tr class=\"row-9 odd\">\n\t<td class=\"column-1\">Desivojevic<\/td><td class=\"column-2\">Vukasin<\/td><td class=\"column-3\">2008<\/td><td class=\"column-4\">SV Einheit Bernburg \/SRB<\/td><td class=\"column-5\"><\/td><td class=\"column-6\"><\/td><td class=\"column-7\"><\/td><td class=\"column-8\"><\/td>\n<\/tr>\n<tr class=\"row-10 even\">\n\t<td class=\"column-1\">Hain<\/td><td class=\"column-2\">Dennis Conor<\/td><td class=\"column-3\">2008<\/td><td class=\"column-4\">SV Einheit Bernburg<\/td><td class=\"column-5\"><\/td><td class=\"column-6\"><\/td><td class=\"column-7\"><\/td><td class=\"column-8\"><\/td>\n<\/tr>\n<tr class=\"row-11 odd\">\n\t<td class=\"column-1\">Ismail<\/td><td class=\"column-2\">Alan<\/td><td class=\"column-3\">2008<\/td><td class=\"column-4\">SV Einheit Bernburg \/SYR<\/td><td class=\"column-5\"><\/td><td class=\"column-6\"><\/td><td class=\"column-7\"><\/td><td class=\"column-8\"><\/td>\n<\/tr>\n<tr class=\"row-12 even\">\n\t<td class=\"column-1\">Kersten<\/td><td class=\"column-2\">Hannes<\/td><td class=\"column-3\">2008 <\/td><td class=\"column-4\">SV Einheit Bernburg<\/td><td class=\"column-5\"><\/td><td class=\"column-6\"><\/td><td class=\"column-7\"><\/td><td class=\"column-8\"><\/td>\n<\/tr>\n<tr class=\"row-13 odd\">\n\t<td class=\"column-1\">Kohl<\/td><td class=\"column-2\">William<\/td><td class=\"column-3\">2008<\/td><td class=\"column-4\">SV Einheit Bernburg<\/td><td class=\"column-5\"><\/td><td class=\"column-6\"><\/td><td class=\"column-7\"><\/td><td class=\"column-8\"><\/td>\n<\/tr>\n<tr class=\"row-14 even\">\n\t<td class=\"column-1\">Kommritz<\/td><td class=\"column-2\">Bennit<\/td><td class=\"column-3\">2008<\/td><td class=\"column-4\">SV Einheit Bernburg<\/td><td class=\"column-5\"><\/td><td class=\"column-6\"><\/td><td class=\"column-7\"><\/td><td class=\"column-8\"><\/td>\n<\/tr>\n<tr class=\"row-15 odd\">\n\t<td class=\"column-1\">Krug<\/td><td class=\"column-2\">Yves Jason<\/td><td class=\"column-3\">2008<\/td><td class=\"column-4\">SV Einheit Bernburg<\/td><td class=\"column-5\"><\/td><td class=\"column-6\"><\/td><td class=\"column-7\"><\/td><td class=\"column-8\"><\/td>\n<\/tr>\n<tr class=\"row-16 even\">\n\t<td class=\"column-1\">K\u00fchne<\/td><td class=\"column-2\">Maximilian<\/td><td class=\"column-3\">2008<\/td><td class=\"column-4\">SV Einheit Bernburg<\/td><td class=\"column-5\"><\/td><td class=\"column-6\"><\/td><td class=\"column-7\"><\/td><td class=\"column-8\"><\/td>\n<\/tr>\n<tr class=\"row-17 odd\">\n\t<td class=\"column-1\">Lampe<\/td><td class=\"column-2\">Louis<\/td><td class=\"column-3\">2008<\/td><td class=\"column-4\">SV Einheit Bernburg<\/td><td class=\"column-5\"><\/td><td class=\"column-6\"><\/td><td class=\"column-7\"><\/td><td class=\"column-8\"><\/td>\n<\/tr>\n<tr class=\"row-18 even\">\n\t<td class=\"column-1\">Letz<\/td><td class=\"column-2\">Finn<\/td><td class=\"column-3\">2008<\/td><td class=\"column-4\">SV Einheit Bernburg<\/td><td class=\"column-5\"><\/td><td class=\"column-6\"><\/td><td class=\"column-7\"><\/td><td class=\"column-8\"><\/td>\n<\/tr>\n<tr class=\"row-19 odd\">\n\t<td class=\"column-1\">Lorenz<\/td><td class=\"column-2\">Maurice<\/td><td class=\"column-3\">2008<\/td><td class=\"column-4\">SV Einheit Bernburg<\/td><td class=\"column-5\"><\/td><td class=\"column-6\"><\/td><td class=\"column-7\"><\/td><td class=\"column-8\"><\/td>\n<\/tr>\n<tr class=\"row-20 even\">\n\t<td class=\"column-1\">Malz<\/td><td class=\"column-2\">Lenny Paul<\/td><td class=\"column-3\">2008<\/td><td class=\"column-4\">SV Einheit Bernburg<\/td><td class=\"column-5\"><\/td><td class=\"column-6\"><\/td><td class=\"column-7\"><\/td><td class=\"column-8\"><\/td>\n<\/tr>\n<tr class=\"row-21 odd\">\n\t<td class=\"column-1\">M\u00fcnzer<\/td><td class=\"column-2\">Martin<\/td><td class=\"column-3\">2009<\/td><td class=\"column-4\">SV Einheit Bernburg<\/td><td class=\"column-5\"><\/td><td class=\"column-6\"><\/td><td class=\"column-7\"><\/td><td class=\"column-8\"><\/td>\n<\/tr>\n<tr class=\"row-22 even\">\n\t<td class=\"column-1\">Rothmann<\/td><td class=\"column-2\">Linus<\/td><td class=\"column-3\">2009<\/td><td class=\"column-4\">SV Einheit Bernburg<\/td><td class=\"column-5\"><\/td><td class=\"column-6\"><\/td><td class=\"column-7\"><\/td><td class=\"column-8\"><\/td>\n<\/tr>\n<tr class=\"row-23 odd\">\n\t<td class=\"column-1\">Scheffler<\/td><td class=\"column-2\">Rocco<\/td><td class=\"column-3\">2009<\/td><td class=\"column-4\">SV Einheit Bernburg<\/td><td class=\"column-5\"><\/td><td class=\"column-6\"><\/td><td class=\"column-7\"><\/td><td class=\"column-8\"><\/td>\n<\/tr>\n<tr class=\"row-24 even\">\n\t<td class=\"column-1\">Zavatta<\/td><td class=\"column-2\">Cosimo Damiano<\/td><td class=\"column-3\">2008<\/td><td class=\"column-4\">SV Einheit Bernburg<\/td><td class=\"column-5\"><\/td><td class=\"column-6\"><\/td><td class=\"column-7\"><\/td><td class=\"column-8\"><\/td>\n<\/tr>\n<tr class=\"row-25 odd\">\n\t<td class=\"column-1\">K\u00f6hler<\/td><td class=\"column-2\">Sunny Dean<\/td><td class=\"column-3\">2008<\/td><td class=\"column-4\">GS 08 Baalberge<\/td><td class=\"column-5\"><\/td><td class=\"column-6\"><\/td><td class=\"column-7\"><\/td><td class=\"column-8\"><\/td>\n<\/tr>\n<tr class=\"row-26 even\">\n\t<td class=\"column-1\">B\u00f6rnicke<\/td><td class=\"column-2\">Tom<\/td><td class=\"column-3\">2007<\/td><td class=\"column-4\">GS Sportfr. C\u00f6rmigk<\/td><td class=\"column-5\"><\/td><td class=\"column-6\"><\/td><td class=\"column-7\"><\/td><td class=\"column-8\"><\/td>\n<\/tr>\n<tr class=\"row-27 odd\">\n\t<td class=\"column-1\">Wolf<\/td><td class=\"column-2\">Niclas<\/td><td class=\"column-3\">2009<\/td><td class=\"column-4\">GS Eiche Pobzig<\/td><td class=\"column-5\"><\/td><td class=\"column-6\"><\/td><td class=\"column-7\"><\/td><td class=\"column-8\"><\/td>\n<\/tr>\n<\/tbody>\n<\/table>\n\n<p><strong>Einheit-Zug\u00e4nge:<br>\n<\/strong>Tyler Kumbu (SC Bernburg), Martin M\u00fcnzer, Maximilian K\u00fchne (beide Nienburg)<\/p>\n<p><strong>Abg\u00e4nge:<\/strong><br>\nTorben Kathe (Pei\u00dfen), Ian Weise, S\u00f6ren Kaufmann (beide Pl\u00f6tzkau), Nils Kersten (Laufbahn beendet)<\/p>\n","protected":false},"excerpt":{"rendered":"<p>SV Einheit Bernburg Landesliga \u2013 2025\/26 &#8211; Staffel 2 Diese Mannschaft r\u00fcckt komplett aus der letztj\u00e4hrigen B1 &#8211; Junioren Landesliga in die A &#8211; Junioren hoch und besteht hiermit zum gro\u00dfen Teil aus dem j\u00fcngeren Jahrgang dies Altersklasse. Letztes Spieljahr bei den B &#8211; Junioren in der Staffel 3 unterwegs, konnte man spielerisch gut mithalten, [&hellip;]<\/p>\n","protected":false},"author":3,"featured_media":0,"parent":23571,"menu_order":0,"comment_status":"closed","ping_status":"closed","template":"","meta":{"footnotes":""},"_links":{"self":[{"href":"https:\/\/einheit-bernburg.de\/content\/index.php?rest_route=\/wp\/v2\/pages\/23620"}],"collection":[{"href":"https:\/\/einheit-bernburg.de\/content\/index.php?rest_route=\/wp\/v2\/pages"}],"about":[{"href":"https:\/\/einheit-bernburg.de\/content\/index.php?rest_route=\/wp\/v2\/types\/page"}],"author":[{"embeddable":true,"href":"https:\/\/einheit-bernburg.de\/content\/index.php?rest_route=\/wp\/v2\/users\/3"}],"replies":[{"embeddable":true,"href":"https:\/\/einheit-bernburg.de\/content\/index.php?rest_route=%2Fwp%2Fv2%2Fcomments&post=23620"}],"version-history":[{"count":50,"href":"https:\/\/einheit-bernburg.de\/content\/index.php?rest_route=\/wp\/v2\/pages\/23620\/revisions"}],"predecessor-version":[{"id":43569,"href":"https:\/\/einheit-bernburg.de\/content\/index.php?rest_route=\/wp\/v2\/pages\/23620\/revisions\/43569"}],"up":[{"embeddable":true,"href":"https:\/\/einheit-bernburg.de\/content\/index.php?rest_route=\/wp\/v2\/pages\/23571"}],"wp:attachment":[{"href":"https:\/\/einheit-bernburg.de\/content\/index.php?rest_route=%2Fwp%2Fv2%2Fmedia&parent=23620"}],"curies":[{"name":"wp","href":"https:\/\/api.w.org\/{rel}","templated":true}]}}