{"id":24733,"date":"2020-09-08T10:12:21","date_gmt":"2020-09-08T08:12:21","guid":{"rendered":"http:\/\/einheit-bernburg.de\/content\/?page_id=24733"},"modified":"2021-06-30T08:34:40","modified_gmt":"2021-06-30T06:34:40","slug":"f2-junioren-2","status":"publish","type":"page","link":"https:\/\/einheit-bernburg.de\/content\/?page_id=24733","title":{"rendered":"Archiv E1-Junioren 2020\/21"},"content":{"rendered":"<h1 class=\"aufm\">TV Askania Bernburg<\/h1>\n<h3 class=\"aufm\">1.Kreisklasse Staffel 3 &#8211; 2020\/21<\/h3>\n<p><a href=\"http:\/\/einheit-bernburg.de\/content\/wp-content\/uploads\/2020\/09\/E1-2020-21_Askania-1.jpg\"><noscript><img decoding=\"async\" class=\"alignnone wp-image-24908 size-full\" src=\"http:\/\/einheit-bernburg.de\/content\/wp-content\/uploads\/2020\/09\/E1-2020-21_Askania-1.jpg\" alt width=\"1300\" height=\"866\" srcset=\"https:\/\/einheit-bernburg.de\/content\/wp-content\/uploads\/2020\/09\/E1-2020-21_Askania-1.jpg 1300w, https:\/\/einheit-bernburg.de\/content\/wp-content\/uploads\/2020\/09\/E1-2020-21_Askania-1-300x200.jpg 300w, https:\/\/einheit-bernburg.de\/content\/wp-content\/uploads\/2020\/09\/E1-2020-21_Askania-1-768x512.jpg 768w, https:\/\/einheit-bernburg.de\/content\/wp-content\/uploads\/2020\/09\/E1-2020-21_Askania-1-1024x682.jpg 1024w, https:\/\/einheit-bernburg.de\/content\/wp-content\/uploads\/2020\/09\/E1-2020-21_Askania-1-1080x719.jpg 1080w\" sizes=\"(max-width: 1300px) 100vw, 1300px\"><\/noscript><img decoding=\"async\" class=\"alignnone wp-image-24908 size-full lazyload\" src=\"data:image\/svg+xml,%3Csvg%20xmlns%3D%22http%3A%2F%2Fwww.w3.org%2F2000%2Fsvg%22%20viewBox%3D%220%200%201300%20866%22%3E%3C%2Fsvg%3E\" alt width=\"1300\" height=\"866\" srcset=\"data:image\/svg+xml,%3Csvg%20xmlns%3D%22http%3A%2F%2Fwww.w3.org%2F2000%2Fsvg%22%20viewBox%3D%220%200%201300%20866%22%3E%3C%2Fsvg%3E 1300w\" sizes=\"(max-width: 1300px) 100vw, 1300px\" data-srcset=\"https:\/\/einheit-bernburg.de\/content\/wp-content\/uploads\/2020\/09\/E1-2020-21_Askania-1.jpg 1300w, https:\/\/einheit-bernburg.de\/content\/wp-content\/uploads\/2020\/09\/E1-2020-21_Askania-1-300x200.jpg 300w, https:\/\/einheit-bernburg.de\/content\/wp-content\/uploads\/2020\/09\/E1-2020-21_Askania-1-768x512.jpg 768w, https:\/\/einheit-bernburg.de\/content\/wp-content\/uploads\/2020\/09\/E1-2020-21_Askania-1-1024x682.jpg 1024w, https:\/\/einheit-bernburg.de\/content\/wp-content\/uploads\/2020\/09\/E1-2020-21_Askania-1-1080x719.jpg 1080w\" data-src=\"http:\/\/einheit-bernburg.de\/content\/wp-content\/uploads\/2020\/09\/E1-2020-21_Askania-1.jpg\"><\/a><\/p>\n<p>Stehend v.l.:<br>\nThomas Golembowski (TR), davor Luis Frroku, Luca Schmidt, Tim-Luca Wirth, Christoph Golembowski<strong>, <\/strong>Paul J\u00e4nsch, Nico Kolodzig, Steffen H\u00e4dermann (TR)<strong><br>\n<\/strong>Sitzend v.l.:<strong><br>\n<\/strong>Robert H\u00e4dermann, Pepe Stelzner, Paul Sonnenburg, Lucas Fiedler, Oscar Sasse, Arthur Voigt, Alec Jahr<strong><br>\n<\/strong><\/p>\n<hr>\n<p><a class=\"submenu\" href=\"http:\/\/einheit-bernburg.de\/content\/?page_id=24787\" target=\"_blank\" rel=\"noopener noreferrer\"><noscript><img decoding=\"async\" src=\"http:\/\/einheit-bernburg.de\/off\/images\/redsys\/link.gif\" alt border=\"0\"><\/noscript><img decoding=\"async\" src=\"data:image\/gif;base64,R0lGODlhAQABAIAAAAAAAP\/\/\/yH5BAEAAAAALAAAAAABAAEAAAIBRAA7\" alt border=\"0\" data-src=\"http:\/\/einheit-bernburg.de\/off\/images\/redsys\/link.gif\" class=\" lazyload\"><\/a>&nbsp;<a href=\"https:\/\/einheit-bernburg.de\/content\/?page_id=24118\" target=\"_blank\" rel=\"noopener\">Kader u. Zielstellung<\/a><\/p>\n<p><noscript><img decoding=\"async\" src=\"http:\/\/einheit-bernburg.de\/off\/images\/redsys\/link.gif\" alt border=\"0\"><\/noscript><img decoding=\"async\" src=\"data:image\/gif;base64,R0lGODlhAQABAIAAAAAAAP\/\/\/yH5BAEAAAAALAAAAAABAAEAAAIBRAA7\" alt border=\"0\" data-src=\"http:\/\/einheit-bernburg.de\/off\/images\/redsys\/link.gif\" class=\" lazyload\"> <a href=\"http:\/\/www.fussball.de\/spieltagsuebersicht\/1kreisklasse-e-jugend-st-3-kreis-salzland-e-junioren-1kreisklasse-e-junioren-saison2021-sachsen-anhalt\/-\/staffel\/02B70GDVV8000004VS5489B4VS5CUV73-G#!\/\">Spielplan u. Tabelle 1.Kreisklasse&nbsp; St.3<\/a><\/p>\n<p><noscript><img decoding=\"async\" class src=\"http:\/\/einheit-bernburg.de\/off\/images\/redsys\/link.gif\" alt border=\"0\"><\/noscript><img decoding=\"async\" class=\" lazyload\" src=\"data:image\/gif;base64,R0lGODlhAQABAIAAAAAAAP\/\/\/yH5BAEAAAAALAAAAAABAAEAAAIBRAA7\" alt border=\"0\" data-src=\"http:\/\/einheit-bernburg.de\/off\/images\/redsys\/link.gif\"><a href=\"http:\/\/einheit-bernburg.de\/content\/wp-content\/uploads\/2020\/07\/RTP-NW-Kreis-1.pdf\"> RTP-NW (Salzlandkreis) 2020\/21<\/a><\/p>\n<p><strong>\u00dcber die abgelaufene Saison 2019\/20 kann man sich ausf\u00fchrlich im Archiv informieren<\/strong>.<\/p>\n<hr>\n<h1>News u. Spielberichte<\/h1>\n<hr>\n<div>\n<p><em>Wir w\u00fcrden uns freuen und gern auch \u00fcber diese Mannschaft der Nachwuchs-KOOP Askania-Einheit Bernburg berichten. Dazu bedarf es aber der n\u00f6tigen Zuarbeit durch die Verantwortlichen dieses Teams.<\/em><\/p>\n<\/div>\n<div>\n<hr>\n<\/div>\n<div><span style=\"text-decoration: underline;\"><strong>31.10.2020 <\/strong>Ansto\u00df:<strong> 09:30 Uhr &#8211; 1.Kreisklasse St.3<\/strong><\/span><br>\nTV Askania Bernburg &#8211; TSV Blau-Weiss 49 Eggersdorf\n<hr>\n<p><span style=\"text-decoration: underline;\"><strong>25.10.2020<\/strong> Ansto\u00df: <strong>09:30 Uhr &#8211; 1.Kreisklasse St.3 <\/strong>(in Gro\u00df Rosenburg)<\/span><br>\nSG Calbe 2\/ Gro\u00df Rosenburg &#8211; TV Askania Bernburg <strong>verlegt<\/strong><\/p>\n<hr>\n<\/div>\n<div><span style=\"text-decoration: underline;\"><strong>24.10.2020<\/strong><strong> &#8211; Kreispokal-Achtelfinale<\/strong><\/span><br>\nTV Askania Bernburg &#8211; SG Saxonia Gatersleben\/\u200bGr\u00fcn-Wei\u00df Schadeleben <strong>0:1 (0:0)<\/strong><\/div>\n<div>\n<hr>\n<\/div>\n<div><span style=\"text-decoration: underline;\"><strong>03.10.2020<\/strong><strong> &#8211; 4.ST 1.Kreisklasse St.3<\/strong><\/span><br>\nTV Askania Bernburg &#8211; SV Schwarz-Gelb Bernburg <strong>0:10 (0:4)<\/strong>\n<hr>\n<p><span style=\"text-decoration: underline;\"><strong>12.09.2020 &#8211; 2.ST 1.Kreisklasse St.3<\/strong><\/span><br>\nTV Askania Bernburg &#8211; SV Pl\u00f6tzkau 1921 <strong>0:10 (0:4)<\/strong><\/p>\n<\/div>\n<div>\n<hr>\n<p><strong><span style=\"text-decoration: underline;\">05.09.2020 &#8211; 1.ST 1.Kreisklasse St.3<\/span><\/strong><br>\nUnion 1861 Sch\u00f6nebeck U11 &#8211; TV Askania Bernburg<strong> 12:0 (4:0)<\/strong><\/p>\n<hr>\n<p><strong>&nbsp;<\/strong><\/p>\n<\/div>\n","protected":false},"excerpt":{"rendered":"<p>TV Askania Bernburg 1.Kreisklasse Staffel 3 &#8211; 2020\/21 Stehend v.l.: Thomas Golembowski (TR), davor Luis Frroku, Luca Schmidt, Tim-Luca Wirth, Christoph Golembowski, Paul J\u00e4nsch, Nico Kolodzig, Steffen H\u00e4dermann (TR) Sitzend v.l.: Robert H\u00e4dermann, Pepe Stelzner, Paul Sonnenburg, Lucas Fiedler, Oscar Sasse, Arthur Voigt, Alec Jahr &nbsp;Kader u. Zielstellung Spielplan u. Tabelle 1.Kreisklasse&nbsp; St.3 RTP-NW (Salzlandkreis) [&hellip;]<\/p>\n","protected":false},"author":3,"featured_media":0,"parent":26310,"menu_order":9,"comment_status":"closed","ping_status":"closed","template":"","meta":{"footnotes":""},"_links":{"self":[{"href":"https:\/\/einheit-bernburg.de\/content\/index.php?rest_route=\/wp\/v2\/pages\/24733"}],"collection":[{"href":"https:\/\/einheit-bernburg.de\/content\/index.php?rest_route=\/wp\/v2\/pages"}],"about":[{"href":"https:\/\/einheit-bernburg.de\/content\/index.php?rest_route=\/wp\/v2\/types\/page"}],"author":[{"embeddable":true,"href":"https:\/\/einheit-bernburg.de\/content\/index.php?rest_route=\/wp\/v2\/users\/3"}],"replies":[{"embeddable":true,"href":"https:\/\/einheit-bernburg.de\/content\/index.php?rest_route=%2Fwp%2Fv2%2Fcomments&post=24733"}],"version-history":[{"count":26,"href":"https:\/\/einheit-bernburg.de\/content\/index.php?rest_route=\/wp\/v2\/pages\/24733\/revisions"}],"predecessor-version":[{"id":26575,"href":"https:\/\/einheit-bernburg.de\/content\/index.php?rest_route=\/wp\/v2\/pages\/24733\/revisions\/26575"}],"up":[{"embeddable":true,"href":"https:\/\/einheit-bernburg.de\/content\/index.php?rest_route=\/wp\/v2\/pages\/26310"}],"wp:attachment":[{"href":"https:\/\/einheit-bernburg.de\/content\/index.php?rest_route=%2Fwp%2Fv2%2Fmedia&parent=24733"}],"curies":[{"name":"wp","href":"https:\/\/api.w.org\/{rel}","templated":true}]}}