{"id":26545,"date":"2021-06-30T08:29:29","date_gmt":"2021-06-30T06:29:29","guid":{"rendered":"https:\/\/einheit-bernburg.de\/content\/?page_id=26545"},"modified":"2021-06-30T08:29:46","modified_gmt":"2021-06-30T06:29:46","slug":"e2-junioren","status":"publish","type":"page","link":"https:\/\/einheit-bernburg.de\/content\/?page_id=26545","title":{"rendered":"Archiv D2-Junioren 2020\/21"},"content":{"rendered":"<h1 class=\"aufm\">SV Einheit Bernburg II.<\/h1>\n<p class=\"aufm\">1. Kreisklasse Staffel 1 &#8211; 2020\/21<br>\n<a href=\"http:\/\/einheit-bernburg.de\/content\/wp-content\/uploads\/2020\/10\/D2-Jun.-Einheit-2020-21.jpg\"><noscript><img decoding=\"async\" class=\"alignnone wp-image-25282 size-large\" src=\"http:\/\/einheit-bernburg.de\/content\/wp-content\/uploads\/2020\/10\/D2-Jun.-Einheit-2020-21-1024x682.jpg\" alt width=\"1024\" height=\"682\" srcset=\"https:\/\/einheit-bernburg.de\/content\/wp-content\/uploads\/2020\/10\/D2-Jun.-Einheit-2020-21-1024x682.jpg 1024w, https:\/\/einheit-bernburg.de\/content\/wp-content\/uploads\/2020\/10\/D2-Jun.-Einheit-2020-21-300x200.jpg 300w, https:\/\/einheit-bernburg.de\/content\/wp-content\/uploads\/2020\/10\/D2-Jun.-Einheit-2020-21-768x511.jpg 768w, https:\/\/einheit-bernburg.de\/content\/wp-content\/uploads\/2020\/10\/D2-Jun.-Einheit-2020-21-1080x719.jpg 1080w, https:\/\/einheit-bernburg.de\/content\/wp-content\/uploads\/2020\/10\/D2-Jun.-Einheit-2020-21.jpg 1500w\" sizes=\"(max-width: 1024px) 100vw, 1024px\"><\/noscript><img decoding=\"async\" class=\"alignnone wp-image-25282 size-large lazyload\" src=\"data:image\/svg+xml,%3Csvg%20xmlns%3D%22http%3A%2F%2Fwww.w3.org%2F2000%2Fsvg%22%20viewBox%3D%220%200%201024%20682%22%3E%3C%2Fsvg%3E\" alt width=\"1024\" height=\"682\" srcset=\"data:image\/svg+xml,%3Csvg%20xmlns%3D%22http%3A%2F%2Fwww.w3.org%2F2000%2Fsvg%22%20viewBox%3D%220%200%201024%20682%22%3E%3C%2Fsvg%3E 1024w\" sizes=\"(max-width: 1024px) 100vw, 1024px\" data-srcset=\"https:\/\/einheit-bernburg.de\/content\/wp-content\/uploads\/2020\/10\/D2-Jun.-Einheit-2020-21-1024x682.jpg 1024w, https:\/\/einheit-bernburg.de\/content\/wp-content\/uploads\/2020\/10\/D2-Jun.-Einheit-2020-21-300x200.jpg 300w, https:\/\/einheit-bernburg.de\/content\/wp-content\/uploads\/2020\/10\/D2-Jun.-Einheit-2020-21-768x511.jpg 768w, https:\/\/einheit-bernburg.de\/content\/wp-content\/uploads\/2020\/10\/D2-Jun.-Einheit-2020-21-1080x719.jpg 1080w, https:\/\/einheit-bernburg.de\/content\/wp-content\/uploads\/2020\/10\/D2-Jun.-Einheit-2020-21.jpg 1500w\" data-src=\"http:\/\/einheit-bernburg.de\/content\/wp-content\/uploads\/2020\/10\/D2-Jun.-Einheit-2020-21-1024x682.jpg\"><\/a><br>\nStehend v.l.: Jens Hammermann (TR), John J. Ulrich, Maurice Bartel, Jonas Karambadzakis, Lenny Zabel, Erik Wiedensee, Luca Littig, Franz Hammermann, Oliver Zabel (Co-TR)<strong><br>\n<\/strong><\/p>\n<p>Vorn v. l.: Hannes Rieger, Philipp Hecht, Tamo Kirchhof, Serschan Mehmeti, Jamie Gruner<\/p>\n<hr>\n<p><a class=\"submenu\" href=\"http:\/\/einheit-bernburg.de\/content\/?page_id=559\" target=\"_blank\" rel=\"noopener noreferrer\"><noscript><img decoding=\"async\" src=\"http:\/\/einheit-bernburg.de\/off\/images\/redsys\/link.gif\" alt border=\"0\"><\/noscript><img decoding=\"async\" src=\"data:image\/gif;base64,R0lGODlhAQABAIAAAAAAAP\/\/\/yH5BAEAAAAALAAAAAABAAEAAAIBRAA7\" alt border=\"0\" data-src=\"http:\/\/einheit-bernburg.de\/off\/images\/redsys\/link.gif\" class=\" lazyload\"><\/a>&nbsp;<a href=\"https:\/\/einheit-bernburg.de\/content\/?page_id=26565\" target=\"_blank\" rel=\"noopener\">Kader u. Zielstellung<\/a><\/p>\n<p><a class=\"submenu\" href=\"http:\/\/www.fussball.de\/spieltagsuebersicht\/landesliga-a-jun-staffel-6-sachsen-anhalt-a-junioren-landesliga-a-junioren-saison1516-sachsen-anhalt\/-\/staffel\/01OPP4VDC8000001VV0AG813VSIPV1RQ-G#!\/section\/stage\" target=\"_blank\" rel=\"noopener noreferrer\"><noscript><img decoding=\"async\" src=\"http:\/\/einheit-bernburg.de\/off\/images\/redsys\/link.gif\" alt border=\"0\"><\/noscript><img decoding=\"async\" src=\"data:image\/gif;base64,R0lGODlhAQABAIAAAAAAAP\/\/\/yH5BAEAAAAALAAAAAABAAEAAAIBRAA7\" alt border=\"0\" data-src=\"http:\/\/einheit-bernburg.de\/off\/images\/redsys\/link.gif\" class=\" lazyload\"><\/a>&nbsp; <a href=\"http:\/\/www.fussball.de\/spieltagsuebersicht\/1kreisklasse-d-junioren-st-1-kreis-salzland-d-junioren-1kreisklasse-d-junioren-saison2021-sachsen-anhalt\/-\/staffel\/02B70GBMOK000006VS5489B4VS5CUV73-G#!\/\">Spielplan u. Tabelle St.1<\/a><\/p>\n<p><noscript><img decoding=\"async\" class src=\"http:\/\/einheit-bernburg.de\/off\/images\/redsys\/link.gif\" alt border=\"0\"><\/noscript><img decoding=\"async\" class=\" lazyload\" src=\"data:image\/gif;base64,R0lGODlhAQABAIAAAAAAAP\/\/\/yH5BAEAAAAALAAAAAABAAEAAAIBRAA7\" alt border=\"0\" data-src=\"http:\/\/einheit-bernburg.de\/off\/images\/redsys\/link.gif\"> <a href=\"http:\/\/einheit-bernburg.de\/content\/wp-content\/uploads\/2020\/07\/RTP-NW-Kreis-1.pdf\">RTP-NW (Salzlandkreis) 2020\/21<\/a> &nbsp; <a class=\"submenu\" href=\"http:\/\/www.fussball.de\/spieltagsuebersicht\/landesliga-a-jun-staffel-6-sachsen-anhalt-a-junioren-landesliga-a-junioren-saison1516-sachsen-anhalt\/-\/staffel\/01OPP4VDC8000001VV0AG813VSIPV1RQ-G#!\/section\/stage\" target=\"_blank\" rel=\"noopener noreferrer\"><noscript><img decoding=\"async\" src=\"http:\/\/einheit-bernburg.de\/off\/images\/redsys\/link.gif\" alt border=\"0\"><\/noscript><img decoding=\"async\" src=\"data:image\/gif;base64,R0lGODlhAQABAIAAAAAAAP\/\/\/yH5BAEAAAAALAAAAAABAAEAAAIBRAA7\" alt border=\"0\" data-src=\"http:\/\/einheit-bernburg.de\/off\/images\/redsys\/link.gif\" class=\" lazyload\"><\/a><a href=\"http:\/\/einheit-bernburg.de\/content\/wp-content\/uploads\/2020\/07\/20-07-27_RTP-2020-2021-Junioren-2.pdf\"> RTP-NW (Land) 2020\/21<\/a><\/p>\n<p><strong>\u00dcber die abgelaufene Saison 2019\/20 kann man sich ausf\u00fchrlich im Archiv informieren<\/strong>.<\/p>\n<hr>\n<h1 class=\"aufm\">News u. Spielberichte<\/h1>\n<hr>\n<p><span style=\"text-decoration: underline;\"><strong>01.11.2020<\/strong> Ansto\u00df:<strong> 0930 Uhr &#8211; 7.ST &#8211; 1.Kreisklasse St.1<\/strong><\/span><br>\nSV Einheit Bernburg II. &#8211; SV Schwarz-Gelb Bernburg<\/p>\n<hr>\n<p><span style=\"text-decoration: underline;\"><strong>25.10.2020 &#8211;<\/strong><strong> Kreispokal-Achtelfinale<\/strong><\/span><br>\nSG B\u00f6rde-Hakel &#8211; SV Einheit Bernburg II. <strong>6:4 (3:3)<\/strong><br>\n<a href=\"http:\/\/einheit-bernburg.de\/content\/wp-content\/uploads\/2020\/10\/20201025_093137.jpg\"><noscript><img decoding=\"async\" class=\"alignnone size-medium wp-image-25571\" src=\"http:\/\/einheit-bernburg.de\/content\/wp-content\/uploads\/2020\/10\/20201025_093137-300x146.jpg\" alt width=\"300\" height=\"146\" srcset=\"https:\/\/einheit-bernburg.de\/content\/wp-content\/uploads\/2020\/10\/20201025_093137-300x146.jpg 300w, https:\/\/einheit-bernburg.de\/content\/wp-content\/uploads\/2020\/10\/20201025_093137-768x373.jpg 768w, https:\/\/einheit-bernburg.de\/content\/wp-content\/uploads\/2020\/10\/20201025_093137-1024x497.jpg 1024w, https:\/\/einheit-bernburg.de\/content\/wp-content\/uploads\/2020\/10\/20201025_093137-1080x524.jpg 1080w, https:\/\/einheit-bernburg.de\/content\/wp-content\/uploads\/2020\/10\/20201025_093137.jpg 1300w\" sizes=\"(max-width: 300px) 100vw, 300px\"><\/noscript><img decoding=\"async\" class=\"alignnone size-medium wp-image-25571 lazyload\" src=\"data:image\/svg+xml,%3Csvg%20xmlns%3D%22http%3A%2F%2Fwww.w3.org%2F2000%2Fsvg%22%20viewBox%3D%220%200%20300%20146%22%3E%3C%2Fsvg%3E\" alt width=\"300\" height=\"146\" srcset=\"data:image\/svg+xml,%3Csvg%20xmlns%3D%22http%3A%2F%2Fwww.w3.org%2F2000%2Fsvg%22%20viewBox%3D%220%200%20300%20146%22%3E%3C%2Fsvg%3E 300w\" sizes=\"(max-width: 300px) 100vw, 300px\" data-srcset=\"https:\/\/einheit-bernburg.de\/content\/wp-content\/uploads\/2020\/10\/20201025_093137-300x146.jpg 300w, https:\/\/einheit-bernburg.de\/content\/wp-content\/uploads\/2020\/10\/20201025_093137-768x373.jpg 768w, https:\/\/einheit-bernburg.de\/content\/wp-content\/uploads\/2020\/10\/20201025_093137-1024x497.jpg 1024w, https:\/\/einheit-bernburg.de\/content\/wp-content\/uploads\/2020\/10\/20201025_093137-1080x524.jpg 1080w, https:\/\/einheit-bernburg.de\/content\/wp-content\/uploads\/2020\/10\/20201025_093137.jpg 1300w\" data-src=\"http:\/\/einheit-bernburg.de\/content\/wp-content\/uploads\/2020\/10\/20201025_093137-300x146.jpg\"><\/a><br>\n<em>Das Team von heute<\/em><\/p>\n<div dir=\"auto\"><strong>Etwas entt\u00e4uschende Niederlage<\/strong><\/div>\n<div dir=\"auto\">Unser heutiges Kreispokalspiel gegen die SG B\u00f6rde-Hakel fand auf dem Sportplatz in Etgersleben statt. Wieder einmal ein Fu\u00dfballplatz den man eigentlich nicht als solchen bezeichnen d\u00fcrfte. Ein viel zu kleines Spielfeld und ein Rasen in katastrophalen Zustand lie\u00df auf beiden Seiten kein gutes Kombinationsspiel zu. Trotzdem bekamen die Zuschauer eine durchaus spannende und torreiche Begegnung zu sehen. Viele rassige Zweik\u00e4mpfe und zahlreiche Ecken bestimmten das Spiel. Der auf dieser Spielst\u00e4tte clever agierende Gastgeber ging schnell 2:0 in F\u00fchrung. Nach verschlafener Anfangsphase brachten einige Einheit-Akteure mit Willen, Mut, Leistung und Einsatzbereitschaft unser Team mit 3:2 in F\u00fchrung. Leider gab es bei unseren Jungs aber auch Spieler, die mit genau dem Gegenteil aufwarteten und Totalausf\u00e4lle bzw Fehlerquellen waren. Wir Trainer werden das heute mit Vergabe von Schulnoten 1-6 in der Aufstellung darstellen. Nach dem 3:3 kurz nach der Halbzeit gingen wir dann durch ein sch\u00f6nes Tor wieder 4:3 in F\u00fchrung. Im weiteren Spielverlauf konnten wir den Siegeswillen der Gastgeber aber nichts entgegensetzen. So stand es beim Schlusspfiff verdient 6:4 f\u00fcr die Heimmannschaft, die nun eine Runde weiter ist. Wie immer ein dickes Dankesch\u00f6n an die mitgereisten Eltern und Fans.<\/div>\n<div dir=\"auto\"><\/div>\n<div dir=\"auto\"><strong>Aufstellung:<\/strong><\/div>\n<div dir=\"auto\">Luca (1), Nico (5), Lenny(4), John (1), Finn (2), Maurice (3), Damiano (3), Erik (5), Phillipp (1), Jonas (3)<\/div>\n<hr>\n<p><span style=\"text-decoration: underline;\"><strong>10.10.2020&nbsp;<\/strong><strong> &#8211; 6.ST &#8211; 1.Kreisklasse St.1<\/strong><\/span><br>\nSG Bebitz\/K\u00f6nnern\/Rothenburg &#8211; SV Einheit Bernburg II. <strong>3:2 (2:0)<br>\n<a href=\"http:\/\/einheit-bernburg.de\/content\/wp-content\/uploads\/2020\/10\/D2-10.10.20-in-K\u00f6nnern-1.jpg\"><noscript><img decoding=\"async\" class=\"alignnone size-medium wp-image-25443\" src=\"http:\/\/einheit-bernburg.de\/content\/wp-content\/uploads\/2020\/10\/D2-10.10.20-in-K\u00f6nnern-1-300x146.jpg\" alt width=\"300\" height=\"146\" srcset=\"https:\/\/einheit-bernburg.de\/content\/wp-content\/uploads\/2020\/10\/D2-10.10.20-in-K\u00f6nnern-1-300x146.jpg 300w, https:\/\/einheit-bernburg.de\/content\/wp-content\/uploads\/2020\/10\/D2-10.10.20-in-K\u00f6nnern-1-768x373.jpg 768w, https:\/\/einheit-bernburg.de\/content\/wp-content\/uploads\/2020\/10\/D2-10.10.20-in-K\u00f6nnern-1-1024x497.jpg 1024w, https:\/\/einheit-bernburg.de\/content\/wp-content\/uploads\/2020\/10\/D2-10.10.20-in-K\u00f6nnern-1-1080x524.jpg 1080w, https:\/\/einheit-bernburg.de\/content\/wp-content\/uploads\/2020\/10\/D2-10.10.20-in-K\u00f6nnern-1.jpg 1300w\" sizes=\"(max-width: 300px) 100vw, 300px\"><\/noscript><img decoding=\"async\" class=\"alignnone size-medium wp-image-25443 lazyload\" src=\"data:image\/svg+xml,%3Csvg%20xmlns%3D%22http%3A%2F%2Fwww.w3.org%2F2000%2Fsvg%22%20viewBox%3D%220%200%20300%20146%22%3E%3C%2Fsvg%3E\" alt width=\"300\" height=\"146\" srcset=\"data:image\/svg+xml,%3Csvg%20xmlns%3D%22http%3A%2F%2Fwww.w3.org%2F2000%2Fsvg%22%20viewBox%3D%220%200%20300%20146%22%3E%3C%2Fsvg%3E 300w\" sizes=\"(max-width: 300px) 100vw, 300px\" data-srcset=\"https:\/\/einheit-bernburg.de\/content\/wp-content\/uploads\/2020\/10\/D2-10.10.20-in-K\u00f6nnern-1-300x146.jpg 300w, https:\/\/einheit-bernburg.de\/content\/wp-content\/uploads\/2020\/10\/D2-10.10.20-in-K\u00f6nnern-1-768x373.jpg 768w, https:\/\/einheit-bernburg.de\/content\/wp-content\/uploads\/2020\/10\/D2-10.10.20-in-K\u00f6nnern-1-1024x497.jpg 1024w, https:\/\/einheit-bernburg.de\/content\/wp-content\/uploads\/2020\/10\/D2-10.10.20-in-K\u00f6nnern-1-1080x524.jpg 1080w, https:\/\/einheit-bernburg.de\/content\/wp-content\/uploads\/2020\/10\/D2-10.10.20-in-K\u00f6nnern-1.jpg 1300w\" data-src=\"http:\/\/einheit-bernburg.de\/content\/wp-content\/uploads\/2020\/10\/D2-10.10.20-in-K\u00f6nnern-1-300x146.jpg\"><\/a><br>\n<\/strong><em>Unser Team in K\u00f6nnern<\/em><strong><br>\n<\/strong><\/p>\n<div dir=\"auto\"><strong>Knappe Ausw\u00e4rtsniederlage<\/strong><\/div>\n<div dir=\"auto\">In K\u00f6nnern trafen wir uns zum Ausw\u00e4rtsspiel gegen die Spielgemeinschaft von TuS Bebitz\/K\u00f6nnern\/Rothenburg. Mit gut verst\u00e4rkten Kader trafen wir auf eine k\u00f6rperlich sehr robuste und kampfstarke Mannschaft. Auf einem sehr schlecht gepflegten Fu\u00dfball-Acker konnten wir in der ersten H\u00e4lfte trotzdem eine technische und spielerische \u00dcberlegenheit aufbieten. Viele Torchancen konnten erspielt werden, die aber oft lasch und fahrl\u00e4ssig vergeben wurden. Durch zwei katastrophale Abwehrfehler stand des dann zur Pause nicht unverdient 2:0 f\u00fcr die Gastgeber. In der Halbzeit, wachger\u00fcttelt von Co-Trainer Oliver Zabel, begannen wir nach der Pause effektiver. Nach wieder zahlreichen M\u00f6glichkeiten stand es 15 Minuten vor Schluss 2:2. Jedoch nach einem schlimmen Abspielfehler und immer auch gef\u00e4hrlichem Konterspiel der K\u00f6nneraner hie\u00df es wieder 3:2 f\u00fcr die Spielgemeinschaft. Die letzten zehn Minuten waren bezeichnend f\u00fcr das ganze Spiel, viele Spielverz\u00f6gerungen, die oft von einem unsicher agierenden Schiedsrichter gef\u00f6rdert wurden, lie\u00dfen insgesamt wenig Netto-spielzeit zu. Ausgelassene Gro\u00dfchancen schenkten der Heimmannschaft letztendlich den Sieg. Daraus muss wieder gelernt werden, wenn es das n\u00e4chste Mal mit einem Sieg&nbsp; klappen soll. Allen mitgereisten Eltern und Fans ein Dankesch\u00f6n. Gespielt wurde mit: Luca(C), Franz, John, Maurice, Nico, Lenny, Magnus, Finn, Erik, Hannes, Phillipp und Dennis<\/div>\n<div dir=\"auto\"><\/div>\n<hr>\n<p><span style=\"text-decoration: underline;\"><strong>04.10.2020 &#8211; 5.ST &#8211; 1.Kreisklasse St.1<\/strong><\/span><br>\nSV Einheit Bernburg II. -SV Lok Aschersleben <strong>11:4 (6:2)<br>\n<a href=\"http:\/\/einheit-bernburg.de\/content\/wp-content\/uploads\/2020\/10\/D2-ASL-4.10.20-Sieg.jpg\"><noscript><img decoding=\"async\" class=\"alignnone size-medium wp-image-25317\" src=\"http:\/\/einheit-bernburg.de\/content\/wp-content\/uploads\/2020\/10\/D2-ASL-4.10.20-Sieg-300x239.jpg\" alt width=\"300\" height=\"239\" srcset=\"https:\/\/einheit-bernburg.de\/content\/wp-content\/uploads\/2020\/10\/D2-ASL-4.10.20-Sieg-300x239.jpg 300w, https:\/\/einheit-bernburg.de\/content\/wp-content\/uploads\/2020\/10\/D2-ASL-4.10.20-Sieg-768x611.jpg 768w, https:\/\/einheit-bernburg.de\/content\/wp-content\/uploads\/2020\/10\/D2-ASL-4.10.20-Sieg-1024x815.jpg 1024w, https:\/\/einheit-bernburg.de\/content\/wp-content\/uploads\/2020\/10\/D2-ASL-4.10.20-Sieg-1080x860.jpg 1080w, https:\/\/einheit-bernburg.de\/content\/wp-content\/uploads\/2020\/10\/D2-ASL-4.10.20-Sieg.jpg 1300w\" sizes=\"(max-width: 300px) 100vw, 300px\"><\/noscript><img decoding=\"async\" class=\"alignnone size-medium wp-image-25317 lazyload\" src=\"data:image\/svg+xml,%3Csvg%20xmlns%3D%22http%3A%2F%2Fwww.w3.org%2F2000%2Fsvg%22%20viewBox%3D%220%200%20300%20239%22%3E%3C%2Fsvg%3E\" alt width=\"300\" height=\"239\" srcset=\"data:image\/svg+xml,%3Csvg%20xmlns%3D%22http%3A%2F%2Fwww.w3.org%2F2000%2Fsvg%22%20viewBox%3D%220%200%20300%20239%22%3E%3C%2Fsvg%3E 300w\" sizes=\"(max-width: 300px) 100vw, 300px\" data-srcset=\"https:\/\/einheit-bernburg.de\/content\/wp-content\/uploads\/2020\/10\/D2-ASL-4.10.20-Sieg-300x239.jpg 300w, https:\/\/einheit-bernburg.de\/content\/wp-content\/uploads\/2020\/10\/D2-ASL-4.10.20-Sieg-768x611.jpg 768w, https:\/\/einheit-bernburg.de\/content\/wp-content\/uploads\/2020\/10\/D2-ASL-4.10.20-Sieg-1024x815.jpg 1024w, https:\/\/einheit-bernburg.de\/content\/wp-content\/uploads\/2020\/10\/D2-ASL-4.10.20-Sieg-1080x860.jpg 1080w, https:\/\/einheit-bernburg.de\/content\/wp-content\/uploads\/2020\/10\/D2-ASL-4.10.20-Sieg.jpg 1300w\" data-src=\"http:\/\/einheit-bernburg.de\/content\/wp-content\/uploads\/2020\/10\/D2-ASL-4.10.20-Sieg-300x239.jpg\"><\/a><br>\n<\/strong><em>Das Siegerteam von heute<\/em><strong><br>\n<\/strong><\/p>\n<div dir=\"auto\"><strong>Erster Sieg und drei Punkte<\/strong><\/div>\n<div dir=\"auto\">Mit gro\u00dfz\u00fcgiger Unterst\u00fctzung der D1 Jugend holten wir heute die ersten drei Punkte. Bei goldenem Oktoberwetter trafen wir heute auf dem Einheit Sportplatz auf unseren Tabellennachbarn Lok Aschersleben. Ein Spiel mit vielen Toren und Strafraumszenen. Sch\u00f6ne&nbsp; Treffer fielen auf beiden Seiten. Die Einheit Jungs taten sich trotz ihrer k\u00f6rperlichen \u00dcberlegenheit gegen quirlige und technisch sehr gute Ascherslebener sehr schwer. Viele Fehlp\u00e4sse und eine gewisse Unordnung gaben den G\u00e4sten immer wieder Tor-Chancen die allerdings meist von einem super aufgelegten Luca Littig im Tor mit etlichen Glanzparaden zunichte gemacht wurden. Trotzdem konnten wir durch Tore von Erik (3.,8.,29.,30.min), Phillipp (26.,28.min) und Dennis (7.,11.,13.,18.,32.min) das Spiel souver\u00e4n mit 11 zu 4 Toren f\u00fcr uns gestalten. Die vier Gegentore in der 5.,15.,20., 40. Minute zeigten uns aber die gro\u00dfen Schw\u00e4chen dieser Mannschaft. Daran muss weiter gearbeitet werden. Bei Eltern und Fans die einen durchaus verdienten Sieg sahen, m\u00f6chte ich mich f\u00fcr die Unterst\u00fctzung bedanken.<\/div>\n<div dir=\"auto\"><strong>Gespielt wurde mit:<\/strong><br>\nLuca (C), Magnus, Nico, Damian, Maurice, Jonas, Erik, Dennis, Phillipp und Jamie<\/div>\n<hr>\n<p><span style=\"text-decoration: underline;\"><strong>27.09.2020 <\/strong>Ansto\u00df:<strong> 09:30 Uhr 4.ST &#8211; 1.Kreisklasse St.1<\/strong><\/span><br>\nSV Pl\u00f6tzkau 1921 &#8211; SV Einheit Bernburg II. <strong>abgesagt<\/strong><\/p>\n<p><strong>Neuer Termin: 21.11.2020 <\/strong>Ansto\u00df:<strong> 09:30 Uhr<\/strong><\/p>\n<hr>\n<p><span style=\"text-decoration: underline;\"><strong>20.09.2020 &#8211;<\/strong> <strong>3.ST &#8211; 1.Kreisklasse St.1<\/strong><\/span><br>\nSV Einheit Bernburg II. &#8211; SV 09 Sta\u00dffurt II. <strong>4:8 (3:2)<\/strong><\/p>\n<div dir=\"auto\"><strong>Gute Ans\u00e4tze sind zu Erkennen<br>\n<\/strong>Bei der 4:8 Niederlage gegen unsere G\u00e4ste aus <span class=\"cmp_parsed_location\" data-cmp_parsed_location_name=\"Sta\u00dffurt\" data-cmp_parsed_location_weather=\"K15352035\" data-cmp_parsed_location_other=\"0\" data-ce-class=\"Locations\">Sta\u00dffurt<\/span> ist unser Team am Sonntag bei herrlichem Fu\u00dfballwetter in der Zweiten Halbzeit unter die R\u00e4der geraten. Mit vorwiegend E Jugendspielern gingen wir diese Partie an und konnten in der ersten H\u00e4lfte durchaus ansehnlichen Fu\u00dfball mit einigen guten Spielz\u00fcgen zeigen. Wir gingen durch Tore von Phillipp und Jonas auch schnell 3:0 in F\u00fchrung und konnten diese bis zum Halbzeitstand von 3:2 auch halten. Im zweiten Spielabschnitt setzte sich jedoch die k\u00f6rperliche und auch technische \u00dcberlegenheit der Sta\u00dffurter leider durch. Da konnten auch unsere beiden besten Akteure an dem Tag Phillipp und John nichts ausrichten. Unsere l\u00f6chrige Abwehr um Erik, die noch viel lernen muss, lie\u00df dann doch zuviel Torchancen f\u00fcr die 09er zu. Bedanken m\u00f6chte ich mich bei den Eltern und Fans, die da waren und unsere Kids trotzdem unterst\u00fctzen.<\/div>\n<div dir=\"auto\"><strong>Gespielt wurde mit:<\/strong><\/div>\n<div dir=\"auto\">Tamo im Tor. Erik, Lenny, Franz, John und Maurice in der Abwehr. Phillipp, Serschan, Hannes und Luca im Mittelfeld. Jonas und Jamie im Angriff.<\/div>\n<hr>\n<p><span style=\"text-decoration: underline;\"><strong>13.09.2020 2.ST &#8211; 1.Kreisklasse St.1<\/strong><\/span><br>\nSV Einheit Bernburg II. &#8211; JSG Baalberge\/Neuborna <strong>4:6 (1:6)<\/strong><\/p>\n<div dir=\"auto\"><strong>Personalnot kostet uns Punkte<\/strong><\/div>\n<div dir=\"auto\">Zum ersten Punktspiel gegen die Spielgemeinschaft Baalberge\/ Neuborna trafen wir uns bei bestem Wetter auf dem Einheitsportplatz. Leider mussten wir stark ersatzgeschw\u00e4cht mit nur 8Feldspielern darunter 4 E Jugendspieler diese Partie angehen. Mit unerprobter Aufstellung und Positionstauscherei gerieten unsere Jungs schnell 5: 0 in R\u00fcckstand. Diese Nuss war nicht mehr zu knacken. Mit gro\u00dfem Kader und Spielfreude \u00fcberannten uns die G\u00e4ste in der ersten Halbzeit. Kampf&nbsp; und Einsatzbereitschaft sch\u00f6nigten das Ergebnis in der zweiten H\u00e4lfte auf ein 4:6 aus Sicht unserer Kicker. Hervorzuheben auf Einheitseite sind Jonas und Maurice mit toller Kampf &#8211; und Laufbereitschaft. Phillipp Hecht ein Vorbild f\u00fcr alle mit Einsatzbereitschaft und Supertechnik, immer eine Augenweide f\u00fcr Fu\u00dfballinterresierte.<br>\nFazit: Ohne Personalprobleme ist wesentlich mehr drin. Das wird f\u00fcr uns Trainer eine Zusatzherausforderung, dies in den Griff zu bekommen.<\/div>\n<div dir=\"auto\"><\/div>\n<div dir=\"auto\"><strong>Kader:<\/strong> Nico, Franz, Lenny, Erik(C), Maurice, Damion, Hannes, Phillipp, Jonas<\/div>\n<hr>\n<p><strong>Testspiel:<\/strong><\/p>\n<p><span style=\"text-decoration: underline;\">Freitag, <strong>05.09.2020<\/strong> Ansto\u00df: <strong>10:30 Uhr<\/strong> Spielort: Sparkassen-Arena<\/span><br>\nSV Einheit Bernburg II. &#8211; 1.FC Magdeburg U11 <strong>4:11<\/strong><\/p>\n<hr>\n","protected":false},"excerpt":{"rendered":"<p>SV Einheit Bernburg II. 1. Kreisklasse Staffel 1 &#8211; 2020\/21 Stehend v.l.: Jens Hammermann (TR), John J. Ulrich, Maurice Bartel, Jonas Karambadzakis, Lenny Zabel, Erik Wiedensee, Luca Littig, Franz Hammermann, Oliver Zabel (Co-TR) Vorn v. l.: Hannes Rieger, Philipp Hecht, Tamo Kirchhof, Serschan Mehmeti, Jamie Gruner &nbsp;Kader u. Zielstellung &nbsp; Spielplan u. Tabelle St.1 RTP-NW [&hellip;]<\/p>\n","protected":false},"author":3,"featured_media":0,"parent":26310,"menu_order":8,"comment_status":"closed","ping_status":"closed","template":"","meta":{"footnotes":""},"_links":{"self":[{"href":"https:\/\/einheit-bernburg.de\/content\/index.php?rest_route=\/wp\/v2\/pages\/26545"}],"collection":[{"href":"https:\/\/einheit-bernburg.de\/content\/index.php?rest_route=\/wp\/v2\/pages"}],"about":[{"href":"https:\/\/einheit-bernburg.de\/content\/index.php?rest_route=\/wp\/v2\/types\/page"}],"author":[{"embeddable":true,"href":"https:\/\/einheit-bernburg.de\/content\/index.php?rest_route=\/wp\/v2\/users\/3"}],"replies":[{"embeddable":true,"href":"https:\/\/einheit-bernburg.de\/content\/index.php?rest_route=%2Fwp%2Fv2%2Fcomments&post=26545"}],"version-history":[{"count":2,"href":"https:\/\/einheit-bernburg.de\/content\/index.php?rest_route=\/wp\/v2\/pages\/26545\/revisions"}],"predecessor-version":[{"id":26569,"href":"https:\/\/einheit-bernburg.de\/content\/index.php?rest_route=\/wp\/v2\/pages\/26545\/revisions\/26569"}],"up":[{"embeddable":true,"href":"https:\/\/einheit-bernburg.de\/content\/index.php?rest_route=\/wp\/v2\/pages\/26310"}],"wp:attachment":[{"href":"https:\/\/einheit-bernburg.de\/content\/index.php?rest_route=%2Fwp%2Fv2%2Fmedia&parent=26545"}],"curies":[{"name":"wp","href":"https:\/\/api.w.org\/{rel}","templated":true}]}}