{"id":30376,"date":"2022-07-20T08:43:42","date_gmt":"2022-07-20T06:43:42","guid":{"rendered":"https:\/\/einheit-bernburg.de\/content\/?page_id=30376"},"modified":"2026-04-25T23:55:20","modified_gmt":"2026-04-25T21:55:20","slug":"d3-junioren-2-2-2","status":"publish","type":"page","link":"https:\/\/einheit-bernburg.de\/content\/?page_id=30376","title":{"rendered":"B-Junioren"},"content":{"rendered":"<h1 class=\"aufm\">SG Einheit Bernburg \/ SV 08 Baalberge II.<\/h1>\n<h3 class=\"aufm\">Kreisoberliga 2025\/26<\/h3>\n<p><a href=\"https:\/\/einheit-bernburg.de\/content\/wp-content\/uploads\/2025\/11\/B-Jun.-2025-26.jpg\"><noscript><img decoding=\"async\" class=\"alignnone wp-image-43621 size-large\" src=\"https:\/\/einheit-bernburg.de\/content\/wp-content\/uploads\/2025\/11\/B-Jun.-2025-26-1024x731.jpg\" alt width=\"1024\" height=\"731\" srcset=\"https:\/\/einheit-bernburg.de\/content\/wp-content\/uploads\/2025\/11\/B-Jun.-2025-26-1024x731.jpg 1024w, https:\/\/einheit-bernburg.de\/content\/wp-content\/uploads\/2025\/11\/B-Jun.-2025-26-300x214.jpg 300w, https:\/\/einheit-bernburg.de\/content\/wp-content\/uploads\/2025\/11\/B-Jun.-2025-26-768x548.jpg 768w, https:\/\/einheit-bernburg.de\/content\/wp-content\/uploads\/2025\/11\/B-Jun.-2025-26-1080x771.jpg 1080w, https:\/\/einheit-bernburg.de\/content\/wp-content\/uploads\/2025\/11\/B-Jun.-2025-26.jpg 1500w\" sizes=\"(max-width: 1024px) 100vw, 1024px\"><\/noscript><img decoding=\"async\" class=\"alignnone wp-image-43621 size-large lazyload\" src=\"data:image\/svg+xml,%3Csvg%20xmlns%3D%22http%3A%2F%2Fwww.w3.org%2F2000%2Fsvg%22%20viewBox%3D%220%200%201024%20731%22%3E%3C%2Fsvg%3E\" alt width=\"1024\" height=\"731\" srcset=\"data:image\/svg+xml,%3Csvg%20xmlns%3D%22http%3A%2F%2Fwww.w3.org%2F2000%2Fsvg%22%20viewBox%3D%220%200%201024%20731%22%3E%3C%2Fsvg%3E 1024w\" sizes=\"(max-width: 1024px) 100vw, 1024px\" data-srcset=\"https:\/\/einheit-bernburg.de\/content\/wp-content\/uploads\/2025\/11\/B-Jun.-2025-26-1024x731.jpg 1024w, https:\/\/einheit-bernburg.de\/content\/wp-content\/uploads\/2025\/11\/B-Jun.-2025-26-300x214.jpg 300w, https:\/\/einheit-bernburg.de\/content\/wp-content\/uploads\/2025\/11\/B-Jun.-2025-26-768x548.jpg 768w, https:\/\/einheit-bernburg.de\/content\/wp-content\/uploads\/2025\/11\/B-Jun.-2025-26-1080x771.jpg 1080w, https:\/\/einheit-bernburg.de\/content\/wp-content\/uploads\/2025\/11\/B-Jun.-2025-26.jpg 1500w\" data-src=\"https:\/\/einheit-bernburg.de\/content\/wp-content\/uploads\/2025\/11\/B-Jun.-2025-26-1024x731.jpg\"><\/a><\/p>\n<p>&nbsp;<\/p>\n<hr>\n<p><a class=\"submenu\" href=\"http:\/\/einheit-bernburg.de\/content\/?page_id=557\" target=\"_blank\" rel=\"noopener noreferrer\"><noscript><img decoding=\"async\" src=\"http:\/\/einheit-bernburg.de\/off\/images\/redsys\/link.gif\" alt border=\"0\"><\/noscript><img decoding=\"async\" src=\"data:image\/gif;base64,R0lGODlhAQABAIAAAAAAAP\/\/\/yH5BAEAAAAALAAAAAABAAEAAAIBRAA7\" alt border=\"0\" data-src=\"http:\/\/einheit-bernburg.de\/off\/images\/redsys\/link.gif\" class=\" lazyload\"><\/a> <a href=\"https:\/\/einheit-bernburg.de\/content\/?page_id=30379\" target=\"_blank\" rel=\"noopener\">Kader u. Zielstellung<\/a><\/p>\n<p><a class=\"submenu\" href=\"http:\/\/einheit-bernburg.de\/content\/?page_id=557\" target=\"_blank\" rel=\"noopener noreferrer\"><noscript><img decoding=\"async\" src=\"http:\/\/einheit-bernburg.de\/off\/images\/redsys\/link.gif\" alt border=\"0\"><\/noscript><img decoding=\"async\" src=\"data:image\/gif;base64,R0lGODlhAQABAIAAAAAAAP\/\/\/yH5BAEAAAAALAAAAAABAAEAAAIBRAA7\" alt border=\"0\" data-src=\"http:\/\/einheit-bernburg.de\/off\/images\/redsys\/link.gif\" class=\" lazyload\"><\/a> <a href=\"https:\/\/www.fussball.de\/spieltagsuebersicht\/kreisoberliga-b-junioren-slk-kreis-salzland-b-junioren-1kreisklasse-b-junioren-saison2526-sachsen-anhalt\/-\/staffel\/02SR97PTB000000AVS5489BUVUIVB71R-G#!\/\"><strong>Spielplan u. Tabelle<\/strong><\/a><\/p>\n<p><a class=\"submenu\" href=\"http:\/\/www.fussball.de\/spieltagsuebersicht\/landesliga-a-jun-staffel-6-sachsen-anhalt-a-junioren-landesliga-a-junioren-saison1516-sachsen-anhalt\/-\/staffel\/01OPP4VDC8000001VV0AG813VSIPV1RQ-G#!\/section\/stage\" target=\"_blank\" rel=\"noopener noreferrer\"><noscript><img decoding=\"async\" src=\"http:\/\/einheit-bernburg.de\/off\/images\/redsys\/link.gif\" alt border=\"0\"><\/noscript><img decoding=\"async\" src=\"data:image\/gif;base64,R0lGODlhAQABAIAAAAAAAP\/\/\/yH5BAEAAAAALAAAAAABAAEAAAIBRAA7\" alt border=\"0\" data-src=\"http:\/\/einheit-bernburg.de\/off\/images\/redsys\/link.gif\" class=\" lazyload\"><\/a> <a href=\"https:\/\/einheit-bernburg.de\/content\/wp-content\/uploads\/2025\/07\/RTP-NW-Kreis-2025-2026-1.pdf\">RTP-NW-Kreis-2025-26<\/a> &nbsp; <a class=\"submenu\" href=\"http:\/\/einheit-bernburg.de\/content\/?page_id=557\" target=\"_blank\" rel=\"noopener noreferrer\"><noscript><img decoding=\"async\" src=\"http:\/\/einheit-bernburg.de\/off\/images\/redsys\/link.gif\" alt border=\"0\"><\/noscript><img decoding=\"async\" src=\"data:image\/gif;base64,R0lGODlhAQABAIAAAAAAAP\/\/\/yH5BAEAAAAALAAAAAABAAEAAAIBRAA7\" alt border=\"0\" data-src=\"http:\/\/einheit-bernburg.de\/off\/images\/redsys\/link.gif\" class=\" lazyload\"><\/a> <a href=\"https:\/\/einheit-bernburg.de\/content\/wp-content\/uploads\/2025\/07\/Ausschreibung-Herren-NW-SR-2025-2026.pdf\">Ausschreibung Herren NW SR 2025-26<\/a><\/p>\n<p><strong>\u00dcber die Saison 2024\/25 kann man sich ausf\u00fchrlich im Archiv unter B2 &#8211; Junioren informieren<\/strong>.<\/p>\n<hr>\n<h3>Kreisoberliga<\/h3>\n<p><span style=\"text-decoration: underline;\"><strong>25.04.2026<\/strong>&nbsp;Ansto\u00df: <strong>12:00 Uhr<\/strong> &#8211; 18.ST<\/span><br>\nSC Bernburg II. &#8211; SG Einheit Bernburg\/Baalberge II.&nbsp;<strong>5:1 (3:1)<\/strong><\/p>\n<hr>\n<p><span style=\"text-decoration: underline;\"><strong>12.04.2026<\/strong>&nbsp;Ansto\u00df: <strong>11:00 Uhr<\/strong> &#8211; 16.ST<\/span><br>\nSG Schneidlingen\/Cochstedt &#8211; SG Einheit Bernburg\/Baalberge II.&nbsp;<strong>3:1 (2:1)<\/strong><\/p>\n<hr>\n<p><span style=\"text-decoration: underline;\"><strong>08.04.2026<\/strong>&nbsp;Ansto\u00df: <strong>18:00 Uhr<\/strong> &#8211; 12.ST &#8211; Nachholspiel<\/span><br>\nSV 08 Baalberge &#8211; SG Einheit Bernburg\/Baalberge II.&nbsp;<strong>8:1 (5:0)<\/strong><\/p>\n<hr>\n<p><span style=\"text-decoration: underline;\"><strong>15.03.2026<\/strong>&nbsp;Ansto\u00df: <strong>11:00 Uhr<\/strong> &#8211; 15.ST<\/span><br>\nSG Einheit Bernburg\/Baalberge II. &#8211; JSG MTV Welsleben\/ Altenweddingen&nbsp;<strong>1:2 (1:1)<\/strong><\/p>\n<hr>\n<p><span style=\"text-decoration: underline;\"><strong>08.03.2026<\/strong>&nbsp;Ansto\u00df: <strong>12:00 Uhr<\/strong> &#8211; 14.ST<\/span><br>\nSV Traktor Westdorf &#8211; SG Einheit Bernburg\/Baalberge II.&nbsp;<strong>4:0 (2:0)<\/strong><\/p>\n<hr>\n<p><span style=\"text-decoration: underline;\"><strong>28.02.2026<\/strong>&nbsp;Ansto\u00df: <strong>10:00 Uhr<\/strong> &#8211; 13.ST<\/span><br>\nSG Einheit Bernburg\/Baalberge II. &#8211; SV Saxonia 1920 Gatersleben <strong>7:1 (5:0)<\/strong><\/p>\n<hr>\n<h3>Hallenkreismeisterschaft 2025\/26 u. evtl. Hallenturniere<\/h3>\n<p><strong>Freitag, 19.12.2025:<\/strong> HKM &#8211; <strong>Vorrunde<\/strong> Staffel 1<br>\nBeginn: <strong>17:00 Uhr<\/strong> Anreise: ab 16:15 Uhr<br>\nSpielort: WEMA-Sporthalle, Magdeburger Str. 22, 06449 Aschersleben<\/p>\n<p><strong>Endstand:<\/strong><br>\n<strong>1.<\/strong>SG Bernburg\/Sta\u00dffurt,<strong> 2.<\/strong>Lok Aschersleben, <strong>3.<\/strong>SG Calbe\/Barby, <strong>4.<\/strong>SV Pl\u00f6tzkau 1921<br>\n<strong>5.<\/strong>SV 08 Baalberge, <strong>6.<\/strong>SC Bernburg II., 7.Traktor Westdorf, <strong>8.<\/strong>Einheit\/Baalberge II., <strong>9.<\/strong>Gatersleben<br>\n<a href=\"https:\/\/www.fussball.de\/spieltagsuebersicht\/hallenturnier-kreis-salzland-b-junioren-hallen-kreisturnier-b-junioren-saison2526-sachsen-anhalt\/-\/staffel\/02U0MSN738000000VS5489BSVSC3PBUQ-C#!\/\">(Spielplan u. Tabelle)<\/a>&nbsp; &nbsp; &nbsp; <a href=\"https:\/\/einheit-bernburg.de\/content\/wp-content\/uploads\/2025\/11\/Ausschreibung-B-HKM-2025-2026.pdf\">(Ausschreibung)<\/a><\/p>\n<h3>Kreisoberliga<\/h3>\n<p><span style=\"text-decoration: underline;\"><strong>08.11.2025<\/strong> Ansto\u00df: <strong>11:00 Uhr<\/strong> &#8211; 10.ST<\/span><br>\nSG Einheit Bernburg\/Baalberge II. &#8211; TSV Blau-Wei\u00df 49 Eggersdorf&nbsp;<strong>0:5 (0:4)<\/strong><\/p>\n<hr>\n<p><span style=\"text-decoration: underline;\"><strong>02.11.2025<\/strong> Ansto\u00df: <strong>11:00 Uhr<\/strong> &#8211; 9.ST<\/span><br>\nSG Einheit Bernburg\/Baalberge II. &#8211; SG Union Sch\u00f6nebeck\/FSV Wespen&nbsp;<strong>0:8 (0:4)<\/strong><\/p>\n<hr>\n<p><span style=\"text-decoration: underline;\"><strong>26.10.2025<\/strong> Ansto\u00df: <strong>11:00 Uhr<\/strong> &#8211; 8.ST<\/span><br>\nSV Lok Aschersleben &#8211; SG Einheit Bernburg\/Baalberge II.&nbsp;<strong>6:0 (2:0)<\/strong><\/p>\n<hr>\n<p><span style=\"text-decoration: underline;\"><strong>21.09.2025<\/strong> Ansto\u00df: <strong>11:00 Uhr<\/strong> &#8211; 6.ST<\/span><br>\nSG Einheit Bernburg\/Baalberge II. &#8211; SC Bernburg II.&nbsp;<strong>3:4 (2:2)<\/strong><\/p>\n<div dir=\"auto\"><strong>1 Punkt aus zwei Heimspielen<br>\n<\/strong>Nach einem 3:3 gegen Schneidlingen\/Cochstedt, wo der Gastmannschaft der nicht unverdiente Ausgleich kurz vor Spielende gelang und wir uns mit einem Punkt zufrieden geben mussten, war heute mal wieder Derby-Zeit. Einmal mehr gegen den hochmotivierten und gut verst\u00e4rkten SC Bernburg. Ein Traumtor von Lucas der per Volleyschuss aus 20 Metern in den Winkel einnetzte, brachte uns fr\u00fch die F\u00fchrung. Eine Ecke die wir mal wieder verschlafen haben, nutzten die G\u00e4ste vom anderen Saaleufer zum 1:1 eiskalt aus. Ein spannendes Spiel bahnte sich an. Einheit aus der Defensive heraus, aber nicht unanschaulich agierend, ging wieder 2:1 in F\u00fchrung. Diese h\u00e4tte auch ausgebaut werden k\u00f6nnen. Gro\u00dfchancen waren da &#8211; schade. Nun machte der SC Druck. Die Verst\u00e4rkungen aus der Landesligaspielgemeinschaft zeigten ihre Klasse und es stand Mitte zweiter Halbzeit auch mit Hilfe eines Elfmeters&nbsp; 2:3 und nach einem sehenswerten Schuss 2:4. Trotzdem zeigten unsere Jungs echt eine tolle Moral. Mit Disziplin und mentaler St\u00e4rke wurde der gro\u00dfe&nbsp; berechtigte Frust bzw \u00c4rger \u00fcberspielt und h\u00e4tte kurz vor Schluss fast noch zum verdienten Ausgleich gef\u00fchrt, sollte aber nicht sein. Kopf hoch Jungs hei\u00dft es jetzt. Wir Trainer und Fans waren begeistert von eurer Tapferkeit und Spielfreude. Gro\u00dfes Lob an Jannik der sehr gut hielt im Tor, Franz und Luca die das Team immer wieder antrieben und Erik f\u00fcr seine gro\u00dfe Laufleistung.<\/div>\n<div dir=\"auto\"><strong>Kader:<\/strong><\/div>\n<div dir=\"auto\">Jannik, Lenny, Franz, Toni, Yaro, Paul, Lucas, Jonas, LucaL., Levi, Gino, Ahmad, Erik(c) und LucaS.<\/div>\n<div dir=\"auto\"><\/div>\n<hr>\n<p><span style=\"text-decoration: underline;\"><strong>21.09.2025<\/strong> Ansto\u00df: <strong>11:00 Uhr<\/strong> &#8211; 5.ST<\/span><br>\nSG Einheit Bernburg\/Baalberge II. &#8211; SG Schneidlingen\/Cochstedt&nbsp;&nbsp;<strong>3:3 (2:1)<\/strong><\/p>\n<hr>\n<p><span style=\"text-decoration: underline;\"><strong>13.09.2025<\/strong> Ansto\u00df: <strong>13:00 Uhr<\/strong> &#8211; 4.ST<\/span><br>\nJSG Welsleben\/Altenweddingen &#8211; SG Einheit Bernburg\/Baalberge II.&nbsp;<strong>4:0 (1:0)<\/strong><\/p>\n<div dir=\"auto\"><strong>&#8222;Da W\u00e4re mehr drin gewesen&#8220;<\/strong><\/div>\n<div dir=\"auto\">\n<p>In Welsleben auf dem Beetzenberg bei der SG Altenweddingen\/Welsleben mussten sich unsere B &#8211; Junioren trotz spielerisch\/technischer \u00dcberlegenheit leider deutlich mit 4:0 geschlagen geben. Mit nur 12 Spielern angereist, waren wir konditionell und kr\u00e4ftem\u00e4\u00dfig dem personell starken Gastgebern unterlegen. Danke an Fahrer und Fans.<\/p>\n<\/div>\n<div dir=\"auto\"><strong>Kader:&nbsp;<\/strong><\/div>\n<div dir=\"auto\">Jannik, Franz, Lenny, Yaro, Gino, Ahmad, Kenny, Paul, Lucas, Erik, Jan und Luca<\/div>\n<hr>\n<p><span style=\"text-decoration: underline;\"><strong>07.09.2025<\/strong> Ansto\u00df: <strong>11:00 Uhr<\/strong> &#8211; 3.ST<\/span><br>\nSG Einheit Bernburg\/Baalberge II. &#8211; SV Traktor Westdorf&nbsp;<strong>2:1 (1:1)<\/strong><\/p>\n<div dir=\"auto\"><strong>Heimsieg gegen Westdorf&nbsp;<\/strong><\/div>\n<div dir=\"auto\">In einem ansehnlichen Fu\u00dfballspiel vor heimischer Kulisse besiegten unsere B-Junioren die G\u00e4ste vom SV Traktor Westdorf in einer umk\u00e4mpften Partie mit 2:1 Toren. Es h\u00e4tten auch noch ein bis zwei Tore mehr fallen k\u00f6nnen f\u00fcr die Einheit, doch ein klarer Elfmeterpfiff blieb aus und Luca, Jan und Kenny vergaben Gro\u00dfchancen. Dennoch schossen uns, nach R\u00fcckstand, Gino mit einem sehenswerten Schuss in den Winkel und Ahmad nach Kenny-Flanke mit einem Superkopfball zum hochverdienten Sieg.<\/div>\n<div dir=\"auto\">Die robust mit einfachem Fussball auftretenden, aber hochmotivierten Rand-Ascherslebener konnten wir spielerisch und technisch ihre Grenzen aufzeigen. In unserer Abwehr vielen Lucas und Paul mit einer Klasse Leistung auf und Jannik mausert sich so langsam zu einem richtig guten Torwart. So kann es weitergehen. Danke an unsere Fans f\u00fcr die Unterst\u00fctzung<\/div>\n<div dir=\"auto\"><strong>Kader:<\/strong><br>\nJannik, Lenny, Serschan, Ahmad, Paul R., Kenny, Jan, Yaro, Gino, Paul F., Lucas, Eric \u00a9, Luca<\/div>\n<hr>\n<p><span style=\"text-decoration: underline;\"><strong>30.08.2025<\/strong> Ansto\u00df: <strong>11:00 Uhr<\/strong> &#8211; Kreispokal<\/span><br>\nSG Einheit Bernburg\/Baalberge II.&nbsp; &#8211;&nbsp; SV 08 Baalberge&nbsp;<strong>0:9 (0:4)<\/strong><\/p>\n<hr>\n<p><span style=\"text-decoration: underline;\"><strong>23.08.2025<\/strong> Ansto\u00df: <strong>10:00 Uhr<\/strong> &#8211; 2.ST<\/span><br>\nSV Saxonia 1920 Gatersleben &#8211; SG Einheit Bernburg\/Baalberge II.&nbsp;<strong>1:1 (1:1)<\/strong><\/p>\n<div dir=\"auto\"><strong>Ausw\u00e4rts gepunktet<\/strong><\/div>\n<div dir=\"auto\">In Gatersleben bei der Saxonia holte unser B &#8211; Junioren Team mit dem 1:1 einen Punkt. Das Tor f\u00fcr Einheit scho\u00df Luca Schwarz. Einige sehr gute Chancen hatten Rocco, Julius und Lenny R. Das Unentschieden ging aber in Ordnung und war auch f\u00fcr die Gastgeber nicht unverdient.&nbsp; Danke an Fahrer und Fans.<\/div>\n<div dir=\"auto\"><strong>Kader:<\/strong><br>\nJannik(TW), Franz, Lenny Z., Yaro, Gino, Ahmad, Jonas, Erik(C), LennyR., Julius, Lucas, Luca und Rocco<\/div>\n<hr>\n<p><span style=\"text-decoration: underline;\"><strong>17.08.2025<\/strong> Ansto\u00df: <strong>11:00 Uhr<\/strong> &#8211; 1.ST<\/span><br>\nSG Einheit Bernburg\/Baalberge II.&nbsp; &#8211;&nbsp; SV 08 Baalberge <strong>2:5 (1:4)<\/strong><\/p>\n<div dir=\"auto\"><strong>Achtbar geschlagen<\/strong><\/div>\n<div dir=\"auto\">Mit mal wieder vielen personaltechnischen Ver\u00e4nderungen im ersten Ligaspiel mussten sich unsere B Junioren leider 2:5 geschlagen geben. Positive Ans\u00e4tze waren aber f\u00fcr uns Trainer erkennbar. Es wartet aber sehr viel Arbeit auf uns \u00dcbungsleiter mit diesem Team.<\/div>\n<div dir=\"auto\">Gegen die erste Mannschaft unseres Kooperationspartners SV 08 Baalberge waren wir k\u00f6rperlich bzw. athletisch und mannschaftsharmonisch etwas unterlegen. Die drei Spieler von Baalberges zweiter Mannschaft, die mit uns in einer Spielgemeinschaft spielen, integrierten sich sehr gut. Ich hoffe das noch 1- 2 Spieler mehr zu unserer Trainingsgruppe sto\u00dfen, um besser ein Team aufbauen zu k\u00f6nnen. Gerade weil uns unser gro\u00dfes Talent Rawan Ismael leider kurz vorm ersten Saisonspiel Richtung Hannover verlassen hat. Das war hart f\u00fcrs Team. Trotzdem w\u00fcnschen wir ihm und der Familie alles Gute. Desweiteren m\u00fcssen wir im n\u00e4chsten Spiel auf unser letztes technisches Talent Serschan verzichten, der vom ansonsten gut leitenden Schiedrichter v\u00f6llig sinnlos und \u00fcbertrieben mit gelb\/rot vom Platz gestellt wurde. In dieser sehr freundschaftlichen und fairen Partie, wie andere gelbe Karten, total unangebracht. Irgendwie denkt dieser Schiedsrichter die gelben und roten Karten geh\u00f6ren zum Spiel dazu, auch ohne Grund. So die Meinung der Zuschauer und der Trainer. Ich pers\u00f6nlich finde solch fehlerhaftes Handeln sollte in der Schiedrichtergemeinschaft besprochen sein und nicht wie bisher einfach ausgesessen werden oder besser &#8222;Augen zu und durch&#8220;. Das hat nichts mit sportlicher Fairness zu tun. Berechtige Kritik wurde ge\u00e4u\u00dfert, dass vor, w\u00e4hrend und nach dem Spiel kein Verkauf stattfand. Dies sollte nicht passieren!<\/div>\n<div dir=\"auto\"><\/div>\n<div dir=\"auto\"><strong>Im Kader heute waren:<\/strong><\/div>\n<div dir=\"auto\">Jannik, Franz, Lenny, Serschan, Ahmad, Leo, Jonas, Gino, Lucas, LucaS., Jan, Yaro und Erik(\u00a9<\/div>\n<hr>\n<p><strong>Kreispokal ausgelost:<\/strong><br>\n<span style=\"text-decoration: underline;\"><strong>30.08.2025<\/strong> Ansto\u00df: <strong>11:00 Uhr<\/strong>&nbsp;<\/span><br>\nSG Einheit Bernburg-Baalberge II.&nbsp; &#8211;&nbsp; SV 08 Baalberge<br>\n<em><a href=\"https:\/\/www.fussball.de\/spieltagsuebersicht\/kreispokal-b-jugend-kreis-salzland-b-junioren-kreispokal-b-junioren-saison2526-sachsen-anhalt\/-\/staffel\/02TV3GCURG000000VS5489BTVTHCTAHT-C#!\/\">(Alle Spiele)<\/a><\/em><\/p>\n","protected":false},"excerpt":{"rendered":"<p>SG Einheit Bernburg \/ SV 08 Baalberge II. Kreisoberliga 2025\/26 &nbsp; Kader u. Zielstellung Spielplan u. Tabelle RTP-NW-Kreis-2025-26 &nbsp; Ausschreibung Herren NW SR 2025-26 \u00dcber die Saison 2024\/25 kann man sich ausf\u00fchrlich im Archiv unter B2 &#8211; Junioren informieren. Kreisoberliga 25.04.2026&nbsp;Ansto\u00df: 12:00 Uhr &#8211; 18.ST SC Bernburg II. &#8211; SG Einheit Bernburg\/Baalberge II.&nbsp;5:1 (3:1) 12.04.2026&nbsp;Ansto\u00df: [&hellip;]<\/p>\n","protected":false},"author":3,"featured_media":0,"parent":15,"menu_order":5,"comment_status":"closed","ping_status":"closed","template":"","meta":{"footnotes":""},"_links":{"self":[{"href":"https:\/\/einheit-bernburg.de\/content\/index.php?rest_route=\/wp\/v2\/pages\/30376"}],"collection":[{"href":"https:\/\/einheit-bernburg.de\/content\/index.php?rest_route=\/wp\/v2\/pages"}],"about":[{"href":"https:\/\/einheit-bernburg.de\/content\/index.php?rest_route=\/wp\/v2\/types\/page"}],"author":[{"embeddable":true,"href":"https:\/\/einheit-bernburg.de\/content\/index.php?rest_route=\/wp\/v2\/users\/3"}],"replies":[{"embeddable":true,"href":"https:\/\/einheit-bernburg.de\/content\/index.php?rest_route=%2Fwp%2Fv2%2Fcomments&post=30376"}],"version-history":[{"count":259,"href":"https:\/\/einheit-bernburg.de\/content\/index.php?rest_route=\/wp\/v2\/pages\/30376\/revisions"}],"predecessor-version":[{"id":45282,"href":"https:\/\/einheit-bernburg.de\/content\/index.php?rest_route=\/wp\/v2\/pages\/30376\/revisions\/45282"}],"up":[{"embeddable":true,"href":"https:\/\/einheit-bernburg.de\/content\/index.php?rest_route=\/wp\/v2\/pages\/15"}],"wp:attachment":[{"href":"https:\/\/einheit-bernburg.de\/content\/index.php?rest_route=%2Fwp%2Fv2%2Fmedia&parent=30376"}],"curies":[{"name":"wp","href":"https:\/\/api.w.org\/{rel}","templated":true}]}}