{"id":30379,"date":"2022-07-20T08:42:49","date_gmt":"2022-07-20T06:42:49","guid":{"rendered":"https:\/\/einheit-bernburg.de\/content\/?page_id=30379"},"modified":"2025-11-04T13:16:40","modified_gmt":"2025-11-04T12:16:40","slug":"kader-u-zielstellung-d3-junioren","status":"publish","type":"page","link":"https:\/\/einheit-bernburg.de\/content\/?page_id=30379","title":{"rendered":"Kader u. Zielstellung B-Junioren"},"content":{"rendered":"<h1 class=\"aufm\">SG Einheit Bernburg\/Baalberge II.<\/h1>\n<h3>Kreisoberliga \u2013 2025\/26<\/h3>\n<p>Diese Mannschaft besteht aus den Spielern der letztj\u00e4hrigen B2 &#8211; Junioren. Sie bestand haupts\u00e4chlich aus j\u00fcngeren B &#8211; Junioren und C &#8211; Junioren Spielern. Mit dieser Mischung hatte das Kollektiv keinen leichten Stand, k\u00e4mpfte sich daf\u00fcr aber achtbar durch die Saison. Die Mannschaft bleibt weitestgehend so bestehen, aber nun sind die Jungs alle im B-Junioren Alter. Gleichzeitig, um den Kader quantitativ aufzupeppen, bilden der SV Einheit und der SV 08 Baalberge in der aktuellen Saison eine Spielgemeinschaft. Gespielt und trainiert wird auf dem Einheit-Sportplatz.<br \/>\nWir hoffen das funktioniert gut und w\u00fcnschen dem Kollektiv eine erfolgreiche Saison 2025\/26.<\/p>\n<hr \/>\n<div class=\"su-table su-table-alternate\">\n<table style=\"height: 292px;width: 58.023%\" width=\"648\">\n<tbody>\n<tr>\n<td style=\"width: 25.3456%\"><strong>Ansprechpartner<\/strong><\/td>\n<td style=\"width: 78.4946%\">Lothar Kral (Jugendleiter) Mobil: 0162 435 66 23<\/td>\n<\/tr>\n<tr>\n<td style=\"width: 25.3456%\"><strong>Trainingszeiten<\/strong><\/td>\n<td style=\"width: 78.4946%\">Mo u. Do, 16:00 Uhr \u2013 17:30 Uhr Einheit &#8211; Sportplatz<\/td>\n<\/tr>\n<tr>\n<td style=\"width: 25.3456%\"><strong>Hallentraining<br \/>\n<\/strong><\/td>\n<td style=\"width: 78.4946%\">Montag 17:30 Uhr &#8211; 19:00 Uhr Sporthalle &#8222;T\u00f6pferwiese&#8220;<br \/>\n13.11.2025 &#8211; 26.02.2026<\/td>\n<\/tr>\n<tr>\n<td style=\"width: 25.3456%\"><strong>Kunstrasen<br \/>\n<\/strong><\/td>\n<td style=\"width: 78.4946%\">Montag 16:00 Uhr &#8211; 17:30 Uhr<\/td>\n<\/tr>\n<tr>\n<td style=\"width: 25.3456%\"><strong>Trainer<\/strong><\/td>\n<td style=\"width: 78.4946%\">Jens Hammermann\u00a0\u00a0\u00a0\u00a0\u00a0\u00a0\u00a0\u00a0\u00a0\u00a0\u00a0\u00a0 Mobil: 0178 \/ 549 79 58<\/td>\n<\/tr>\n<tr>\n<td style=\"width: 25.3456%\"><strong>Co-Trainer<br \/>\n<\/strong><\/td>\n<td style=\"width: 78.4946%\">Oliver Zabel\u00a0\u00a0\u00a0\u00a0\u00a0\u00a0\u00a0\u00a0\u00a0\u00a0\u00a0\u00a0\u00a0\u00a0\u00a0\u00a0\u00a0\u00a0\u00a0\u00a0\u00a0\u00a0\u00a0\u00a0\u00a0\u00a0 Mobil: 0177 \/ 564 23 78<\/td>\n<\/tr>\n<tr>\n<td style=\"width: 25.3456%\"><strong>Betreuer<\/strong><\/td>\n<td style=\"width: 78.4946%\"><\/td>\n<\/tr>\n<tr>\n<td style=\"width: 25.3456%\"><strong>Zielstellung<\/strong><\/td>\n<td style=\"width: 78.4946%\">Einfach nur organisiert Fu\u00dfballspielen<\/td>\n<\/tr>\n<\/tbody>\n<\/table>\n<\/div>\n<hr \/>\n<h3>Kader<\/h3>\n\n<table id=\"tablepress-141\" class=\"tablepress tablepress-id-141\">\n<thead>\n<tr class=\"row-1 odd\">\n\t<th class=\"column-1\">Name<\/th><th class=\"column-2\">Vorname<\/th><th class=\"column-3\">Jahrgang<\/th><th class=\"column-4\">Herkunft<\/th><th class=\"column-5\"><\/th><th class=\"column-6\"><\/th><th class=\"column-7\"><\/th><th class=\"column-8\"><\/th><th class=\"column-9\"><\/th>\n<\/tr>\n<\/thead>\n<tbody>\n<tr class=\"row-2 even\">\n\t<td class=\"column-1\">Einheit<\/td><td class=\"column-2\"><\/td><td class=\"column-3\"><\/td><td class=\"column-4\"><\/td><td class=\"column-5\"><\/td><td class=\"column-6\"><\/td><td class=\"column-7\"><\/td><td class=\"column-8\"><\/td><td class=\"column-9\"><\/td>\n<\/tr>\n<tr class=\"row-3 odd\">\n\t<td class=\"column-1\">Baake<\/td><td class=\"column-2\">Gino Verene<\/td><td class=\"column-3\">2010<\/td><td class=\"column-4\">SV Einheit<\/td><td class=\"column-5\"><\/td><td class=\"column-6\"><\/td><td class=\"column-7\"><\/td><td class=\"column-8\"><\/td><td class=\"column-9\"><\/td>\n<\/tr>\n<tr class=\"row-4 even\">\n\t<td class=\"column-1\">Demir<\/td><td class=\"column-2\">Janik Noel<\/td><td class=\"column-3\">2009<\/td><td class=\"column-4\">SV Einheit<\/td><td class=\"column-5\"><\/td><td class=\"column-6\"><\/td><td class=\"column-7\"><\/td><td class=\"column-8\"><\/td><td class=\"column-9\"><\/td>\n<\/tr>\n<tr class=\"row-5 odd\">\n\t<td class=\"column-1\">Fadel<\/td><td class=\"column-2\">Ahmad<\/td><td class=\"column-3\">2011<\/td><td class=\"column-4\">SV Einheit<\/td><td class=\"column-5\"><\/td><td class=\"column-6\"><\/td><td class=\"column-7\"><\/td><td class=\"column-8\"><\/td><td class=\"column-9\"><\/td>\n<\/tr>\n<tr class=\"row-6 even\">\n\t<td class=\"column-1\">Fiedler<\/td><td class=\"column-2\">Lucas<\/td><td class=\"column-3\">2010<\/td><td class=\"column-4\">SV Einheit<\/td><td class=\"column-5\"><\/td><td class=\"column-6\"><\/td><td class=\"column-7\"><\/td><td class=\"column-8\"><\/td><td class=\"column-9\"><\/td>\n<\/tr>\n<tr class=\"row-7 odd\">\n\t<td class=\"column-1\">Hammerman<\/td><td class=\"column-2\">Franz Otto <\/td><td class=\"column-3\">2010<\/td><td class=\"column-4\">SV Einheit<\/td><td class=\"column-5\"><\/td><td class=\"column-6\"><\/td><td class=\"column-7\"><\/td><td class=\"column-8\"><\/td><td class=\"column-9\"><\/td>\n<\/tr>\n<tr class=\"row-8 even\">\n\t<td class=\"column-1\">Littig<\/td><td class=\"column-2\">Luca<\/td><td class=\"column-3\">2009<\/td><td class=\"column-4\">SV Einheit<\/td><td class=\"column-5\"><\/td><td class=\"column-6\"><\/td><td class=\"column-7\"><\/td><td class=\"column-8\"><\/td><td class=\"column-9\"><\/td>\n<\/tr>\n<tr class=\"row-9 odd\">\n\t<td class=\"column-1\">Mehmeti<\/td><td class=\"column-2\">Serschan<\/td><td class=\"column-3\">2010<\/td><td class=\"column-4\">SV Einheit<\/td><td class=\"column-5\"><\/td><td class=\"column-6\"><\/td><td class=\"column-7\"><\/td><td class=\"column-8\"><\/td><td class=\"column-9\"><\/td>\n<\/tr>\n<tr class=\"row-10 even\">\n\t<td class=\"column-1\">M\u00fcller<\/td><td class=\"column-2\">Erik<\/td><td class=\"column-3\">2010<\/td><td class=\"column-4\">SV Einheit<\/td><td class=\"column-5\"><\/td><td class=\"column-6\"><\/td><td class=\"column-7\"><\/td><td class=\"column-8\"><\/td><td class=\"column-9\"><\/td>\n<\/tr>\n<tr class=\"row-11 odd\">\n\t<td class=\"column-1\">Naidenko<\/td><td class=\"column-2\">Yaroslav<\/td><td class=\"column-3\">2009<\/td><td class=\"column-4\">SV Einheit \/ Ukraine<\/td><td class=\"column-5\"><\/td><td class=\"column-6\"><\/td><td class=\"column-7\"><\/td><td class=\"column-8\"><\/td><td class=\"column-9\"><\/td>\n<\/tr>\n<tr class=\"row-12 even\">\n\t<td class=\"column-1\">Rogge<\/td><td class=\"column-2\">Paul Bennet<\/td><td class=\"column-3\">2009<\/td><td class=\"column-4\">SC Bernburg<\/td><td class=\"column-5\"><\/td><td class=\"column-6\"><\/td><td class=\"column-7\"><\/td><td class=\"column-8\"><\/td><td class=\"column-9\"><\/td>\n<\/tr>\n<tr class=\"row-13 odd\">\n\t<td class=\"column-1\">Schwarz<\/td><td class=\"column-2\">Luca<\/td><td class=\"column-3\">2009<\/td><td class=\"column-4\">SV Einheit<\/td><td class=\"column-5\"><\/td><td class=\"column-6\"><\/td><td class=\"column-7\"><\/td><td class=\"column-8\"><\/td><td class=\"column-9\"><\/td>\n<\/tr>\n<tr class=\"row-14 even\">\n\t<td class=\"column-1\">Zabel<\/td><td class=\"column-2\">Lenny<\/td><td class=\"column-3\">2009<\/td><td class=\"column-4\">SV Einheit<\/td><td class=\"column-5\"><\/td><td class=\"column-6\"><\/td><td class=\"column-7\"><\/td><td class=\"column-8\"><\/td><td class=\"column-9\"><\/td>\n<\/tr>\n<tr class=\"row-15 odd\">\n\t<td class=\"column-1\">SV 08 Baalberge<\/td><td class=\"column-2\"><\/td><td class=\"column-3\"><\/td><td class=\"column-4\"><\/td><td class=\"column-5\"><\/td><td class=\"column-6\"><\/td><td class=\"column-7\"><\/td><td class=\"column-8\"><\/td><td class=\"column-9\"><\/td>\n<\/tr>\n<tr class=\"row-16 even\">\n\t<td class=\"column-1\">27 Spieler der Jahrg\u00e4nge<\/td><td class=\"column-2\">2009 u. 2010<\/td><td class=\"column-3\">einsetzbar<\/td><td class=\"column-4\">SV 08 Baalberge<\/td><td class=\"column-5\"><\/td><td class=\"column-6\"><\/td><td class=\"column-7\"><\/td><td class=\"column-8\"><\/td><td class=\"column-9\"><\/td>\n<\/tr>\n<\/tbody>\n<\/table>\n\n","protected":false},"excerpt":{"rendered":"<p>SG Einheit Bernburg\/Baalberge II. Kreisoberliga \u2013 2025\/26 Diese Mannschaft besteht aus den Spielern der letztj\u00e4hrigen B2 &#8211; Junioren. Sie bestand haupts\u00e4chlich aus j\u00fcngeren B &#8211; Junioren und C &#8211; Junioren Spielern. Mit dieser Mischung hatte das Kollektiv keinen leichten Stand, k\u00e4mpfte sich daf\u00fcr aber achtbar durch die Saison. Die Mannschaft bleibt weitestgehend so bestehen, aber [&hellip;]<\/p>\n","protected":false},"author":3,"featured_media":0,"parent":30376,"menu_order":0,"comment_status":"closed","ping_status":"closed","template":"","meta":{"footnotes":""},"_links":{"self":[{"href":"https:\/\/einheit-bernburg.de\/content\/index.php?rest_route=\/wp\/v2\/pages\/30379"}],"collection":[{"href":"https:\/\/einheit-bernburg.de\/content\/index.php?rest_route=\/wp\/v2\/pages"}],"about":[{"href":"https:\/\/einheit-bernburg.de\/content\/index.php?rest_route=\/wp\/v2\/types\/page"}],"author":[{"embeddable":true,"href":"https:\/\/einheit-bernburg.de\/content\/index.php?rest_route=\/wp\/v2\/users\/3"}],"replies":[{"embeddable":true,"href":"https:\/\/einheit-bernburg.de\/content\/index.php?rest_route=%2Fwp%2Fv2%2Fcomments&post=30379"}],"version-history":[{"count":26,"href":"https:\/\/einheit-bernburg.de\/content\/index.php?rest_route=\/wp\/v2\/pages\/30379\/revisions"}],"predecessor-version":[{"id":43567,"href":"https:\/\/einheit-bernburg.de\/content\/index.php?rest_route=\/wp\/v2\/pages\/30379\/revisions\/43567"}],"up":[{"embeddable":true,"href":"https:\/\/einheit-bernburg.de\/content\/index.php?rest_route=\/wp\/v2\/pages\/30376"}],"wp:attachment":[{"href":"https:\/\/einheit-bernburg.de\/content\/index.php?rest_route=%2Fwp%2Fv2%2Fmedia&parent=30379"}],"curies":[{"name":"wp","href":"https:\/\/api.w.org\/{rel}","templated":true}]}}