{"id":30402,"date":"2022-07-20T14:28:49","date_gmt":"2022-07-20T12:28:49","guid":{"rendered":"https:\/\/einheit-bernburg.de\/content\/?page_id=30402"},"modified":"2022-07-20T14:28:49","modified_gmt":"2022-07-20T12:28:49","slug":"kader-u-zielstellung-f1-junioren","status":"publish","type":"page","link":"https:\/\/einheit-bernburg.de\/content\/?page_id=30402","title":{"rendered":"Archiv Kader u. Zielstellung E-Junioren 2021\/22"},"content":{"rendered":"<h1 class=\"aufm\">SV Einheit Bernburg<\/h1>\n<h3>1.Kreisklasse St. 1 &#8211; 2021\/22<\/h3>\n<p>In der zur\u00fcckliegenden abgebrochenen Saison spielte die Mannschaft, schon als j\u00fcngerer Jahrgang, in ihrer Vorrundenstaffel ein sehr gute Rolle und nahm einen Spitzenplatz ein. Nun sind die Kinder haupts\u00e4chlich der \u00e4ltere Jahrgang dieser Altersklasse, was nat\u00fcrlich die Hoffnung n\u00e4hrt, auch in dieser Saison im Vorderfeld abzuschneiden, auch wenn einige Spieler zum Saisonende das Team verlassen haben.<br \/>\n<em><strong>W<\/strong><strong>ir w\u00fcnschen dem gesamten Kollektiv\u00a0 f\u00fcr das neue Spieljahr gutes Gelingen und viel Erfolg!<\/strong><\/em><\/p>\n<hr \/>\n<div class=\"su-table su-table-alternate\">\n<table style=\"height: 216px\">\n<tbody>\n<tr style=\"height: 72px\">\n<td style=\"width: 158px;height: 72px\"><strong>Ansprechpartner<\/strong><\/td>\n<td style=\"width: 476px;height: 72px\">Lothar Kral (Sportlicher Leiter &#8211; Einheit)<br \/>\nTel.: 03471 \/ 311868, Mobil: 0162 \/ 435 66 23<\/td>\n<\/tr>\n<tr style=\"height: 24px\">\n<td style=\"width: 158px;height: 24px\"><strong>Trainingszeit<\/strong><\/td>\n<td style=\"width: 476px;height: 24px\">Montag u. Donnerstag\u00a0 17:00 Uhr &#8211; 18:30 Uhr Einheit &#8211; Sportplatz<\/td>\n<\/tr>\n<tr>\n<td style=\"width: 158px\"><strong>\u00a0<\/strong><\/td>\n<td style=\"width: 476px\"><strong>Winter<\/strong><\/td>\n<\/tr>\n<tr style=\"height: 24px\">\n<td style=\"width: 158px;height: 24px\"><strong>Hallentraining<br \/>\n<\/strong><\/td>\n<td style=\"width: 476px;height: 24px\">Montag 17:20 Uhr &#8211; 18:40 Uhr\u00a0\u00a0\u00a0\u00a0\u00a0 18.10.21 &#8211; 14.03.22<\/td>\n<\/tr>\n<tr style=\"height: 24px\">\n<td style=\"width: 158px;height: 24px\"><strong>Kunstrasen<br \/>\n<\/strong><\/td>\n<td style=\"width: 476px;height: 24px\"><\/td>\n<\/tr>\n<tr style=\"height: 24px\">\n<td style=\"width: 158px;height: 24px\"><strong>Trainer<\/strong><\/td>\n<td style=\"width: 476px;height: 24px\">Marc Wiltner:\u00a0\u00a0\u00a0\u00a0\u00a0\u00a0\u00a0\u00a0\u00a0\u00a0\u00a0\u00a0 Mobil: 0157 &#8211; 582 300 65<\/td>\n<\/tr>\n<tr style=\"height: 24px\">\n<td style=\"width: 158px;height: 24px\"><strong>Trainer<\/strong><\/td>\n<td style=\"width: 476px;height: 24px\">Jonas Souschek:\u00a0\u00a0\u00a0\u00a0\u00a0\u00a0\u00a0\u00a0 Mobil: 0163 &#8211; 201 21 56<\/td>\n<\/tr>\n<tr style=\"height: 24px\">\n<td style=\"width: 158px;height: 24px\"><strong>Zielstellung<\/strong><\/td>\n<td style=\"width: 476px;height: 24px\">Spitzenplatz in ihrer Staffel \/ Weiterentwicklung der technisch taktischen F\u00e4higkeiten<\/td>\n<\/tr>\n<\/tbody>\n<\/table>\n<\/div>\n<hr \/>\n<h3>Kader<\/h3>\n\n<table id=\"tablepress-103\" class=\"tablepress tablepress-id-103\">\n<thead>\n<tr class=\"row-1 odd\">\n\t<th class=\"column-1\">Name<\/th><th class=\"column-2\">Vorname<\/th><th class=\"column-3\">Jahrgang<\/th><th class=\"column-4\">Herkunft<\/th><th class=\"column-5\"><\/th><th class=\"column-6\"><\/th><th class=\"column-7\"><\/th><th class=\"column-8\"><\/th><th class=\"column-9\"><\/th>\n<\/tr>\n<\/thead>\n<tbody>\n<tr class=\"row-2 even\">\n\t<td class=\"column-1\">Angermann<\/td><td class=\"column-2\">Max Elias<\/td><td class=\"column-3\">2011<\/td><td class=\"column-4\">SV Einheit<\/td><td class=\"column-5\"><\/td><td class=\"column-6\"><\/td><td class=\"column-7\"><\/td><td class=\"column-8\"><\/td><td class=\"column-9\"><\/td>\n<\/tr>\n<tr class=\"row-3 odd\">\n\t<td class=\"column-1\">Bestehorn<\/td><td class=\"column-2\">Aaron<\/td><td class=\"column-3\">2011<\/td><td class=\"column-4\">SV Einheit<\/td><td class=\"column-5\"><\/td><td class=\"column-6\"><\/td><td class=\"column-7\"><\/td><td class=\"column-8\"><\/td><td class=\"column-9\"><\/td>\n<\/tr>\n<tr class=\"row-4 even\">\n\t<td class=\"column-1\">Janek<\/td><td class=\"column-2\">Finja Minette<\/td><td class=\"column-3\">2011<\/td><td class=\"column-4\">SV Einheit<\/td><td class=\"column-5\"><\/td><td class=\"column-6\"><\/td><td class=\"column-7\"><\/td><td class=\"column-8\"><\/td><td class=\"column-9\"><\/td>\n<\/tr>\n<tr class=\"row-5 odd\">\n\t<td class=\"column-1\">Korn<\/td><td class=\"column-2\">Laurin<\/td><td class=\"column-3\">2011<\/td><td class=\"column-4\">SV Einheit<\/td><td class=\"column-5\"><\/td><td class=\"column-6\"><\/td><td class=\"column-7\"><\/td><td class=\"column-8\"><\/td><td class=\"column-9\"><\/td>\n<\/tr>\n<tr class=\"row-6 even\">\n\t<td class=\"column-1\">Krug<\/td><td class=\"column-2\">Lionel Mathias<\/td><td class=\"column-3\">2011<\/td><td class=\"column-4\">SV Einheit<\/td><td class=\"column-5\"><\/td><td class=\"column-6\"><\/td><td class=\"column-7\"><\/td><td class=\"column-8\"><\/td><td class=\"column-9\"><\/td>\n<\/tr>\n<tr class=\"row-7 odd\">\n\t<td class=\"column-1\">Kurbneshi<\/td><td class=\"column-2\">Adrian<\/td><td class=\"column-3\">2011<\/td><td class=\"column-4\">SV Einheit<\/td><td class=\"column-5\"><\/td><td class=\"column-6\"><\/td><td class=\"column-7\"><\/td><td class=\"column-8\"><\/td><td class=\"column-9\"><\/td>\n<\/tr>\n<tr class=\"row-8 even\">\n\t<td class=\"column-1\">M\u00fcller<\/td><td class=\"column-2\">Toni<\/td><td class=\"column-3\">2011<\/td><td class=\"column-4\">SV Einheit<\/td><td class=\"column-5\"><\/td><td class=\"column-6\"><\/td><td class=\"column-7\"><\/td><td class=\"column-8\"><\/td><td class=\"column-9\"><\/td>\n<\/tr>\n<tr class=\"row-9 odd\">\n\t<td class=\"column-1\">Nietschmann<\/td><td class=\"column-2\">Oscar<\/td><td class=\"column-3\">2011<\/td><td class=\"column-4\">SV Einheit<\/td><td class=\"column-5\"><\/td><td class=\"column-6\"><\/td><td class=\"column-7\"><\/td><td class=\"column-8\"><\/td><td class=\"column-9\"><\/td>\n<\/tr>\n<tr class=\"row-10 even\">\n\t<td class=\"column-1\">Schulz<\/td><td class=\"column-2\">Max<\/td><td class=\"column-3\">2011<\/td><td class=\"column-4\">zur\u00fcck vom SC Bernburg<\/td><td class=\"column-5\"><\/td><td class=\"column-6\"><\/td><td class=\"column-7\"><\/td><td class=\"column-8\"><\/td><td class=\"column-9\"><\/td>\n<\/tr>\n<tr class=\"row-11 odd\">\n\t<td class=\"column-1\">Schr\u00f6der <\/td><td class=\"column-2\">Mats<\/td><td class=\"column-3\">2011<\/td><td class=\"column-4\">SV Einheit<\/td><td class=\"column-5\"><\/td><td class=\"column-6\"><\/td><td class=\"column-7\"><\/td><td class=\"column-8\"><\/td><td class=\"column-9\"><\/td>\n<\/tr>\n<tr class=\"row-12 even\">\n\t<td class=\"column-1\">Sluschny<\/td><td class=\"column-2\">Jason Ryan<\/td><td class=\"column-3\">2011<\/td><td class=\"column-4\">SV Einheit<\/td><td class=\"column-5\"><\/td><td class=\"column-6\"><\/td><td class=\"column-7\"><\/td><td class=\"column-8\"><\/td><td class=\"column-9\"><\/td>\n<\/tr>\n<tr class=\"row-13 odd\">\n\t<td class=\"column-1\">Tila<\/td><td class=\"column-2\">Deizi<\/td><td class=\"column-3\">2011<\/td><td class=\"column-4\">SV Einheit<\/td><td class=\"column-5\"><\/td><td class=\"column-6\"><\/td><td class=\"column-7\"><\/td><td class=\"column-8\"><\/td><td class=\"column-9\"><\/td>\n<\/tr>\n<tr class=\"row-14 even\">\n\t<td class=\"column-1\">Tymchuk<\/td><td class=\"column-2\">Juri<\/td><td class=\"column-3\">2011<\/td><td class=\"column-4\">SV Einheit \/ Ukraine<\/td><td class=\"column-5\"><\/td><td class=\"column-6\"><\/td><td class=\"column-7\"><\/td><td class=\"column-8\"><\/td><td class=\"column-9\"><\/td>\n<\/tr>\n<tr class=\"row-15 odd\">\n\t<td class=\"column-1\">Weschke<\/td><td class=\"column-2\">Maximilian<\/td><td class=\"column-3\">2011<\/td><td class=\"column-4\">SV Einheit<\/td><td class=\"column-5\"><\/td><td class=\"column-6\"><\/td><td class=\"column-7\"><\/td><td class=\"column-8\"><\/td><td class=\"column-9\"><\/td>\n<\/tr>\n<tr class=\"row-16 even\">\n\t<td class=\"column-1\"><\/td><td class=\"column-2\"><\/td><td class=\"column-3\"><\/td><td class=\"column-4\"><\/td><td class=\"column-5\"><\/td><td class=\"column-6\"><\/td><td class=\"column-7\"><\/td><td class=\"column-8\"><\/td><td class=\"column-9\"><\/td>\n<\/tr>\n<tr class=\"row-17 odd\">\n\t<td class=\"column-1\">Fischmann<\/td><td class=\"column-2\">Nils<\/td><td class=\"column-3\">2012<\/td><td class=\"column-4\">SV Einheit<\/td><td class=\"column-5\"><\/td><td class=\"column-6\"><\/td><td class=\"column-7\"><\/td><td class=\"column-8\"><\/td><td class=\"column-9\"><\/td>\n<\/tr>\n<tr class=\"row-18 even\">\n\t<td class=\"column-1\">Franke<\/td><td class=\"column-2\">Lennard Christian<\/td><td class=\"column-3\">2012<\/td><td class=\"column-4\">SV Einheit<\/td><td class=\"column-5\"><\/td><td class=\"column-6\"><\/td><td class=\"column-7\"><\/td><td class=\"column-8\"><\/td><td class=\"column-9\"><\/td>\n<\/tr>\n<tr class=\"row-19 odd\">\n\t<td class=\"column-1\">Haidari<\/td><td class=\"column-2\">Omid<\/td><td class=\"column-3\">2012<\/td><td class=\"column-4\">SV Einheit \/ Afghanistan<\/td><td class=\"column-5\"><\/td><td class=\"column-6\"><\/td><td class=\"column-7\"><\/td><td class=\"column-8\"><\/td><td class=\"column-9\"><\/td>\n<\/tr>\n<tr class=\"row-20 even\">\n\t<td class=\"column-1\">Hartenstein<\/td><td class=\"column-2\">Lukas<\/td><td class=\"column-3\">2012<\/td><td class=\"column-4\">SV Einheit<\/td><td class=\"column-5\"><\/td><td class=\"column-6\"><\/td><td class=\"column-7\"><\/td><td class=\"column-8\"><\/td><td class=\"column-9\"><\/td>\n<\/tr>\n<tr class=\"row-21 odd\">\n\t<td class=\"column-1\">Timplan<\/td><td class=\"column-2\">Felix<\/td><td class=\"column-3\">2012<\/td><td class=\"column-4\">SV Einheit<\/td><td class=\"column-5\"><\/td><td class=\"column-6\"><\/td><td class=\"column-7\"><\/td><td class=\"column-8\"><\/td><td class=\"column-9\"><\/td>\n<\/tr>\n<\/tbody>\n<\/table>\n\n","protected":false},"excerpt":{"rendered":"<p>SV Einheit Bernburg 1.Kreisklasse St. 1 &#8211; 2021\/22 In der zur\u00fcckliegenden abgebrochenen Saison spielte die Mannschaft, schon als j\u00fcngerer Jahrgang, in ihrer Vorrundenstaffel ein sehr gute Rolle und nahm einen Spitzenplatz ein. Nun sind die Kinder haupts\u00e4chlich der \u00e4ltere Jahrgang dieser Altersklasse, was nat\u00fcrlich die Hoffnung n\u00e4hrt, auch in dieser Saison im Vorderfeld abzuschneiden, auch [&hellip;]<\/p>\n","protected":false},"author":3,"featured_media":0,"parent":30401,"menu_order":0,"comment_status":"closed","ping_status":"closed","template":"","meta":{"footnotes":""},"_links":{"self":[{"href":"https:\/\/einheit-bernburg.de\/content\/index.php?rest_route=\/wp\/v2\/pages\/30402"}],"collection":[{"href":"https:\/\/einheit-bernburg.de\/content\/index.php?rest_route=\/wp\/v2\/pages"}],"about":[{"href":"https:\/\/einheit-bernburg.de\/content\/index.php?rest_route=\/wp\/v2\/types\/page"}],"author":[{"embeddable":true,"href":"https:\/\/einheit-bernburg.de\/content\/index.php?rest_route=\/wp\/v2\/users\/3"}],"replies":[{"embeddable":true,"href":"https:\/\/einheit-bernburg.de\/content\/index.php?rest_route=%2Fwp%2Fv2%2Fcomments&post=30402"}],"version-history":[{"count":1,"href":"https:\/\/einheit-bernburg.de\/content\/index.php?rest_route=\/wp\/v2\/pages\/30402\/revisions"}],"predecessor-version":[{"id":30403,"href":"https:\/\/einheit-bernburg.de\/content\/index.php?rest_route=\/wp\/v2\/pages\/30402\/revisions\/30403"}],"up":[{"embeddable":true,"href":"https:\/\/einheit-bernburg.de\/content\/index.php?rest_route=\/wp\/v2\/pages\/30401"}],"wp:attachment":[{"href":"https:\/\/einheit-bernburg.de\/content\/index.php?rest_route=%2Fwp%2Fv2%2Fmedia&parent=30402"}],"curies":[{"name":"wp","href":"https:\/\/api.w.org\/{rel}","templated":true}]}}