{"id":334,"date":"2015-09-24T14:50:42","date_gmt":"2015-09-24T12:50:42","guid":{"rendered":"http:\/\/einheit-bernburg.de\/content\/?page_id=334"},"modified":"2018-07-27T09:45:04","modified_gmt":"2018-07-27T07:45:04","slug":"g2-junioren","status":"publish","type":"page","link":"https:\/\/einheit-bernburg.de\/content\/?page_id=334","title":{"rendered":"Archiv G-Junioren TV Askania Bernburg 2017\/18"},"content":{"rendered":"<h1 class=\"aufm\">TV Askania&nbsp;Bernburg<\/h1>\n<h3 class=\"aufm\">Fair &#8211; Play Liga 2017\/18<\/h3>\n<p><a href=\"http:\/\/einheit-bernburg.de\/content\/wp-content\/uploads\/2015\/09\/TV-Askania-G-Jun._2016-17.jpg\"><noscript><img decoding=\"async\" class=\"alignnone wp-image-5021 size-full\" src=\"http:\/\/einheit-bernburg.de\/content\/wp-content\/uploads\/2015\/09\/TV-Askania-G-Jun._2016-17.jpg\" alt=\"tv-askania-g-jun-_2016-17\" width=\"1600\" height=\"900\" srcset=\"https:\/\/einheit-bernburg.de\/content\/wp-content\/uploads\/2015\/09\/TV-Askania-G-Jun._2016-17.jpg 1600w, https:\/\/einheit-bernburg.de\/content\/wp-content\/uploads\/2015\/09\/TV-Askania-G-Jun._2016-17-300x169.jpg 300w, https:\/\/einheit-bernburg.de\/content\/wp-content\/uploads\/2015\/09\/TV-Askania-G-Jun._2016-17-768x432.jpg 768w, https:\/\/einheit-bernburg.de\/content\/wp-content\/uploads\/2015\/09\/TV-Askania-G-Jun._2016-17-1024x576.jpg 1024w, https:\/\/einheit-bernburg.de\/content\/wp-content\/uploads\/2015\/09\/TV-Askania-G-Jun._2016-17-1080x608.jpg 1080w\" sizes=\"(max-width: 1600px) 100vw, 1600px\"><\/noscript><img decoding=\"async\" class=\"alignnone wp-image-5021 size-full lazyload\" src=\"data:image\/svg+xml,%3Csvg%20xmlns%3D%22http%3A%2F%2Fwww.w3.org%2F2000%2Fsvg%22%20viewBox%3D%220%200%201600%20900%22%3E%3C%2Fsvg%3E\" alt=\"tv-askania-g-jun-_2016-17\" width=\"1600\" height=\"900\" srcset=\"data:image\/svg+xml,%3Csvg%20xmlns%3D%22http%3A%2F%2Fwww.w3.org%2F2000%2Fsvg%22%20viewBox%3D%220%200%201600%20900%22%3E%3C%2Fsvg%3E 1600w\" sizes=\"(max-width: 1600px) 100vw, 1600px\" data-srcset=\"https:\/\/einheit-bernburg.de\/content\/wp-content\/uploads\/2015\/09\/TV-Askania-G-Jun._2016-17.jpg 1600w, https:\/\/einheit-bernburg.de\/content\/wp-content\/uploads\/2015\/09\/TV-Askania-G-Jun._2016-17-300x169.jpg 300w, https:\/\/einheit-bernburg.de\/content\/wp-content\/uploads\/2015\/09\/TV-Askania-G-Jun._2016-17-768x432.jpg 768w, https:\/\/einheit-bernburg.de\/content\/wp-content\/uploads\/2015\/09\/TV-Askania-G-Jun._2016-17-1024x576.jpg 1024w, https:\/\/einheit-bernburg.de\/content\/wp-content\/uploads\/2015\/09\/TV-Askania-G-Jun._2016-17-1080x608.jpg 1080w\" data-src=\"http:\/\/einheit-bernburg.de\/content\/wp-content\/uploads\/2015\/09\/TV-Askania-G-Jun._2016-17.jpg\"><\/a><\/p>\n<p>Foto von 2016\/17 &#8211; Aktuelles Foto w\u00fcrde folgen<\/p>\n<hr>\n<p><a class=\"submenu\" href=\"http:\/\/einheit-bernburg.de\/content\/?page_id=563\" target=\"_blank\" rel=\"noopener noreferrer\"><noscript><img decoding=\"async\" src=\"http:\/\/einheit-bernburg.de\/off\/images\/redsys\/link.gif\" alt border=\"0\"><\/noscript><img decoding=\"async\" src=\"data:image\/gif;base64,R0lGODlhAQABAIAAAAAAAP\/\/\/yH5BAEAAAAALAAAAAABAAEAAAIBRAA7\" alt border=\"0\" data-src=\"http:\/\/einheit-bernburg.de\/off\/images\/redsys\/link.gif\" class=\" lazyload\"> Kader u. Zielstellung<\/a><\/p>\n<p><a class=\"submenu\" href=\"http:\/\/einheit-bernburg.de\/content\/?page_id=4041\" target=\"_blank\" rel=\"noopener noreferrer\"><noscript><img decoding=\"async\" src=\"http:\/\/einheit-bernburg.de\/off\/images\/redsys\/link.gif\" alt border=\"0\"><\/noscript><img decoding=\"async\" src=\"data:image\/gif;base64,R0lGODlhAQABAIAAAAAAAP\/\/\/yH5BAEAAAAALAAAAAABAAEAAAIBRAA7\" alt border=\"0\" data-src=\"http:\/\/einheit-bernburg.de\/off\/images\/redsys\/link.gif\" class=\" lazyload\"><\/a> <a href=\"http:\/\/einheit-bernburg.de\/content\/wp-content\/uploads\/2016\/07\/Ausschreibung-RTP-Spielbetrieb-G-Junioren.pdf\">Ausschreibung-Rahmenterminplan Spielbetrieb G-Junioren<\/a><\/p>\n<p><strong>Wir suchen st\u00e4ndig Jungs u. M\u00e4dels im Alter von 4 &#8211; 6 Jahren, also ab Jahrgang 2011 und j\u00fcnger.<\/strong><br>\n<span style=\"color: #0000ff;\">Der TV Askania Bernburg beabsichtigt auch in diesem Jahr eine Bambini &#8211; Mannschaft mit Kindern zwischen 4 u. 6 Jahren zu bilden. Anmeldungen bei Herrn Markus Becker &#8211; Jugendleiter TV Askania Bernburg&nbsp; (Mobil: 0160 \/ 973 796 29).<br>\n<\/span>Findet sich ein Team zusammen, werden nach Absprache entsprechende Trainingszeiten bekannt gegeben.<\/p>\n<p><em>Hinweise zu den Aktivit\u00e4ten des Vereins in dieser Altersklasse in den vergangenen Jahren finden Sie im nebenstehenden Archiv.<\/em><\/p>\n<p>&nbsp;<\/p>\n<hr>\n<p>&nbsp;<\/p>\n","protected":false},"excerpt":{"rendered":"<p>TV Askania&nbsp;Bernburg Fair &#8211; Play Liga 2017\/18 Foto von 2016\/17 &#8211; Aktuelles Foto w\u00fcrde folgen Kader u. Zielstellung Ausschreibung-Rahmenterminplan Spielbetrieb G-Junioren Wir suchen st\u00e4ndig Jungs u. M\u00e4dels im Alter von 4 &#8211; 6 Jahren, also ab Jahrgang 2011 und j\u00fcnger. Der TV Askania Bernburg beabsichtigt auch in diesem Jahr eine Bambini &#8211; Mannschaft mit Kindern [&hellip;]<\/p>\n","protected":false},"author":3,"featured_media":0,"parent":13438,"menu_order":15,"comment_status":"closed","ping_status":"closed","template":"","meta":{"footnotes":""},"_links":{"self":[{"href":"https:\/\/einheit-bernburg.de\/content\/index.php?rest_route=\/wp\/v2\/pages\/334"}],"collection":[{"href":"https:\/\/einheit-bernburg.de\/content\/index.php?rest_route=\/wp\/v2\/pages"}],"about":[{"href":"https:\/\/einheit-bernburg.de\/content\/index.php?rest_route=\/wp\/v2\/types\/page"}],"author":[{"embeddable":true,"href":"https:\/\/einheit-bernburg.de\/content\/index.php?rest_route=\/wp\/v2\/users\/3"}],"replies":[{"embeddable":true,"href":"https:\/\/einheit-bernburg.de\/content\/index.php?rest_route=%2Fwp%2Fv2%2Fcomments&post=334"}],"version-history":[{"count":80,"href":"https:\/\/einheit-bernburg.de\/content\/index.php?rest_route=\/wp\/v2\/pages\/334\/revisions"}],"predecessor-version":[{"id":14567,"href":"https:\/\/einheit-bernburg.de\/content\/index.php?rest_route=\/wp\/v2\/pages\/334\/revisions\/14567"}],"up":[{"embeddable":true,"href":"https:\/\/einheit-bernburg.de\/content\/index.php?rest_route=\/wp\/v2\/pages\/13438"}],"wp:attachment":[{"href":"https:\/\/einheit-bernburg.de\/content\/index.php?rest_route=%2Fwp%2Fv2%2Fmedia&parent=334"}],"curies":[{"name":"wp","href":"https:\/\/api.w.org\/{rel}","templated":true}]}}