{"id":34391,"date":"2023-08-23T08:49:35","date_gmt":"2023-08-23T06:49:35","guid":{"rendered":"https:\/\/einheit-bernburg.de\/content\/?page_id=34391"},"modified":"2023-08-24T01:57:04","modified_gmt":"2023-08-23T23:57:04","slug":"kader-u-zielstellung","status":"publish","type":"page","link":"https:\/\/einheit-bernburg.de\/content\/?page_id=34391","title":{"rendered":"Archiv Kader u. Zielstellung 2. Herren 2022\/23"},"content":{"rendered":"<h1>Ssg. Einheit Bernburg II.\/Sportlust Gr\u00f6na<\/h1>\n<h3>1. Kreisklasse\u00a0 2023\/24<\/h3>\n<p>In der letzten Saison war zun\u00e4chst der Klassenerhalt das Hauptziel, was dann aber kam war grandios. Die Wiltner-Sch\u00fctzlinge setzten eine Siegesserie an, wobei sie sogar beim Staffelsieger SC Bernburg II. siegten. F\u00fcr eine Zeit hielt man so die Tabellenspitze. Am Ende sprang ein sehr guter 3.Platz heraus. Diese Vorjahrsleistung zu toppen wird schwer. Aber wer wei\u00df? Der Kader ist unver\u00e4ndert geblieben. Bis auf Lucas Ilgenstein (A-Junioren) keine Zug\u00e4nge, aber auch keine Abg\u00e4nge. F\u00fcr Konstanz ist also gesorgt und man darf auf diese Saison gespannt sein.<strong><br \/>\nSch\u00f6n w\u00e4re es auch, wenn sich zur Unterst\u00fctzung des Trainers zumindest ein zuverl\u00e4ssiger Mannschaftsbetreuer finden w\u00fcrde.<br \/>\n<\/strong>Wir w\u00fcnschen dem Team um Trainer Marc Wiltner eine erfolgreiche Saison!<strong><br \/>\n<\/strong><\/p>\n<hr \/>\n<div class=\"su-table su-table-alternate\">\n<table style=\"width: 48.2941%;height: 306px\">\n<tbody>\n<tr style=\"height: 120px\">\n<td style=\"width: 24.8333%;height: 120px\"><strong>Ansprechpartner<\/strong><\/td>\n<td style=\"height: 120px;width: 73.5%\">Norbert Lehmann (Vermittler Herrenbereich)<br \/>\nMobil: 0177 \/ 867 08 08<br \/>\nKlaus Skoniezcny (Vorstand Gr\u00f6na)<br \/>\nTel.: 0471\/318537, Mobil: 0162\/868 90 23<br \/>\nTobias Block (Gr\u00f6na) Mobil: 0163\/895 94 77<\/td>\n<\/tr>\n<tr style=\"height: 24px\">\n<td style=\"width: 24.8333%;height: 24px\"><strong>Trainingszeiten<\/strong><\/td>\n<td style=\"height: 24px;width: 73.5%\">Montag u. Mittwoch 18:30 &#8211; 20:00 Uhr (Einheit-Sportplatz)<\/td>\n<\/tr>\n<tr style=\"height: 24px\">\n<td style=\"width: 24.8333%;height: 24px\"><strong>\u00a0<\/strong><\/td>\n<td style=\"height: 24px;width: 73.5%\"><strong>Winter<br \/>\n<\/strong>Training ist auch auf dem Sportplatz in Gr\u00f6na m\u00f6glich<strong><br \/>\n<\/strong><\/td>\n<\/tr>\n<tr style=\"height: 48px\">\n<td style=\"width: 24.8333%;height: 48px\"><strong>Hallentraining<br \/>\n<\/strong><\/td>\n<td style=\"height: 48px;width: 73.5%\">Dienstag: 18:30 &#8211; 20:00 Uhr Sporthalle T\u00f6pferwiese<br \/>\n28.11.2023 &#8211; 27.02.2024<\/td>\n<\/tr>\n<tr style=\"height: 24px\">\n<td style=\"width: 24.8333%;height: 24px\"><strong>Trainer<\/strong><\/td>\n<td style=\"height: 24px;width: 73.5%\">Marc Wiltner\u00a0\u00a0\u00a0\u00a0\u00a0 Mobil: 0157 \/ 582 300 65<\/td>\n<\/tr>\n<tr style=\"height: 18px\">\n<td style=\"width: 24.8333%;height: 18px\"><strong>Co &#8211; Trainer<br \/>\n<\/strong><\/td>\n<td style=\"height: 18px;width: 73.5%\"><\/td>\n<\/tr>\n<tr style=\"height: 24px\">\n<td style=\"width: 24.8333%;height: 24px\"><strong>Betreuer<\/strong><\/td>\n<td style=\"height: 24px;width: 73.5%\"><\/td>\n<\/tr>\n<tr style=\"height: 24px\">\n<td style=\"width: 24.8333%;height: 24px\"><strong>Zielstellung<\/strong><\/td>\n<td style=\"height: 24px;width: 73.5%\">Ein Platz im vorderen Mittelfeld<\/td>\n<\/tr>\n<\/tbody>\n<\/table>\n<\/div>\n<hr \/>\n<h3>Kader<\/h3>\n\n<table id=\"tablepress-105\" class=\"tablepress tablepress-id-105\">\n<thead>\n<tr class=\"row-1 odd\">\n\t<th class=\"column-1\">Lfd.Nr.<\/th><th class=\"column-2\">Name<\/th><th class=\"column-3\">Vorname<\/th><th class=\"column-4\">Jahrgang<\/th><th class=\"column-5\">Zug\u00e4nge (woher)<\/th>\n<\/tr>\n<\/thead>\n<tbody>\n<tr class=\"row-2 even\">\n\t<td class=\"column-1\">Einheit<\/td><td class=\"column-2\"><\/td><td class=\"column-3\"><\/td><td class=\"column-4\"><\/td><td class=\"column-5\"><\/td>\n<\/tr>\n<tr class=\"row-3 odd\">\n\t<td class=\"column-1\">1<\/td><td class=\"column-2\">Apel<\/td><td class=\"column-3\">Michael<\/td><td class=\"column-4\">1990<\/td><td class=\"column-5\"><\/td>\n<\/tr>\n<tr class=\"row-4 even\">\n\t<td class=\"column-1\">2<\/td><td class=\"column-2\">Beck<\/td><td class=\"column-3\">Robert<\/td><td class=\"column-4\">1996<\/td><td class=\"column-5\"><\/td>\n<\/tr>\n<tr class=\"row-5 odd\">\n\t<td class=\"column-1\">3<\/td><td class=\"column-2\">Beckmann<\/td><td class=\"column-3\">Mathias<\/td><td class=\"column-4\">1988<\/td><td class=\"column-5\"><\/td>\n<\/tr>\n<tr class=\"row-6 even\">\n\t<td class=\"column-1\">4<\/td><td class=\"column-2\">Engelke<\/td><td class=\"column-3\">Sebastian<\/td><td class=\"column-4\">1983<\/td><td class=\"column-5\"><\/td>\n<\/tr>\n<tr class=\"row-7 odd\">\n\t<td class=\"column-1\">5<\/td><td class=\"column-2\">Hoffmann<\/td><td class=\"column-3\">Nico<\/td><td class=\"column-4\">1993<\/td><td class=\"column-5\"><\/td>\n<\/tr>\n<tr class=\"row-8 even\">\n\t<td class=\"column-1\">6<\/td><td class=\"column-2\">Homri<\/td><td class=\"column-3\">Amin<\/td><td class=\"column-4\">2002<\/td><td class=\"column-5\"><\/td>\n<\/tr>\n<tr class=\"row-9 odd\">\n\t<td class=\"column-1\">7<\/td><td class=\"column-2\">Homri<\/td><td class=\"column-3\">Habib<\/td><td class=\"column-4\">1994<\/td><td class=\"column-5\"><\/td>\n<\/tr>\n<tr class=\"row-10 even\">\n\t<td class=\"column-1\">8<\/td><td class=\"column-2\">Ilgenstein<\/td><td class=\"column-3\">Lucas<\/td><td class=\"column-4\">2004<\/td><td class=\"column-5\">SVE A-Junioren<\/td>\n<\/tr>\n<tr class=\"row-11 odd\">\n\t<td class=\"column-1\">9<\/td><td class=\"column-2\">Kupka <\/td><td class=\"column-3\">Leroy<\/td><td class=\"column-4\">1997<\/td><td class=\"column-5\"><\/td>\n<\/tr>\n<tr class=\"row-12 even\">\n\t<td class=\"column-1\">10<\/td><td class=\"column-2\">Landgrabe<\/td><td class=\"column-3\">Christian<\/td><td class=\"column-4\">1987<\/td><td class=\"column-5\"><\/td>\n<\/tr>\n<tr class=\"row-13 odd\">\n\t<td class=\"column-1\">11<\/td><td class=\"column-2\">Kupka<\/td><td class=\"column-3\">Ricardo<\/td><td class=\"column-4\">1989<\/td><td class=\"column-5\"><\/td>\n<\/tr>\n<tr class=\"row-14 even\">\n\t<td class=\"column-1\">12<\/td><td class=\"column-2\">Langer<\/td><td class=\"column-3\">Phillip<\/td><td class=\"column-4\">1995<\/td><td class=\"column-5\"><\/td>\n<\/tr>\n<tr class=\"row-15 odd\">\n\t<td class=\"column-1\">13<\/td><td class=\"column-2\">Mehrholz<\/td><td class=\"column-3\">Philipp<\/td><td class=\"column-4\">1992<\/td><td class=\"column-5\"><\/td>\n<\/tr>\n<tr class=\"row-16 even\">\n\t<td class=\"column-1\">14<\/td><td class=\"column-2\">Okubire<\/td><td class=\"column-3\">Charles<\/td><td class=\"column-4\">1995<\/td><td class=\"column-5\"><\/td>\n<\/tr>\n<tr class=\"row-17 odd\">\n\t<td class=\"column-1\">15<\/td><td class=\"column-2\">Shami<\/td><td class=\"column-3\">Nael<\/td><td class=\"column-4\">1995<\/td><td class=\"column-5\"><\/td>\n<\/tr>\n<tr class=\"row-18 even\">\n\t<td class=\"column-1\">16<\/td><td class=\"column-2\">Souschek<\/td><td class=\"column-3\">Jonas<\/td><td class=\"column-4\">1997<\/td><td class=\"column-5\"><\/td>\n<\/tr>\n<tr class=\"row-19 odd\">\n\t<td class=\"column-1\">17<\/td><td class=\"column-2\">Spach<\/td><td class=\"column-3\">Michael<\/td><td class=\"column-4\">1972<\/td><td class=\"column-5\"><\/td>\n<\/tr>\n<tr class=\"row-20 even\">\n\t<td class=\"column-1\">18<\/td><td class=\"column-2\">Spach<\/td><td class=\"column-3\">Nico<\/td><td class=\"column-4\">1995<\/td><td class=\"column-5\"><\/td>\n<\/tr>\n<tr class=\"row-21 odd\">\n\t<td class=\"column-1\">19<\/td><td class=\"column-2\">Spinn<\/td><td class=\"column-3\">Sebastian<\/td><td class=\"column-4\">1983<\/td><td class=\"column-5\"><\/td>\n<\/tr>\n<tr class=\"row-22 even\">\n\t<td class=\"column-1\">20<\/td><td class=\"column-2\">Thiele<\/td><td class=\"column-3\">Karl<\/td><td class=\"column-4\">1994<\/td><td class=\"column-5\"><\/td>\n<\/tr>\n<tr class=\"row-23 odd\">\n\t<td class=\"column-1\">21<\/td><td class=\"column-2\">Voigt<\/td><td class=\"column-3\">Ren\u00e9<\/td><td class=\"column-4\">1986<\/td><td class=\"column-5\"><\/td>\n<\/tr>\n<tr class=\"row-24 even\">\n\t<td class=\"column-1\">22<\/td><td class=\"column-2\">Wieczorek<\/td><td class=\"column-3\">Michael<\/td><td class=\"column-4\">1984<\/td><td class=\"column-5\"><\/td>\n<\/tr>\n<tr class=\"row-25 odd\">\n\t<td class=\"column-1\">23<\/td><td class=\"column-2\">Zimmermann<\/td><td class=\"column-3\">Leon<\/td><td class=\"column-4\">2001<\/td><td class=\"column-5\"><\/td>\n<\/tr>\n<tr class=\"row-26 even\">\n\t<td class=\"column-1\">Sportlust Gr\u00f6na<\/td><td class=\"column-2\"><\/td><td class=\"column-3\"><\/td><td class=\"column-4\"><\/td><td class=\"column-5\"><\/td>\n<\/tr>\n<tr class=\"row-27 odd\">\n\t<td class=\"column-1\">24<\/td><td class=\"column-2\">Block<\/td><td class=\"column-3\">Tobias<\/td><td class=\"column-4\">1986<\/td><td class=\"column-5\"><\/td>\n<\/tr>\n<tr class=\"row-28 even\">\n\t<td class=\"column-1\">25<\/td><td class=\"column-2\">Hoffmann<\/td><td class=\"column-3\">Enrico<\/td><td class=\"column-4\">1985<\/td><td class=\"column-5\"><\/td>\n<\/tr>\n<tr class=\"row-29 odd\">\n\t<td class=\"column-1\">26<\/td><td class=\"column-2\">Hoffmann<\/td><td class=\"column-3\">Nico<\/td><td class=\"column-4\">1993<\/td><td class=\"column-5\"><\/td>\n<\/tr>\n<tr class=\"row-30 even\">\n\t<td class=\"column-1\">27<\/td><td class=\"column-2\">Pfl\u00fcger<\/td><td class=\"column-3\">J\u00f6rgen<\/td><td class=\"column-4\">1989<\/td><td class=\"column-5\"><\/td>\n<\/tr>\n<tr class=\"row-31 odd\">\n\t<td class=\"column-1\">28<\/td><td class=\"column-2\">Stier<\/td><td class=\"column-3\">Mario<\/td><td class=\"column-4\">1983<\/td><td class=\"column-5\"><\/td>\n<\/tr>\n<tr class=\"row-32 even\">\n\t<td class=\"column-1\"><\/td><td class=\"column-2\"><\/td><td class=\"column-3\"><\/td><td class=\"column-4\"><\/td><td class=\"column-5\"><\/td>\n<\/tr>\n<\/tbody>\n<\/table>\n\n<p><span style=\"text-decoration: underline;\"><strong>Zug\u00e4nge:<\/strong> <\/span><span style=\"text-decoration: underline;\"><strong><br \/>\n<\/strong><\/span><\/p>\n<p>&#8212;-<\/p>\n<p><span style=\"text-decoration: underline;\"><strong>Abg\u00e4nge:<\/strong><\/span><\/p>\n<p>&#8212;-<\/p>\n","protected":false},"excerpt":{"rendered":"<p>Ssg. Einheit Bernburg II.\/Sportlust Gr\u00f6na 1. Kreisklasse\u00a0 2023\/24 In der letzten Saison war zun\u00e4chst der Klassenerhalt das Hauptziel, was dann aber kam war grandios. Die Wiltner-Sch\u00fctzlinge setzten eine Siegesserie an, wobei sie sogar beim Staffelsieger SC Bernburg II. siegten. F\u00fcr eine Zeit hielt man so die Tabellenspitze. Am Ende sprang ein sehr guter 3.Platz heraus. [&hellip;]<\/p>\n","protected":false},"author":3,"featured_media":0,"parent":34389,"menu_order":0,"comment_status":"closed","ping_status":"closed","template":"","meta":{"footnotes":""},"_links":{"self":[{"href":"https:\/\/einheit-bernburg.de\/content\/index.php?rest_route=\/wp\/v2\/pages\/34391"}],"collection":[{"href":"https:\/\/einheit-bernburg.de\/content\/index.php?rest_route=\/wp\/v2\/pages"}],"about":[{"href":"https:\/\/einheit-bernburg.de\/content\/index.php?rest_route=\/wp\/v2\/types\/page"}],"author":[{"embeddable":true,"href":"https:\/\/einheit-bernburg.de\/content\/index.php?rest_route=\/wp\/v2\/users\/3"}],"replies":[{"embeddable":true,"href":"https:\/\/einheit-bernburg.de\/content\/index.php?rest_route=%2Fwp%2Fv2%2Fcomments&post=34391"}],"version-history":[{"count":4,"href":"https:\/\/einheit-bernburg.de\/content\/index.php?rest_route=\/wp\/v2\/pages\/34391\/revisions"}],"predecessor-version":[{"id":34470,"href":"https:\/\/einheit-bernburg.de\/content\/index.php?rest_route=\/wp\/v2\/pages\/34391\/revisions\/34470"}],"up":[{"embeddable":true,"href":"https:\/\/einheit-bernburg.de\/content\/index.php?rest_route=\/wp\/v2\/pages\/34389"}],"wp:attachment":[{"href":"https:\/\/einheit-bernburg.de\/content\/index.php?rest_route=%2Fwp%2Fv2%2Fmedia&parent=34391"}],"curies":[{"name":"wp","href":"https:\/\/api.w.org\/{rel}","templated":true}]}}