{"id":3511,"date":"2016-07-27T13:12:03","date_gmt":"2016-07-27T11:12:03","guid":{"rendered":"http:\/\/einheit-bernburg.de\/content\/?page_id=3511"},"modified":"2016-07-27T13:12:03","modified_gmt":"2016-07-27T11:12:03","slug":"archiv-kader-u-zielstellung-d2-junioren-201516","status":"publish","type":"page","link":"https:\/\/einheit-bernburg.de\/content\/?page_id=3511","title":{"rendered":"Archiv Kader u. Zielstellung D2-Junioren 2015\/16"},"content":{"rendered":"<h1>TV Askania Bernburg II.<\/h1>\n<h3>1. Kreisklasse Staffel 1 \u2013 2015\/16<\/h3>\n<p>Die D2 &#8211; Junioren der KOOP Einheit &#8211; Askania Bernburg war schon im letzten Spieljahr nah dran an der Endrunde zur Kreismeisterschaft. Die Chancen in diesem Jahr stehen nicht schlecht, in ihrer Staffel wieder \u00e4hnlich abzuschneiden, auch wenn einige Leistungstr\u00e4ger jetzt bei den C &#8211; Junioren spielen. Es wird nat\u00fcrlich auch davon abh\u00e4ngen, welche Spieler noch aus dem Kader der Talenteliga zu dieser Mannschaft sto\u00dfen.<\/p>\n<p>Wir w\u00fcnschen der Mannschaft viel Erfolg!<\/p>\n<hr \/>\n<div class=\"su-table su-table-alternate\">\n<table>\n<tbody>\n<tr>\n<td style=\"width: 25%\"><strong>Ansprechpartner<\/strong><\/td>\n<td>Lothar Kral (Sportlicher Leiter) Tel.: 03471 \/ 311868, Mobil: 0177 \/ 939 42 32<\/p>\n<p>Markus Becker (Jugendleiter &#8211; Askania) Mobil: 0160 \/ 973 796 29<\/td>\n<\/tr>\n<tr>\n<td style=\"width: 25%\"><strong>Trainingszeit<\/strong><\/td>\n<td>Dienstag u. Donnerstag, 16:30 Uhr \u2013 18:00 Uhr Einheit &#8211; Sportplatz<\/td>\n<\/tr>\n<tr>\n<td style=\"width: 25%\"><strong>Trainer<\/strong><\/td>\n<td>Ulrich Dannenberg:\u00a0\u00a0\u00a0\u00a0\u00a0\u00a0\u00a0\u00a0\u00a0 Mobil: 0152 \/ 336 564 53<\/p>\n<p>Ronny Grunert:\u00a0\u00a0\u00a0\u00a0\u00a0\u00a0\u00a0\u00a0\u00a0\u00a0\u00a0\u00a0\u00a0\u00a0\u00a0 Mobil: 0179 \/ 210 01 86<\/td>\n<\/tr>\n<tr>\n<td style=\"width: 25%\"><strong>Zielstellung<\/strong><\/td>\n<td>Vorderer Tabellenplatz in Staffel 1<\/td>\n<\/tr>\n<\/tbody>\n<\/table>\n<\/div>\n<hr \/>\n<h3>Kader<\/h3>\n\n<table id=\"tablepress-9\" class=\"tablepress tablepress-id-9\">\n<thead>\n<tr class=\"row-1 odd\">\n\t<th class=\"column-1\">Name<\/th><th class=\"column-2\">Vorname<\/th><th class=\"column-3\">Geb. - Datum<\/th><th class=\"column-4\">Vereinszugeh\u00f6rigkeit<\/th><th class=\"column-5\"><\/th><th class=\"column-6\"><\/th><th class=\"column-7\"><\/th><th class=\"column-8\"><\/th>\n<\/tr>\n<\/thead>\n<tbody>\n<tr class=\"row-2 even\">\n\t<td class=\"column-1\">Arndt<\/td><td class=\"column-2\">Jakob<\/td><td class=\"column-3\">02.06.2003<\/td><td class=\"column-4\">GS Neuborna<\/td><td class=\"column-5\"><\/td><td class=\"column-6\"><\/td><td class=\"column-7\"><\/td><td class=\"column-8\"><\/td>\n<\/tr>\n<tr class=\"row-3 odd\">\n\t<td class=\"column-1\">Bieler<\/td><td class=\"column-2\">John<\/td><td class=\"column-3\">\u00a004.08.2003<\/td><td class=\"column-4\">TV Askania<\/td><td class=\"column-5\"><\/td><td class=\"column-6\"><\/td><td class=\"column-7\"><\/td><td class=\"column-8\"><\/td>\n<\/tr>\n<tr class=\"row-4 even\">\n\t<td class=\"column-1\">Donde<\/td><td class=\"column-2\">Marc Maddox<\/td><td class=\"column-3\">19.12.2003<\/td><td class=\"column-4\">SV Einheit<\/td><td class=\"column-5\"><\/td><td class=\"column-6\"><\/td><td class=\"column-7\"><\/td><td class=\"column-8\"><\/td>\n<\/tr>\n<tr class=\"row-5 odd\">\n\t<td class=\"column-1\">Grunert<\/td><td class=\"column-2\">Marvin Pascal<\/td><td class=\"column-3\">09.11.2004<\/td><td class=\"column-4\">SV Einheit<\/td><td class=\"column-5\"><\/td><td class=\"column-6\"><\/td><td class=\"column-7\"><\/td><td class=\"column-8\"><\/td>\n<\/tr>\n<tr class=\"row-6 even\">\n\t<td class=\"column-1\">Kalashyan<\/td><td class=\"column-2\">Rafik<\/td><td class=\"column-3\">16.04.2004<\/td><td class=\"column-4\">SV Einheit<\/td><td class=\"column-5\"><\/td><td class=\"column-6\"><\/td><td class=\"column-7\"><\/td><td class=\"column-8\"><\/td>\n<\/tr>\n<tr class=\"row-7 odd\">\n\t<td class=\"column-1\">Klaude<\/td><td class=\"column-2\">Sebastian Marcel<\/td><td class=\"column-3\">15.08.2003<\/td><td class=\"column-4\">TV Askania<\/td><td class=\"column-5\"><\/td><td class=\"column-6\"><\/td><td class=\"column-7\"><\/td><td class=\"column-8\"><\/td>\n<\/tr>\n<tr class=\"row-8 even\">\n\t<td class=\"column-1\">Kurpiela<\/td><td class=\"column-2\">Tim<\/td><td class=\"column-3\">06.10.2004<\/td><td class=\"column-4\">TV Askania<\/td><td class=\"column-5\"><\/td><td class=\"column-6\"><\/td><td class=\"column-7\"><\/td><td class=\"column-8\"><\/td>\n<\/tr>\n<tr class=\"row-9 odd\">\n\t<td class=\"column-1\">Mohammad<\/td><td class=\"column-2\">Umar Florian<\/td><td class=\"column-3\">24.07.2003<\/td><td class=\"column-4\">TV Askania<\/td><td class=\"column-5\"><\/td><td class=\"column-6\"><\/td><td class=\"column-7\"><\/td><td class=\"column-8\"><\/td>\n<\/tr>\n<tr class=\"row-10 even\">\n\t<td class=\"column-1\">M\u00fcller<\/td><td class=\"column-2\">Tino<\/td><td class=\"column-3\">24.02.2003<\/td><td class=\"column-4\">TV Askania<\/td><td class=\"column-5\"><\/td><td class=\"column-6\"><\/td><td class=\"column-7\"><\/td><td class=\"column-8\"><\/td>\n<\/tr>\n<tr class=\"row-11 odd\">\n\t<td class=\"column-1\">Rosemeier<\/td><td class=\"column-2\">Joey<\/td><td class=\"column-3\">08.05.2004<\/td><td class=\"column-4\">SV Einheit<\/td><td class=\"column-5\"><\/td><td class=\"column-6\"><\/td><td class=\"column-7\"><\/td><td class=\"column-8\"><\/td>\n<\/tr>\n<tr class=\"row-12 even\">\n\t<td class=\"column-1\">Sch\u00f6pp<\/td><td class=\"column-2\">Dustin Niklas<\/td><td class=\"column-3\">22.01.2004<\/td><td class=\"column-4\">SV Einheit<\/td><td class=\"column-5\"><\/td><td class=\"column-6\"><\/td><td class=\"column-7\"><\/td><td class=\"column-8\"><\/td>\n<\/tr>\n<tr class=\"row-13 odd\">\n\t<td class=\"column-1\">Schmidt<\/td><td class=\"column-2\">Florian<\/td><td class=\"column-3\">18.02.2003<\/td><td class=\"column-4\">TV Askania \/ VfB Gl\u00f6the<\/td><td class=\"column-5\"><\/td><td class=\"column-6\"><\/td><td class=\"column-7\"><\/td><td class=\"column-8\"><\/td>\n<\/tr>\n<\/tbody>\n<\/table>\n\n","protected":false},"excerpt":{"rendered":"<p>TV Askania Bernburg II. 1. Kreisklasse Staffel 1 \u2013 2015\/16 Die D2 &#8211; Junioren der KOOP Einheit &#8211; Askania Bernburg war schon im letzten Spieljahr nah dran an der Endrunde zur Kreismeisterschaft. Die Chancen in diesem Jahr stehen nicht schlecht, in ihrer Staffel wieder \u00e4hnlich abzuschneiden, auch wenn einige Leistungstr\u00e4ger jetzt bei den C &#8211; [&hellip;]<\/p>\n","protected":false},"author":3,"featured_media":0,"parent":3501,"menu_order":0,"comment_status":"closed","ping_status":"closed","template":"","meta":{"footnotes":""},"_links":{"self":[{"href":"https:\/\/einheit-bernburg.de\/content\/index.php?rest_route=\/wp\/v2\/pages\/3511"}],"collection":[{"href":"https:\/\/einheit-bernburg.de\/content\/index.php?rest_route=\/wp\/v2\/pages"}],"about":[{"href":"https:\/\/einheit-bernburg.de\/content\/index.php?rest_route=\/wp\/v2\/types\/page"}],"author":[{"embeddable":true,"href":"https:\/\/einheit-bernburg.de\/content\/index.php?rest_route=\/wp\/v2\/users\/3"}],"replies":[{"embeddable":true,"href":"https:\/\/einheit-bernburg.de\/content\/index.php?rest_route=%2Fwp%2Fv2%2Fcomments&post=3511"}],"version-history":[{"count":1,"href":"https:\/\/einheit-bernburg.de\/content\/index.php?rest_route=\/wp\/v2\/pages\/3511\/revisions"}],"predecessor-version":[{"id":3598,"href":"https:\/\/einheit-bernburg.de\/content\/index.php?rest_route=\/wp\/v2\/pages\/3511\/revisions\/3598"}],"up":[{"embeddable":true,"href":"https:\/\/einheit-bernburg.de\/content\/index.php?rest_route=\/wp\/v2\/pages\/3501"}],"wp:attachment":[{"href":"https:\/\/einheit-bernburg.de\/content\/index.php?rest_route=%2Fwp%2Fv2%2Fmedia&parent=3511"}],"curies":[{"name":"wp","href":"https:\/\/api.w.org\/{rel}","templated":true}]}}