{"id":37825,"date":"2024-08-06T09:21:48","date_gmt":"2024-08-06T07:21:48","guid":{"rendered":"https:\/\/einheit-bernburg.de\/content\/?page_id=37825"},"modified":"2025-07-17T14:32:45","modified_gmt":"2025-07-17T12:32:45","slug":"d3-junioren-2-2-3-2","status":"publish","type":"page","link":"https:\/\/einheit-bernburg.de\/content\/?page_id=37825","title":{"rendered":"Archiv C2-Junioren 2024\/25"},"content":{"rendered":"<h1 class=\"aufm\">NSG Pl\u00f6tzkau\/\u200bEinheit Bernburg<\/h1>\n<h3 class=\"aufm\">Landesliga 2024\/25 &#8211; Staffel 3<\/h3>\n<p><strong>Ein aktuelles Mannschaftsfoto folgt demn\u00e4chst.<\/strong><\/p>\n<p><strong>\u00dcber die abgelaufene Saison 2023\/24 kann man sich ausf\u00fchrlich im Archiv unter C &#8211; Jun. informieren<\/strong>.<\/p>\n<hr>\n<p><a class=\"submenu\" href=\"http:\/\/einheit-bernburg.de\/content\/?page_id=557\" target=\"_blank\" rel=\"noopener noreferrer\"><noscript><img decoding=\"async\" src=\"http:\/\/einheit-bernburg.de\/off\/images\/redsys\/link.gif\" alt border=\"0\"><\/noscript><img decoding=\"async\" src=\"data:image\/gif;base64,R0lGODlhAQABAIAAAAAAAP\/\/\/yH5BAEAAAAALAAAAAABAAEAAAIBRAA7\" alt border=\"0\" data-src=\"http:\/\/einheit-bernburg.de\/off\/images\/redsys\/link.gif\" class=\" lazyload\"><\/a> <a href=\"https:\/\/einheit-bernburg.de\/content\/?page_id=34432\" target=\"_blank\" rel=\"noopener\">Kader u. Zielstellung<\/a><\/p>\n<p><a class=\"submenu\" href=\"http:\/\/www.fussball.de\/spieltagsuebersicht\/landesliga-a-jun-staffel-6-sachsen-anhalt-a-junioren-landesliga-a-junioren-saison1516-sachsen-anhalt\/-\/staffel\/01OPP4VDC8000001VV0AG813VSIPV1RQ-G#!\/section\/stage\" target=\"_blank\" rel=\"noopener noreferrer\"><noscript><img decoding=\"async\" src=\"http:\/\/einheit-bernburg.de\/off\/images\/redsys\/link.gif\" alt border=\"0\"><\/noscript><img decoding=\"async\" src=\"data:image\/gif;base64,R0lGODlhAQABAIAAAAAAAP\/\/\/yH5BAEAAAAALAAAAAABAAEAAAIBRAA7\" alt border=\"0\" data-src=\"http:\/\/einheit-bernburg.de\/off\/images\/redsys\/link.gif\" class=\" lazyload\"><\/a> <a href=\"https:\/\/www.fussball.de\/spieltagsuebersicht\/c-junioren-landesliga-staffel-iii-sachsen-anhalt-c-junioren-landesliga-c-junioren-saison2425-sachsen-anhalt\/-\/staffel\/02PL8HCFO4000001VS5489B3VSSIBR6U-G#!\/\">Spielplan &#8211; Tabelle<\/a><\/p>\n<p><noscript><img decoding=\"async\" src=\"http:\/\/einheit-bernburg.de\/off\/images\/redsys\/link.gif\" alt border=\"0\"><\/noscript><img decoding=\"async\" src=\"data:image\/gif;base64,R0lGODlhAQABAIAAAAAAAP\/\/\/yH5BAEAAAAALAAAAAABAAEAAAIBRAA7\" alt border=\"0\" data-src=\"http:\/\/einheit-bernburg.de\/off\/images\/redsys\/link.gif\" class=\" lazyload\"> <a href=\"https:\/\/einheit-bernburg.de\/content\/wp-content\/uploads\/2024\/08\/RTP-NW-2024-2025-Final.pdf\">RTP Nachwuchs &#8211; Land<\/a><\/p>\n<hr>\n<h1 class=\"aufm\">News u. Spielberichte<\/h1>\n<hr>\n<h3>Hallenkreismeisterschaft 2024\/25<\/h3>\n<p><a href=\"https:\/\/einheit-bernburg.de\/content\/wp-content\/uploads\/2024\/11\/Ausschreibung-HKM-2024-25-C-Junioren-2.pdf\">Ausschreibung HKM 2024-25 C Junioren<\/a><\/p>\n<p><span style=\"text-decoration: underline;\"><strong>HKM-Vorrunde der C2-Junioren:<\/strong><\/span><br>\nSonntag,<strong> 15.12.2024<\/strong> Beginn: <strong>14:00<\/strong> <strong>Uhr<\/strong> \u2013 Bruno-Hinz-Sporthalle Bernburg<\/p>\n<p><strong>Teilnehmer Staffel B \/ 2:<\/strong><br>\nSG Pl\u00f6tzkau\/Einheit Bernburg II, SV 09 Sta\u00dffurt, SV Traktor Westdorf<br>\nSC Bernburg II, MTV Welsleben, SG B\u00f6rde-Hakel<br>\n<em>Die Pl\u00e4tze 1 , 2 u. 3 qualifizieren sich f\u00fcr die Endrunde<br>\n<a href=\"https:\/\/www.fussball.de\/spieltagsuebersicht\/hallenturnier-kreis-salzland-c-junioren-hallen-kreisturnier-c-junioren-saison2425-sachsen-anhalt\/-\/staffel\/02PKTT2VHS000000VS5489B2VT4FEOV2-C#!\/\">(Alle Spiele &#8211; Staffeln \/ Tabellen)<\/a><br>\n<\/em><\/p>\n<p><span style=\"text-decoration: underline;\"><strong>HKM-Endrunde<\/strong><\/span><br>\nSonntag, <strong>21.01.2025<\/strong> Beginn: <strong>14:00 Uhr<\/strong> \u2013 Bruno-Hinz-Sporthalle Bernburg<br>\nAnreise: 13:15 Uhr<\/p>\n<hr>\n<h3>Landesliga&nbsp; Staffel 3<\/h3>\n<p><span style=\"text-decoration: underline;\"><strong>01.12.2024<\/strong> Ansto\u00df: <strong>11:00 Uhr<\/strong> &#8211; 11. Spieltag<\/span><br>\nNSG Pratau\/Kemberg U15. &#8211; NSG Pl\u00f6tzkau\/\u200bEinheit Bernburg II. <strong>1:5 (1:3)<\/strong><\/p>\n<hr>\n<p><span style=\"text-decoration: underline;\"><strong>16.10.2024<\/strong> Ansto\u00df: <strong>11:00 Uhr<\/strong> &#8211; 10. Spieltag (in Pl\u00f6tzkau)<\/span><br>\nNSG Pl\u00f6tzkau\/\u200bEinheit Bernburg II. &#8211; NSG Heidekicker <strong>4:0 (2:0)<\/strong><\/p>\n<hr>\n<p><span style=\"text-decoration: underline;\"><strong>09.11.2024<\/strong> Ansto\u00df: <strong>10:00 Uhr <\/strong>\u2013 Kreispokal-Viertelfinale<\/span><br>\nSV Einheit Bernburg \u2013 NSG SV Pl\u00f6tzkau\/Einheit Bbg. II. <strong>0:5 (0:2)<\/strong><\/p>\n<hr>\n<p><span style=\"text-decoration: underline;\"><strong>02.11.2024<\/strong> Ansto\u00df: <strong>11:00 Uhr<\/strong> &#8211; 9. Spieltag<\/span><br>\nFC Gr\u00fcn-Wei\u00df Piesteritz II. &#8211; NSG Pl\u00f6tzkau\/\u200bEinheit Bernburg II. <strong>2:3 (2:2)<\/strong><\/p>\n<hr>\n<p><span style=\"text-decoration: underline;\"><strong>26.10.2024<\/strong> Ansto\u00df: <strong>11:00 Uhr<\/strong> &#8211; 8. Spieltag<\/span><br>\nNSG Pl\u00f6tzkau\/\u200bEinheit Bernburg II. &#8211; SV Germania 08 Ro\u00dflau <strong>4:1 (2:0)<\/strong><\/p>\n<hr>\n<p><span style=\"text-decoration: underline;\"><strong>19.10.2024<\/strong> Ansto\u00df: <strong>11:00 Uhr<\/strong> &#8211; 7. Spieltag<\/span><br>\n1. FC Bitterfeld-Wolfen &#8211; NSG Pl\u00f6tzkau\/\u200bEinheit Bernburg II. <strong>0:4 (0:1)<\/strong><\/p>\n<hr>\n<p><span style=\"text-decoration: underline;\"><strong>21.09.2024<\/strong> Ansto\u00df: <strong>11:00 Uhr<\/strong> &#8211; Testspiel<\/span><br>\nSV 09 Sta\u00dffurt &#8211; NSG Pl\u00f6tzkau\/\u200bEinheit Bernburg II. <strong>2:5 (1:2)<\/strong><\/p>\n<hr>\n<p><span style=\"text-decoration: underline;\"><strong>21.09.2024<\/strong> Ansto\u00df: <strong>11:00 Uhr<\/strong> &#8211; Kreispokal-Achtelfinale<\/span><br>\nSG Sankt Georg Hecklingen\/TSV Neundorf &#8211; NSG Pl\u00f6tzkau\/\u200bEinheit Bernburg II. <strong>0:15 (0:6)<\/strong><\/p>\n<hr>\n<p><span style=\"text-decoration: underline;\"><strong>15.09.2024<\/strong> Ansto\u00df: <strong>11:00 Uhr<\/strong> &#8211; 6. Spielag &#8211; in PL\u00f6tzkau<\/span><br>\nNSG Pl\u00f6tzkau\/\u200bEinheit Bernburg &#8211; FC Eintracht K\u00f6then <strong>6:0 (4:0)<\/strong><\/p>\n<hr>\n<p><span style=\"text-decoration: underline;\"><strong>07.09.2024<\/strong> Ansto\u00df: <strong>11:00 Uhr<\/strong> &#8211; 5. Spielag &#8211; in PL\u00f6tzkau<\/span><br>\nNSG Pl\u00f6tzkau\/\u200bEinheit Bernburg II. &#8211; NSG Lutherkicker\/Abtsdorf\/Elster <strong>6:1 (3:1)<\/strong><\/p>\n<hr>\n<p><span style=\"text-decoration: underline;\"><strong>01.09.2024<\/strong> Ansto\u00df: <strong>11:00 Uhr<\/strong> &#8211; 4. Spielag<\/span><br>\nNSG Pl\u00f6tzkau\/\u200bEinheit Bernburg II. &#8211; Dessauer SV 97 <strong>4:0 (2:0)<\/strong><\/p>\n<hr>\n<p><span style=\"text-decoration: underline;\"><strong>25.08.2024<\/strong> Ansto\u00df: <strong>11:00 Uhr<\/strong> &#8211; 3. Spielag<\/span><br>\nNSG Pl\u00f6tzkau\/\u200bEinheit Bernburg II. &#8211; SC Bernburg <strong>1:4 (1:2)<\/strong><\/p>\n<hr>\n<p><span style=\"text-decoration: underline;\"><strong>18.08.2024<\/strong> Ansto\u00df: <strong>11:00 Uhr<\/strong> &#8211; 2. Spieltag<\/span><br>\nSV Friedersdorf &#8211; NSG Pl\u00f6tzkau\/\u200bEinheit Bernburg II. <strong>0:26 (0:14)<\/strong><\/p>\n<hr>\n<p><span style=\"text-decoration: underline;\"><strong>11.08.2024<\/strong> Ansto\u00df: <strong>11:30 Uhr<\/strong> &#8211; 1. Spieltag<\/span><br>\nNSG Pl\u00f6tzkau\/\u200bEinheit Bernburg II. &#8211; TSV Rot-Wei\u00df Zerbst <strong>4:1 (1:0)<\/strong><\/p>\n<hr>\n<h3>Test &#8211; u. Freundschaftsspiele<\/h3>\n<p><span style=\"text-decoration: underline;\"><strong>15.06.2024: &#8222;Junior Camp 2024&#8220;<\/strong> des <strong>SV Pl\u00f6tzkau 1921<\/strong> &#8211; Turnier<\/span><br>\nBeginn: <strong>10:00 Uhr<\/strong> Ende: ca. 13:30 Uhr<br>\n<a href=\"https:\/\/einheit-bernburg.de\/content\/wp-content\/uploads\/2024\/06\/1000034188.jpg\"><noscript><img decoding=\"async\" class=\"alignnone size-medium wp-image-37513\" src=\"https:\/\/einheit-bernburg.de\/content\/wp-content\/uploads\/2024\/06\/1000034188-227x300.jpg\" alt width=\"227\" height=\"300\" srcset=\"https:\/\/einheit-bernburg.de\/content\/wp-content\/uploads\/2024\/06\/1000034188-227x300.jpg 227w, https:\/\/einheit-bernburg.de\/content\/wp-content\/uploads\/2024\/06\/1000034188-773x1024.jpg 773w, https:\/\/einheit-bernburg.de\/content\/wp-content\/uploads\/2024\/06\/1000034188-768x1017.jpg 768w, https:\/\/einheit-bernburg.de\/content\/wp-content\/uploads\/2024\/06\/1000034188-1160x1536.jpg 1160w, https:\/\/einheit-bernburg.de\/content\/wp-content\/uploads\/2024\/06\/1000034188-1080x1430.jpg 1080w, https:\/\/einheit-bernburg.de\/content\/wp-content\/uploads\/2024\/06\/1000034188.jpg 1208w\" sizes=\"(max-width: 227px) 100vw, 227px\"><\/noscript><img decoding=\"async\" class=\"alignnone size-medium wp-image-37513 lazyload\" src=\"data:image\/svg+xml,%3Csvg%20xmlns%3D%22http%3A%2F%2Fwww.w3.org%2F2000%2Fsvg%22%20viewBox%3D%220%200%20227%20300%22%3E%3C%2Fsvg%3E\" alt width=\"227\" height=\"300\" srcset=\"data:image\/svg+xml,%3Csvg%20xmlns%3D%22http%3A%2F%2Fwww.w3.org%2F2000%2Fsvg%22%20viewBox%3D%220%200%20227%20300%22%3E%3C%2Fsvg%3E 227w\" sizes=\"(max-width: 227px) 100vw, 227px\" data-srcset=\"https:\/\/einheit-bernburg.de\/content\/wp-content\/uploads\/2024\/06\/1000034188-227x300.jpg 227w, https:\/\/einheit-bernburg.de\/content\/wp-content\/uploads\/2024\/06\/1000034188-773x1024.jpg 773w, https:\/\/einheit-bernburg.de\/content\/wp-content\/uploads\/2024\/06\/1000034188-768x1017.jpg 768w, https:\/\/einheit-bernburg.de\/content\/wp-content\/uploads\/2024\/06\/1000034188-1160x1536.jpg 1160w, https:\/\/einheit-bernburg.de\/content\/wp-content\/uploads\/2024\/06\/1000034188-1080x1430.jpg 1080w, https:\/\/einheit-bernburg.de\/content\/wp-content\/uploads\/2024\/06\/1000034188.jpg 1208w\" data-src=\"https:\/\/einheit-bernburg.de\/content\/wp-content\/uploads\/2024\/06\/1000034188-227x300.jpg\"><\/a><\/p>\n<hr>\n","protected":false},"excerpt":{"rendered":"<p>NSG Pl\u00f6tzkau\/\u200bEinheit Bernburg Landesliga 2024\/25 &#8211; Staffel 3 Ein aktuelles Mannschaftsfoto folgt demn\u00e4chst. \u00dcber die abgelaufene Saison 2023\/24 kann man sich ausf\u00fchrlich im Archiv unter C &#8211; Jun. informieren. Kader u. Zielstellung Spielplan &#8211; Tabelle RTP Nachwuchs &#8211; Land News u. Spielberichte Hallenkreismeisterschaft 2024\/25 Ausschreibung HKM 2024-25 C Junioren HKM-Vorrunde der C2-Junioren: Sonntag, 15.12.2024 Beginn: [&hellip;]<\/p>\n","protected":false},"author":3,"featured_media":0,"parent":41860,"menu_order":7,"comment_status":"closed","ping_status":"closed","template":"","meta":{"footnotes":""},"_links":{"self":[{"href":"https:\/\/einheit-bernburg.de\/content\/index.php?rest_route=\/wp\/v2\/pages\/37825"}],"collection":[{"href":"https:\/\/einheit-bernburg.de\/content\/index.php?rest_route=\/wp\/v2\/pages"}],"about":[{"href":"https:\/\/einheit-bernburg.de\/content\/index.php?rest_route=\/wp\/v2\/types\/page"}],"author":[{"embeddable":true,"href":"https:\/\/einheit-bernburg.de\/content\/index.php?rest_route=\/wp\/v2\/users\/3"}],"replies":[{"embeddable":true,"href":"https:\/\/einheit-bernburg.de\/content\/index.php?rest_route=%2Fwp%2Fv2%2Fcomments&post=37825"}],"version-history":[{"count":31,"href":"https:\/\/einheit-bernburg.de\/content\/index.php?rest_route=\/wp\/v2\/pages\/37825\/revisions"}],"predecessor-version":[{"id":42032,"href":"https:\/\/einheit-bernburg.de\/content\/index.php?rest_route=\/wp\/v2\/pages\/37825\/revisions\/42032"}],"up":[{"embeddable":true,"href":"https:\/\/einheit-bernburg.de\/content\/index.php?rest_route=\/wp\/v2\/pages\/41860"}],"wp:attachment":[{"href":"https:\/\/einheit-bernburg.de\/content\/index.php?rest_route=%2Fwp%2Fv2%2Fmedia&parent=37825"}],"curies":[{"name":"wp","href":"https:\/\/api.w.org\/{rel}","templated":true}]}}