{"id":3885,"date":"2016-07-29T08:41:30","date_gmt":"2016-07-29T06:41:30","guid":{"rendered":"http:\/\/einheit-bernburg.de\/content\/?page_id=3885"},"modified":"2016-07-29T08:44:47","modified_gmt":"2016-07-29T06:44:47","slug":"archiv-g-junioren-tv-askania-bernburg-201516","status":"publish","type":"page","link":"https:\/\/einheit-bernburg.de\/content\/?page_id=3885","title":{"rendered":"Archiv G-Junioren TV Askania Bernburg 2015\/16"},"content":{"rendered":"<h1 class=\"aufm\">TV Askania&nbsp;Bernburg<\/h1>\n<h3 class=\"aufm\">2015\/16<\/h3>\n<hr>\n<p><a class=\"submenu\" href=\"http:\/\/einheit-bernburg.de\/content\/?page_id=3887\" target=\"_blank\"><noscript><img decoding=\"async\" src=\"http:\/\/einheit-bernburg.de\/off\/images\/redsys\/link.gif\" alt border=\"0\"><\/noscript><img decoding=\"async\" src=\"data:image\/gif;base64,R0lGODlhAQABAIAAAAAAAP\/\/\/yH5BAEAAAAALAAAAAABAAEAAAIBRAA7\" alt border=\"0\" data-src=\"http:\/\/einheit-bernburg.de\/off\/images\/redsys\/link.gif\" class=\" lazyload\"> Kader u. Zielstellung<\/a><\/p>\n<hr>\n<h1>Rahmentermin- und Spielplan<\/h1>\n<p><span style=\"text-decoration: underline;\"><strong><a href=\"http:\/\/einheit-bernburg.de\/content\/wp-content\/uploads\/2015\/08\/Flyer-BISS_2016.jpg\"><noscript><img decoding=\"async\" class=\"alignnone size-medium wp-image-3052\" src=\"http:\/\/einheit-bernburg.de\/content\/wp-content\/uploads\/2015\/08\/Flyer-BISS_2016-300x112.jpg\" alt=\"Flyer BISS_2016\" width=\"300\" height=\"112\" srcset=\"https:\/\/einheit-bernburg.de\/content\/wp-content\/uploads\/2015\/08\/Flyer-BISS_2016-300x112.jpg 300w, https:\/\/einheit-bernburg.de\/content\/wp-content\/uploads\/2015\/08\/Flyer-BISS_2016-768x287.jpg 768w, https:\/\/einheit-bernburg.de\/content\/wp-content\/uploads\/2015\/08\/Flyer-BISS_2016-1024x383.jpg 1024w, https:\/\/einheit-bernburg.de\/content\/wp-content\/uploads\/2015\/08\/Flyer-BISS_2016-1080x404.jpg 1080w, https:\/\/einheit-bernburg.de\/content\/wp-content\/uploads\/2015\/08\/Flyer-BISS_2016.jpg 1772w\" sizes=\"(max-width: 300px) 100vw, 300px\"><\/noscript><img decoding=\"async\" class=\"alignnone size-medium wp-image-3052 lazyload\" src=\"data:image\/svg+xml,%3Csvg%20xmlns%3D%22http%3A%2F%2Fwww.w3.org%2F2000%2Fsvg%22%20viewBox%3D%220%200%20300%20112%22%3E%3C%2Fsvg%3E\" alt=\"Flyer BISS_2016\" width=\"300\" height=\"112\" srcset=\"data:image\/svg+xml,%3Csvg%20xmlns%3D%22http%3A%2F%2Fwww.w3.org%2F2000%2Fsvg%22%20viewBox%3D%220%200%20300%20112%22%3E%3C%2Fsvg%3E 300w\" sizes=\"(max-width: 300px) 100vw, 300px\" data-srcset=\"https:\/\/einheit-bernburg.de\/content\/wp-content\/uploads\/2015\/08\/Flyer-BISS_2016-300x112.jpg 300w, https:\/\/einheit-bernburg.de\/content\/wp-content\/uploads\/2015\/08\/Flyer-BISS_2016-768x287.jpg 768w, https:\/\/einheit-bernburg.de\/content\/wp-content\/uploads\/2015\/08\/Flyer-BISS_2016-1024x383.jpg 1024w, https:\/\/einheit-bernburg.de\/content\/wp-content\/uploads\/2015\/08\/Flyer-BISS_2016-1080x404.jpg 1080w, https:\/\/einheit-bernburg.de\/content\/wp-content\/uploads\/2015\/08\/Flyer-BISS_2016.jpg 1772w\" data-src=\"http:\/\/einheit-bernburg.de\/content\/wp-content\/uploads\/2015\/08\/Flyer-BISS_2016-300x112.jpg\"><\/a><\/strong> <a href=\"http:\/\/einheit-bernburg.de\/content\/wp-content\/uploads\/2015\/09\/BISS-Cup-2016_Bambinis.jpg\"><noscript><img decoding=\"async\" class=\"alignnone size-medium wp-image-3185\" src=\"http:\/\/einheit-bernburg.de\/content\/wp-content\/uploads\/2015\/09\/BISS-Cup-2016_Bambinis-300x169.jpg\" alt=\"BISS-Cup-2016_Bambinis\" width=\"300\" height=\"169\" srcset=\"https:\/\/einheit-bernburg.de\/content\/wp-content\/uploads\/2015\/09\/BISS-Cup-2016_Bambinis-300x169.jpg 300w, https:\/\/einheit-bernburg.de\/content\/wp-content\/uploads\/2015\/09\/BISS-Cup-2016_Bambinis-768x432.jpg 768w, https:\/\/einheit-bernburg.de\/content\/wp-content\/uploads\/2015\/09\/BISS-Cup-2016_Bambinis.jpg 1024w\" sizes=\"(max-width: 300px) 100vw, 300px\"><\/noscript><img decoding=\"async\" class=\"alignnone size-medium wp-image-3185 lazyload\" src=\"data:image\/svg+xml,%3Csvg%20xmlns%3D%22http%3A%2F%2Fwww.w3.org%2F2000%2Fsvg%22%20viewBox%3D%220%200%20300%20169%22%3E%3C%2Fsvg%3E\" alt=\"BISS-Cup-2016_Bambinis\" width=\"300\" height=\"169\" srcset=\"data:image\/svg+xml,%3Csvg%20xmlns%3D%22http%3A%2F%2Fwww.w3.org%2F2000%2Fsvg%22%20viewBox%3D%220%200%20300%20169%22%3E%3C%2Fsvg%3E 300w\" sizes=\"(max-width: 300px) 100vw, 300px\" data-srcset=\"https:\/\/einheit-bernburg.de\/content\/wp-content\/uploads\/2015\/09\/BISS-Cup-2016_Bambinis-300x169.jpg 300w, https:\/\/einheit-bernburg.de\/content\/wp-content\/uploads\/2015\/09\/BISS-Cup-2016_Bambinis-768x432.jpg 768w, https:\/\/einheit-bernburg.de\/content\/wp-content\/uploads\/2015\/09\/BISS-Cup-2016_Bambinis.jpg 1024w\" data-src=\"http:\/\/einheit-bernburg.de\/content\/wp-content\/uploads\/2015\/09\/BISS-Cup-2016_Bambinis-300x169.jpg\"><\/a><br>\n<em>(zum Vergr\u00f6\u00dfern Foto anklicken)<\/em><br>\n<strong> 18.06.2016 BISS &#8211; Cup in der Sparkassen &#8211; Arena des TV Askania Bernburg<\/strong><\/span><br>\nVeranstalter: KOOP Askania-Einheit Bernburg<br>\nBeginn: 10:00 Uhr Anreise: 09:00 Uhr<\/p>\n<p><em>Im Rahmen des gro\u00dfen Familienesportfestes &#8222;BISS &#8211; Der Salzlandkreis bewegt sich&#8220; richtet die KOOP das Abschlussturnier des KFV Salzland f\u00fcr G &#8211; Junioren Mannschaften. Hieran nehmen alle Mannschaften des Salzlandkreises teil. Insgesamt werden 9 Mannschaften am Start sein.<\/em><br>\n<em> F\u00fcr die Spielpausen ist f\u00fcr die Kinder ein umfangreiches Rahmenprogramm vorgesehen, an dem sie sich beteiligen k\u00f6nnen und wo&nbsp; zus\u00e4tzliche Preise auf sie warten.&nbsp;<\/em><\/p>\n<p><strong><span style=\"text-decoration: underline;\">Askania auf gutem 6.Platz dieses Abschlussturniers und damit den BISS-Cup 2016.<\/span><\/strong><br>\nDer Lohn waren tolle Preise, Medaillen und Pokale vom KFV Salzland und vom Sponsor der Veranstaltung, dem &#8222;dm &#8211; Drogeriemarkt&#8220; und nat\u00fcrlich der Spa\u00df, der im Vordergrund stand, den nicht nur die Kinder, sondern auch die Veranstalter hatten. So gab es am Ende viele strahlende Gesichter,obwohl bei dieser Veranstaltung, entgegen den Richtlinien des Verbandes, eine Wertung vorgenommen wurde. Im Gegenteil, es wurde sogar ein Fairplay-Pokal, gestiftet vom Oberb\u00fcrgermeister der Stadt Bernburg Henry Sch\u00fctze, vergeben. Den erhielt die mit nur vier Kickern angereiste, aber tapfer durchhaltende SG Neuborna 62, die sogar insgesamt einen starken 3.Platz erk\u00e4mpfte. Aber auch alle anderen Teams verhielten sich sehr fair und spielten gegen Neuborna mit einem Spieler weniger.<br>\nDieses Abschlussturnier war der Beweis daf\u00fcr, dass kein Kind mit trauriger Miene nachhause gehen muss, auch wenn Turniere eine Wertung erfahren. Man muss alles nur richtig r\u00fcberbringen und wissen mit welcher Alterklasse man es zu tun hat und danach handeln. Das ist hier beim BISS-Cup sehr gut gelungen. Aber auch \u00dcbungsleiter und auch Eltern wollen irgendwann einmal wissen &#8211; Wo stehen wir mit unserer Arbeit und damit mit unserer Mannschaft.<em><em><br>\nEin gro\u00dfer Dank noch einmal dem BISS-Team als Veranstalter und der KOOP Askania-Einheit als Organisator.<\/em><br>\n<a href=\"http:\/\/einheit-bernburg.de\/content\/wp-content\/uploads\/2015\/09\/Ausschreibung-G-Junioren_18-06-16-1.pdf\">(Ausschreibung G-Junioren)<\/a><br>\n<\/em><em>(<a href=\"http:\/\/einheit-bernburg.de\/content\/wp-content\/uploads\/2015\/09\/Spielplan_BISS-Sommercup-2016_G-Junioren_Ergebnisse-1.pdf\">Spielplan\/Ergebnisse)<\/a><\/em><\/p>\n<hr>\n<p><b>Insgesamt nehmen mit Bode L\u00f6derburg; Sch\u00f6nebecker SC, SG Neuborna, Schwarz\/Gelb Bernburg I und II, Einheit Bernburg; SG Biere\/Eggersdorf, SG F\u00f6rderstedt\/Atzendorf, Askania Bernburg, neun Mannschaften am Turnierbetrieb teil.<br>\nAn den Spieltagen laufen jeweils zwei Turnieremit 4 bzw. 5 Mannschaften parallel, die in der Regel an jedem Spieltag neu besetzt werden.&nbsp;&nbsp; <em><a href=\"http:\/\/einheit-bernburg.de\/content\/wp-content\/uploads\/2015\/09\/Ausschreibung_2015-16_2.pdf\" rel>Ausschreibung_2015-16<\/a><\/em><br>\nNachfolgend die Turniere an denen der TV Askania Bernburg beteiligt ist:<\/b><\/p>\n<h3><span style=\"text-decoration: underline;\"><strong>Spielplan 2016<\/strong><\/span><\/h3>\n<p><span style=\"text-decoration: underline;\">Samstag, den 16.04.2016: Beginn 09:30 Uhr<\/span><br>\n<strong>Gastgeber:<\/strong> <strong>Bode L\u00f6derburg<\/strong>;<br>\n<em>Weitere Teilnehmer: Blau\/Wei\u00df Eggersdorf, Sch\u00f6nebecker SC, Einheit Bernburg, Askania Bernburg<\/em><\/p>\n<p><span style=\"text-decoration: underline;\">Samstag, den 23.04.2016: Beginn 09:30 Uhr<\/span><strong><br>\nGastgeber: Einheit Bernburg (in der Sparkassen-Arena)<\/strong><br>\n<i>Weitere Teilnehmer: SG Neuborna, Bode L\u00f6derburg, SG F\u00f6rderstedt\/Atzendorf, Askania Bernburg<\/i><\/p>\n<p><span style=\"text-decoration: underline;\">Samstag, den 30.04.2016: Beginn 09:30 Uhr<strong><strong><br>\n<\/strong><\/strong><\/span><strong>Gastgeber:<\/strong> <strong>Askania Bernburg<\/strong><br>\n<i>Weitere Teilnehmer:<br>\nBlau\/Wei\u00df Eggersdorf, Schwarz\/Gelb Bernburg II, Einheit Bernburg, Schwarz\/Gelb Bernburg I<\/i><\/p>\n<p><span style=\"text-decoration: underline;\">Samstag, den 21.05.2016: Beginn 09:30 Uhr<\/span><br>\n<strong>Gastgeber:<\/strong> <strong>Bode L\u00f6derburg<\/strong><br>\n<i>Weitere Teilnehmer<\/i>: <em>Einheit Bernburg, Askania Bernburg, SG F\u00f6rderstedt\/Atzendorf<br>\n<span style=\"color: #008000;\">Krankheits &#8211; u. urlaubsbedingt tritt die KOOP nur mit einer gemischten Mannschaft an<\/span><br>\n<\/em><\/p>\n<p><span style=\"text-decoration: underline;\">Samstag, den 28.05.2016: Beginn 09:30 Uhr<strong><br>\n<\/strong><\/span><strong>Gastgeber: Blau\/Wei\u00df Eggersdorf<\/strong><br>\n<i>Weitere Teilnehmer: Einheit Bernburg, SG Neuborna, Askania Bernburg<br>\n<em><span style=\"color: #008000;\">Auch zum vorletzten Turnier tritt die KOOP nur mit einer gemischten Mannschaft an<\/span><\/em><br>\n<\/i><\/p>\n<p><em><a href=\"http:\/\/einheit-bernburg.de\/content\/wp-content\/uploads\/2015\/09\/Parallelturnier-G-Junioren_Fr%C3%BChjahr-2016.pdf\" rel>Parallelturniere G \u2013 Junioren_Fr\u00fchjahr 2016<\/a><\/em><\/p>\n<p><span style=\"text-decoration: underline;\">Samstag, den 18. Juni 2016 Beginn: 09:30 Uhr \u2013 Abschlussturnier des KFV<\/span><br>\n<strong>Gastgeber: Askania Bernburg <\/strong><br>\n<em>Teilnehmer:<br>\nSchwarz\/Gelb Bernburg I. u. II.<strong>,<\/strong> SG Neuborna, Blau\/Wei\u00df Eggersdorf, Sch\u00f6nebecker SC<br>\nBode L\u00f6derburg, Einheit Bernburg, Askania Bernburg, SG F\u00f6rderstedt\/Atzendorf<br>\n<\/em><span style=\"color: #0000ff;\">Dieses KFV \u2013 Abschlussturnier findet im Rahmen des 2.BISS \u2013 Familienfestes des Salzlandkreises als BISS \u2013 Cup 2016 in der Sparkassen-Arena des TV Askania Bernburg statt. N\u00e4heres zu dieser Veranstaltung in K\u00fcrze.<em><br>\n<\/em><\/span><\/p>\n<hr>\n<h3><span style=\"text-decoration: underline;\">Spielplan 2015<\/span><\/h3>\n<h4><u>Sa, 12.09.2015: Beginn 09:30 Uhr<br>\n<\/u><b>1.Turnier: beim SV Einheit Bernburg<br>\n<\/b><em>Weitere Teilnehmer: SG Biere\/Eggersdorf, Askania Bernburg, SG F\u00f6rderstedt\/Atzendorf<\/em><\/h4>\n<p><u>Sa, 19.09.2015: Beginn 09:30 Uhr<\/u><br>\n<b>2.Turnier: beim der SG F\u00f6rderstedt\/Atzendorf<\/b><br>\n<i>Weitere Teilnehmer: SG Biere\/Eggersdorf, Askania Bernburg, Einheit Bernburg<\/i><\/p>\n<p><u>So, 27.09.2015: Beginn 11:00 Uhr<\/u><br>\n<b>3.Turnier: beim FC Bode 90 L\u00f6derburg<\/b><br>\n<i>Weitere Teilnehmer: Askania Bernburg, SG Neuborna, Bode L\u00f6derburg, Einheit Bernburg<\/i><\/p>\n<p><u>So, 11.10.2015: Beginn 09:30 Uhr<\/u><br>\n<b>4.Turnier: beim SV Schwarz &#8211; gelb Bernburg I.<\/b><br>\n<i>Weitere Teilnehmer: Einheit Bernburg, Schwarz\/Gelb Bernburg II, SG Neuborna<\/i><\/p>\n<p><b>Die weiteren Termine 2016<\/b><br>\n5.Turnier: 16.\/17.04.2016<br>\n6.Turnier: 23.\/24.04.2016<br>\n7.Turnier: 30.04.\/01.05.2016<br>\n8.Turnier: 21.\/22.05.2016<br>\n9.Turnier: 28.\/29.05.2016<br>\n10.Turnier: 11.06.2016, 9.30 bei Askania Bernburg, f\u00fcr alle 10 Mannschaften.<\/p>\n<p><i>Die Zusammensetzung der jeweiligen Staffeln und die genauen Spieltage (Samstag\/Sonntag) werden im M\u00e4rz 2016 ver\u00f6ffentlicht.<\/i><\/p>\n<hr>\n<h1>News u. Spielberichte<\/h1>\n<h2 class=\"aufm\"><span style=\"text-decoration: underline;\">Hallenturniere der G &#8211; Junioren<\/span><\/h2>\n<p><u><strong>06.02.2016 2.KFV &#8211; Hallenturnierrunde<\/strong><\/u><br>\nBeginn: <strong>09:30 Uhr&nbsp; <\/strong>Anreise: 09:00 Uhr&nbsp; Ende: ca. 12:30 Uhr<br>\nSpielort: WEMA &#8211; Sporthalle in Aschersleben<\/p>\n<p><em><u>Teilnehmer:<\/u><br>\nEinheit Bernburg, Askania Bernburg (bitte keine Spieler des Jahrganges 2008 mitbringen), SG Neuborna, Bode L\u00f6derburg, Sch\u00f6nebecker SC, Schwarz\/Gelb Bernburg I und II<\/em><\/p>\n<p>Im Rahmen dieser Veranstaltung wird au\u00dferdem das DFB Schnubberabzeichen abgenommen.<\/p>\n<p><a href=\"http:\/\/einheit-bernburg.de\/content\/wp-content\/uploads\/2015\/09\/01_Fotowand_Genossenschafrts-Cup1-Kopie.png\"><noscript><img decoding=\"async\" class=\"alignnone size-medium wp-image-1279\" src=\"http:\/\/einheit-bernburg.de\/content\/wp-content\/uploads\/2015\/09\/01_Fotowand_Genossenschafrts-Cup1-Kopie-300x100.png\" alt=\"01_Fotowand_Genossenschafrts-Cup1 Kopie\" width=\"300\" height=\"100\" srcset=\"https:\/\/einheit-bernburg.de\/content\/wp-content\/uploads\/2015\/09\/01_Fotowand_Genossenschafrts-Cup1-Kopie-300x100.png 300w, https:\/\/einheit-bernburg.de\/content\/wp-content\/uploads\/2015\/09\/01_Fotowand_Genossenschafrts-Cup1-Kopie-1024x343.png 1024w, https:\/\/einheit-bernburg.de\/content\/wp-content\/uploads\/2015\/09\/01_Fotowand_Genossenschafrts-Cup1-Kopie-1080x361.png 1080w, https:\/\/einheit-bernburg.de\/content\/wp-content\/uploads\/2015\/09\/01_Fotowand_Genossenschafrts-Cup1-Kopie.png 1366w\" sizes=\"(max-width: 300px) 100vw, 300px\"><\/noscript><img decoding=\"async\" class=\"alignnone size-medium wp-image-1279 lazyload\" src=\"data:image\/svg+xml,%3Csvg%20xmlns%3D%22http%3A%2F%2Fwww.w3.org%2F2000%2Fsvg%22%20viewBox%3D%220%200%20300%20100%22%3E%3C%2Fsvg%3E\" alt=\"01_Fotowand_Genossenschafrts-Cup1 Kopie\" width=\"300\" height=\"100\" srcset=\"data:image\/svg+xml,%3Csvg%20xmlns%3D%22http%3A%2F%2Fwww.w3.org%2F2000%2Fsvg%22%20viewBox%3D%220%200%20300%20100%22%3E%3C%2Fsvg%3E 300w\" sizes=\"(max-width: 300px) 100vw, 300px\" data-srcset=\"https:\/\/einheit-bernburg.de\/content\/wp-content\/uploads\/2015\/09\/01_Fotowand_Genossenschafrts-Cup1-Kopie-300x100.png 300w, https:\/\/einheit-bernburg.de\/content\/wp-content\/uploads\/2015\/09\/01_Fotowand_Genossenschafrts-Cup1-Kopie-1024x343.png 1024w, https:\/\/einheit-bernburg.de\/content\/wp-content\/uploads\/2015\/09\/01_Fotowand_Genossenschafrts-Cup1-Kopie-1080x361.png 1080w, https:\/\/einheit-bernburg.de\/content\/wp-content\/uploads\/2015\/09\/01_Fotowand_Genossenschafrts-Cup1-Kopie.png 1366w\" data-src=\"http:\/\/einheit-bernburg.de\/content\/wp-content\/uploads\/2015\/09\/01_Fotowand_Genossenschafrts-Cup1-Kopie-300x100.png\"><\/a><br>\n<em><a href=\"http:\/\/einheit-bernburg.de\/content\/wp-content\/uploads\/2015\/09\/Ausschreibung-Hallen-Cup-G-Jun.-2015-16.pdf\">Ausschreibung<\/a><br>\n<a href=\"http:\/\/einheit-bernburg.de\/content\/wp-content\/uploads\/2015\/08\/Ergebnisse_G-Jugend_2015.pdf\" rel>Ergebnisse<\/a><\/em><\/p>\n<p><span style=\"text-decoration: underline;\"><strong>13.12.2015 Hallen &#8211; Cup der KOOP Askania-Einheit Bernburg<br>\n<span style=\"color: #0000ff;\"><em>1.Bernburger Genossenschafts-Cup<\/em><\/span><\/strong><\/span><br>\n<a href=\"http:\/\/einheit-bernburg.de\/content\/wp-content\/uploads\/2015\/09\/G-Jugend_TV-Askania-Bernburg.jpg\" rel=\"attachment wp-att-1477\"><noscript><img decoding=\"async\" class=\"alignnone size-medium wp-image-1477\" src=\"http:\/\/einheit-bernburg.de\/content\/wp-content\/uploads\/2015\/09\/G-Jugend_TV-Askania-Bernburg-300x200.jpg\" alt=\"G-Jugend_TV Askania Bernburg\" width=\"300\" height=\"200\" srcset=\"https:\/\/einheit-bernburg.de\/content\/wp-content\/uploads\/2015\/09\/G-Jugend_TV-Askania-Bernburg-300x200.jpg 300w, https:\/\/einheit-bernburg.de\/content\/wp-content\/uploads\/2015\/09\/G-Jugend_TV-Askania-Bernburg-768x512.jpg 768w, https:\/\/einheit-bernburg.de\/content\/wp-content\/uploads\/2015\/09\/G-Jugend_TV-Askania-Bernburg-1024x683.jpg 1024w, https:\/\/einheit-bernburg.de\/content\/wp-content\/uploads\/2015\/09\/G-Jugend_TV-Askania-Bernburg-1080x720.jpg 1080w, https:\/\/einheit-bernburg.de\/content\/wp-content\/uploads\/2015\/09\/G-Jugend_TV-Askania-Bernburg.jpg 1620w\" sizes=\"(max-width: 300px) 100vw, 300px\"><\/noscript><img decoding=\"async\" class=\"alignnone size-medium wp-image-1477 lazyload\" src=\"data:image\/svg+xml,%3Csvg%20xmlns%3D%22http%3A%2F%2Fwww.w3.org%2F2000%2Fsvg%22%20viewBox%3D%220%200%20300%20200%22%3E%3C%2Fsvg%3E\" alt=\"G-Jugend_TV Askania Bernburg\" width=\"300\" height=\"200\" srcset=\"data:image\/svg+xml,%3Csvg%20xmlns%3D%22http%3A%2F%2Fwww.w3.org%2F2000%2Fsvg%22%20viewBox%3D%220%200%20300%20200%22%3E%3C%2Fsvg%3E 300w\" sizes=\"(max-width: 300px) 100vw, 300px\" data-srcset=\"https:\/\/einheit-bernburg.de\/content\/wp-content\/uploads\/2015\/09\/G-Jugend_TV-Askania-Bernburg-300x200.jpg 300w, https:\/\/einheit-bernburg.de\/content\/wp-content\/uploads\/2015\/09\/G-Jugend_TV-Askania-Bernburg-768x512.jpg 768w, https:\/\/einheit-bernburg.de\/content\/wp-content\/uploads\/2015\/09\/G-Jugend_TV-Askania-Bernburg-1024x683.jpg 1024w, https:\/\/einheit-bernburg.de\/content\/wp-content\/uploads\/2015\/09\/G-Jugend_TV-Askania-Bernburg-1080x720.jpg 1080w, https:\/\/einheit-bernburg.de\/content\/wp-content\/uploads\/2015\/09\/G-Jugend_TV-Askania-Bernburg.jpg 1620w\" data-src=\"http:\/\/einheit-bernburg.de\/content\/wp-content\/uploads\/2015\/09\/G-Jugend_TV-Askania-Bernburg-300x200.jpg\"> <\/a><a href=\"http:\/\/einheit-bernburg.de\/content\/wp-content\/uploads\/2015\/08\/G-Jugend_Askania-Einheit-Bernburg.jpg\" rel=\"attachment wp-att-1467\"><noscript><img decoding=\"async\" class=\"alignnone size-medium wp-image-1467\" src=\"http:\/\/einheit-bernburg.de\/content\/wp-content\/uploads\/2015\/08\/G-Jugend_Askania-Einheit-Bernburg-300x200.jpg\" alt=\"G-Jugend_Askania-Einheit Bernburg\" width=\"300\" height=\"200\" srcset=\"https:\/\/einheit-bernburg.de\/content\/wp-content\/uploads\/2015\/08\/G-Jugend_Askania-Einheit-Bernburg-300x200.jpg 300w, https:\/\/einheit-bernburg.de\/content\/wp-content\/uploads\/2015\/08\/G-Jugend_Askania-Einheit-Bernburg-768x512.jpg 768w, https:\/\/einheit-bernburg.de\/content\/wp-content\/uploads\/2015\/08\/G-Jugend_Askania-Einheit-Bernburg-1024x683.jpg 1024w, https:\/\/einheit-bernburg.de\/content\/wp-content\/uploads\/2015\/08\/G-Jugend_Askania-Einheit-Bernburg-1080x720.jpg 1080w, https:\/\/einheit-bernburg.de\/content\/wp-content\/uploads\/2015\/08\/G-Jugend_Askania-Einheit-Bernburg.jpg 1620w\" sizes=\"(max-width: 300px) 100vw, 300px\"><\/noscript><img decoding=\"async\" class=\"alignnone size-medium wp-image-1467 lazyload\" src=\"data:image\/svg+xml,%3Csvg%20xmlns%3D%22http%3A%2F%2Fwww.w3.org%2F2000%2Fsvg%22%20viewBox%3D%220%200%20300%20200%22%3E%3C%2Fsvg%3E\" alt=\"G-Jugend_Askania-Einheit Bernburg\" width=\"300\" height=\"200\" srcset=\"data:image\/svg+xml,%3Csvg%20xmlns%3D%22http%3A%2F%2Fwww.w3.org%2F2000%2Fsvg%22%20viewBox%3D%220%200%20300%20200%22%3E%3C%2Fsvg%3E 300w\" sizes=\"(max-width: 300px) 100vw, 300px\" data-srcset=\"https:\/\/einheit-bernburg.de\/content\/wp-content\/uploads\/2015\/08\/G-Jugend_Askania-Einheit-Bernburg-300x200.jpg 300w, https:\/\/einheit-bernburg.de\/content\/wp-content\/uploads\/2015\/08\/G-Jugend_Askania-Einheit-Bernburg-768x512.jpg 768w, https:\/\/einheit-bernburg.de\/content\/wp-content\/uploads\/2015\/08\/G-Jugend_Askania-Einheit-Bernburg-1024x683.jpg 1024w, https:\/\/einheit-bernburg.de\/content\/wp-content\/uploads\/2015\/08\/G-Jugend_Askania-Einheit-Bernburg-1080x720.jpg 1080w, https:\/\/einheit-bernburg.de\/content\/wp-content\/uploads\/2015\/08\/G-Jugend_Askania-Einheit-Bernburg.jpg 1620w\" data-src=\"http:\/\/einheit-bernburg.de\/content\/wp-content\/uploads\/2015\/08\/G-Jugend_Askania-Einheit-Bernburg-300x200.jpg\"><\/a><br>\nBeginn: <strong>10:00 Uhr&nbsp;<\/strong> Anreise: 09:30 Uhr&nbsp; Ende: ca. 12:15 Uhr<br>\nSpielort: Sporthalle \u201eEichenweg\u201c, Eichenweg, 06406 Bernburg<\/p>\n<p><em>Teilnemer:<br>\nSV Schwarz &#8211; Gelb Bernburg I u. II, FC Bode 90 L\u00f6derburg, Spg. Biere\/Eggersdorf,<br>\nKOOP Askania &#8211; Einheit Bernburg I u. II<\/em><\/p>\n","protected":false},"excerpt":{"rendered":"<p>TV Askania&nbsp;Bernburg 2015\/16 Kader u. Zielstellung Rahmentermin- und Spielplan (zum Vergr\u00f6\u00dfern Foto anklicken) 18.06.2016 BISS &#8211; Cup in der Sparkassen &#8211; Arena des TV Askania Bernburg Veranstalter: KOOP Askania-Einheit Bernburg Beginn: 10:00 Uhr Anreise: 09:00 Uhr Im Rahmen des gro\u00dfen Familienesportfestes &#8222;BISS &#8211; Der Salzlandkreis bewegt sich&#8220; richtet die KOOP das Abschlussturnier des KFV Salzland [&hellip;]<\/p>\n","protected":false},"author":3,"featured_media":0,"parent":3415,"menu_order":14,"comment_status":"closed","ping_status":"closed","template":"","meta":{"footnotes":""},"_links":{"self":[{"href":"https:\/\/einheit-bernburg.de\/content\/index.php?rest_route=\/wp\/v2\/pages\/3885"}],"collection":[{"href":"https:\/\/einheit-bernburg.de\/content\/index.php?rest_route=\/wp\/v2\/pages"}],"about":[{"href":"https:\/\/einheit-bernburg.de\/content\/index.php?rest_route=\/wp\/v2\/types\/page"}],"author":[{"embeddable":true,"href":"https:\/\/einheit-bernburg.de\/content\/index.php?rest_route=\/wp\/v2\/users\/3"}],"replies":[{"embeddable":true,"href":"https:\/\/einheit-bernburg.de\/content\/index.php?rest_route=%2Fwp%2Fv2%2Fcomments&post=3885"}],"version-history":[{"count":2,"href":"https:\/\/einheit-bernburg.de\/content\/index.php?rest_route=\/wp\/v2\/pages\/3885\/revisions"}],"predecessor-version":[{"id":4026,"href":"https:\/\/einheit-bernburg.de\/content\/index.php?rest_route=\/wp\/v2\/pages\/3885\/revisions\/4026"}],"up":[{"embeddable":true,"href":"https:\/\/einheit-bernburg.de\/content\/index.php?rest_route=\/wp\/v2\/pages\/3415"}],"wp:attachment":[{"href":"https:\/\/einheit-bernburg.de\/content\/index.php?rest_route=%2Fwp%2Fv2%2Fmedia&parent=3885"}],"curies":[{"name":"wp","href":"https:\/\/api.w.org\/{rel}","templated":true}]}}