{"id":554,"date":"2015-09-29T13:19:14","date_gmt":"2015-09-29T11:19:14","guid":{"rendered":"http:\/\/einheit-bernburg.de\/content\/?page_id=554"},"modified":"2016-07-29T08:40:29","modified_gmt":"2016-07-29T06:40:29","slug":"kader-u-zielstellung-b2-junioren","status":"publish","type":"page","link":"https:\/\/einheit-bernburg.de\/content\/?page_id=554","title":{"rendered":"Archiv Kader u. Zielstellung B2-Junioren 2015\/16"},"content":{"rendered":"<h1>Spg. Askania II.\/ Einheit Bernburg<\/h1>\n<h3>1. Kreisklasse &#8211; 2015\/16<\/h3>\n<p>Nach einer grandiosen Saison 2014\/15, in der sich die Sch\u00fctzlinge von Trainer Henry Schachner in der Landeslaga Staffel 2, als \u00fcberwiegend j\u00fcngerer Jahrgang, im Kampf um den Staffelsieg gegen die starke Konkurrenz durchsetzten, spielen sie in diesem Spieljahr in der Verbandsliga. Als Zugabe holten sie sich auch noch den Landesmeistertitel im Futsal. Man darf nun gespannt sein, was zu leisten diese Mannschaft in Sachsen-Anhalts h\u00f6chster Spielklasse in der Lage ist.<\/p>\n<hr \/>\n<div class=\"su-table su-table-alternate\">\n<table>\n<tbody>\n<tr>\n<td style=\"width: 25%\"><strong>Ansprechpartner<\/strong><\/td>\n<td>Lothar Kral (Sportlicher Leiter) Tel.: 03471 \/ 311868, Mobil: 0177 \/ 939 42 32<\/p>\n<p>Markus Becker (Jugendleiter &#8211; Askania) Mobil: 0160 \/ 973 796 29<\/td>\n<\/tr>\n<tr>\n<td style=\"width: 25%\"><strong>Trainingszeit<\/strong><\/td>\n<td>Dienstag u. Donnerstag 16:30 Uhr &#8211; 18:30 Uhr Askania &#8211; Sportplatz<\/td>\n<\/tr>\n<tr>\n<td style=\"width: 25%\"><strong>Trainer<\/strong><\/td>\n<td>Kevin Nischkewitz\u00a0\u00a0\u00a0\u00a0\u00a0\u00a0\u00a0\u00a0\u00a0\u00a0\u00a0\u00a0\u00a0 Mobil: 0178 \/ 689 26 64<\/td>\n<\/tr>\n<tr>\n<td style=\"width: 25%\"><strong>Co &#8211; Trainer<\/strong><\/td>\n<td>\u00a0Thomas Schr\u00f6ter<\/td>\n<\/tr>\n<tr>\n<td style=\"width: 25%\"><strong>Betreuer<\/strong><\/td>\n<td><\/td>\n<\/tr>\n<tr>\n<td style=\"width: 25%\"><strong>Zielstellung<\/strong><\/td>\n<td><\/td>\n<\/tr>\n<\/tbody>\n<\/table>\n<\/div>\n<hr \/>\n<h3>Kader<\/h3>\n<p>Die gesamte B &#8211; Jugend der KOOP trainiert seit dem 27.07.2015 gemeinsam. Erst nach einigen Wochen Training werden die verantwortlichen Trainer eine Entscheidung dar\u00fcber treffen, wer zun\u00e4chst dem Kader der 1.Mannschaft und wer dem Kader der 2.Mannschaft zugeordnet wird.<\/p>\n\n<table id=\"tablepress-17\" class=\"tablepress tablepress-id-17\">\n<thead>\n<tr class=\"row-1 odd\">\n\t<th class=\"column-1\">Name<\/th><th class=\"column-2\">Vorname<\/th><th class=\"column-3\">Geb. - Datum<\/th><th class=\"column-4\">Vereinszugeh\u00f6rigkeit<\/th><th class=\"column-5\"><\/th><th class=\"column-6\"><\/th><th class=\"column-7\"><\/th><th class=\"column-8\"><\/th>\n<\/tr>\n<\/thead>\n<tbody>\n<tr class=\"row-2 even\">\n\t<td class=\"column-1\">Bertram<\/td><td class=\"column-2\">Erik<\/td><td class=\"column-3\">14.06.2000<\/td><td class=\"column-4\">SV Einheit Bernburg<\/td><td class=\"column-5\"><\/td><td class=\"column-6\"><\/td><td class=\"column-7\"><\/td><td class=\"column-8\"><\/td>\n<\/tr>\n<tr class=\"row-3 odd\">\n\t<td class=\"column-1\">Dolg<\/td><td class=\"column-2\">Niclas<\/td><td class=\"column-3\">21.07.2000<\/td><td class=\"column-4\">TV Askania Bernburg<\/td><td class=\"column-5\"><\/td><td class=\"column-6\"><\/td><td class=\"column-7\"><\/td><td class=\"column-8\"><\/td>\n<\/tr>\n<tr class=\"row-4 even\">\n\t<td class=\"column-1\">Dolg<\/td><td class=\"column-2\">Niclas<\/td><td class=\"column-3\">21.07.2000<\/td><td class=\"column-4\">TV Askania Bernburg<\/td><td class=\"column-5\"><\/td><td class=\"column-6\"><\/td><td class=\"column-7\"><\/td><td class=\"column-8\"><\/td>\n<\/tr>\n<tr class=\"row-5 odd\">\n\t<td class=\"column-1\">G\u00f6tz<\/td><td class=\"column-2\">Felix<\/td><td class=\"column-3\">11.10.2000<\/td><td class=\"column-4\">SV Einheit Bernburg<\/td><td class=\"column-5\"><\/td><td class=\"column-6\"><\/td><td class=\"column-7\"><\/td><td class=\"column-8\"><\/td>\n<\/tr>\n<tr class=\"row-6 even\">\n\t<td class=\"column-1\">Klausnitzer<\/td><td class=\"column-2\">Maximilian<\/td><td class=\"column-3\">12.02.2000<\/td><td class=\"column-4\">TV Askania Bernburg<\/td><td class=\"column-5\"><\/td><td class=\"column-6\"><\/td><td class=\"column-7\"><\/td><td class=\"column-8\"><\/td>\n<\/tr>\n<tr class=\"row-7 odd\">\n\t<td class=\"column-1\">Knorre<\/td><td class=\"column-2\">Robert<\/td><td class=\"column-3\">05.08.2000<\/td><td class=\"column-4\">TV Askania Bernburg<\/td><td class=\"column-5\"><\/td><td class=\"column-6\"><\/td><td class=\"column-7\"><\/td><td class=\"column-8\"><\/td>\n<\/tr>\n<tr class=\"row-8 even\">\n\t<td class=\"column-1\">Le<\/td><td class=\"column-2\">Tri Hoang<\/td><td class=\"column-3\">14.09.2000<\/td><td class=\"column-4\">TV Askania Bernburg<\/td><td class=\"column-5\"><\/td><td class=\"column-6\"><\/td><td class=\"column-7\"><\/td><td class=\"column-8\"><\/td>\n<\/tr>\n<tr class=\"row-9 odd\">\n\t<td class=\"column-1\">Meyer<\/td><td class=\"column-2\">Philipp<\/td><td class=\"column-3\">15.12.2000<\/td><td class=\"column-4\">TV Askania Bernburg<\/td><td class=\"column-5\"><\/td><td class=\"column-6\"><\/td><td class=\"column-7\"><\/td><td class=\"column-8\"><\/td>\n<\/tr>\n<tr class=\"row-10 even\">\n\t<td class=\"column-1\">Nachtigal<\/td><td class=\"column-2\">Til<\/td><td class=\"column-3\">21.08.2000<\/td><td class=\"column-4\">TV Askania Bernburg<\/td><td class=\"column-5\"><\/td><td class=\"column-6\"><\/td><td class=\"column-7\"><\/td><td class=\"column-8\"><\/td>\n<\/tr>\n<tr class=\"row-11 odd\">\n\t<td class=\"column-1\">Oschinka<\/td><td class=\"column-2\">Maximilian Jonas<\/td><td class=\"column-3\">30.03.2000<\/td><td class=\"column-4\">TV Askania Bernburg<\/td><td class=\"column-5\"><\/td><td class=\"column-6\"><\/td><td class=\"column-7\"><\/td><td class=\"column-8\"><\/td>\n<\/tr>\n<tr class=\"row-12 even\">\n\t<td class=\"column-1\">Schr\u00f6ter<\/td><td class=\"column-2\">Tim<\/td><td class=\"column-3\">22.07.2000<\/td><td class=\"column-4\">GS Eiche Pobzig<\/td><td class=\"column-5\"><\/td><td class=\"column-6\"><\/td><td class=\"column-7\"><\/td><td class=\"column-8\"><\/td>\n<\/tr>\n<tr class=\"row-13 odd\">\n\t<td class=\"column-1\">Schynawa<\/td><td class=\"column-2\">Justin Philip<\/td><td class=\"column-3\">26.09.2000<\/td><td class=\"column-4\">SV Einheit Bernburg<\/td><td class=\"column-5\"><\/td><td class=\"column-6\"><\/td><td class=\"column-7\"><\/td><td class=\"column-8\"><\/td>\n<\/tr>\n<tr class=\"row-14 even\">\n\t<td class=\"column-1\">Slotta<\/td><td class=\"column-2\">Christian<\/td><td class=\"column-3\">12.09.2000<\/td><td class=\"column-4\">TV Askania Bernburg<\/td><td class=\"column-5\"><\/td><td class=\"column-6\"><\/td><td class=\"column-7\"><\/td><td class=\"column-8\"><\/td>\n<\/tr>\n<tr class=\"row-15 odd\">\n\t<td class=\"column-1\">Walcer<\/td><td class=\"column-2\">Niklas<\/td><td class=\"column-3\">03.09.2000<\/td><td class=\"column-4\">TV Askania Bernburg<\/td><td class=\"column-5\"><\/td><td class=\"column-6\"><\/td><td class=\"column-7\"><\/td><td class=\"column-8\"><\/td>\n<\/tr>\n<\/tbody>\n<\/table>\n\n","protected":false},"excerpt":{"rendered":"<p>Spg. Askania II.\/ Einheit Bernburg 1. Kreisklasse &#8211; 2015\/16 Nach einer grandiosen Saison 2014\/15, in der sich die Sch\u00fctzlinge von Trainer Henry Schachner in der Landeslaga Staffel 2, als \u00fcberwiegend j\u00fcngerer Jahrgang, im Kampf um den Staffelsieg gegen die starke Konkurrenz durchsetzten, spielen sie in diesem Spieljahr in der Verbandsliga. Als Zugabe holten sie sich [&hellip;]<\/p>\n","protected":false},"author":3,"featured_media":0,"parent":329,"menu_order":0,"comment_status":"closed","ping_status":"closed","template":"","meta":{"footnotes":""},"_links":{"self":[{"href":"https:\/\/einheit-bernburg.de\/content\/index.php?rest_route=\/wp\/v2\/pages\/554"}],"collection":[{"href":"https:\/\/einheit-bernburg.de\/content\/index.php?rest_route=\/wp\/v2\/pages"}],"about":[{"href":"https:\/\/einheit-bernburg.de\/content\/index.php?rest_route=\/wp\/v2\/types\/page"}],"author":[{"embeddable":true,"href":"https:\/\/einheit-bernburg.de\/content\/index.php?rest_route=\/wp\/v2\/users\/3"}],"replies":[{"embeddable":true,"href":"https:\/\/einheit-bernburg.de\/content\/index.php?rest_route=%2Fwp%2Fv2%2Fcomments&post=554"}],"version-history":[{"count":6,"href":"https:\/\/einheit-bernburg.de\/content\/index.php?rest_route=\/wp\/v2\/pages\/554\/revisions"}],"predecessor-version":[{"id":4020,"href":"https:\/\/einheit-bernburg.de\/content\/index.php?rest_route=\/wp\/v2\/pages\/554\/revisions\/4020"}],"up":[{"embeddable":true,"href":"https:\/\/einheit-bernburg.de\/content\/index.php?rest_route=\/wp\/v2\/pages\/329"}],"wp:attachment":[{"href":"https:\/\/einheit-bernburg.de\/content\/index.php?rest_route=%2Fwp%2Fv2%2Fmedia&parent=554"}],"curies":[{"name":"wp","href":"https:\/\/api.w.org\/{rel}","templated":true}]}}