{"id":557,"date":"2015-09-29T13:42:31","date_gmt":"2015-09-29T11:42:31","guid":{"rendered":"http:\/\/einheit-bernburg.de\/content\/?page_id=557"},"modified":"2025-07-17T14:19:01","modified_gmt":"2025-07-17T12:19:01","slug":"kader-u-zielstellung-d3-junioren","status":"publish","type":"page","link":"https:\/\/einheit-bernburg.de\/content\/?page_id=557","title":{"rendered":"Archiv Kader u. Zielstellung B1-Junioren 2024\/25"},"content":{"rendered":"<h1 class=\"aufm\">SV Einheit Bernburg<\/h1>\n<h3>Landesliga \u2013 2024\/25 &#8211; Staffel 3<\/h3>\n<p>Diese Mannschaft spielte in der vergangenen Saison als j\u00fcngerer B &#8211; Junioren Jahrgang in der Kreisunion Salzlandkreis \/ Magdeburg, wo man hinter der Verbandsligareserve aus Ottersleben die Vizemeisterschaft errang. F\u00fcr den gew\u00fcnschten Aufstieg in die Landesliga reichte es trotzdem, weil man kreisintern Kreismeister des Salzlandkreises wurde. Die h\u00f6here Spielklasse ist vom gesamten Kollektiv schon deshalb eingefordert, um f\u00fcr die Jugendlichen eine h\u00f6here Belastung als auf Kreisebene zu erreichen und damit zur weiteren Entwicklung des Kaders beizutragen. Das dieses Unterfangen nicht einfach ist, zeigen die ersten Spiele in der Landesliga. Wichtige Spieler haben die Mannschaft zum Saisonende verlassen, aber mit 5 Neuzug\u00e4ngen u. a. aus Nienburg konnte dies ausgeglichen werden.<br \/>\nMit Gernot P\u00fclicher, Martin Weile und EnricoSschaaf haben auch wichtige und verdienstvolle Mitarbeiter aus dem Betreuerstab das Team verlassen, aber mit Mathias Krug und Oliver Letz haben sich schnell neue Unterst\u00fctzer f\u00fcr Cheftrainer Matthias Lorenz gefunden. Mit Jana Hartenstein arbeitet au\u00dferdem im Hintergrund, verantwortliches f\u00fcr Organisatorisches und Spielberichte, eine sehr verantwortungsvolle Person, geht es um alle Dinge um das Team, wobei sie tatkr\u00e4ftig unterst\u00fctzt wird durch Diana Zavatta.<br \/>\nNun darf man gespannt sein, wie sich dieses Team in v\u00f6llig neuer Umgebung der Landeslaga Staffel 3 schlagen wird und w\u00fcnschen dem gesamten Kollektiv viel Erfolg!<\/p>\n<hr \/>\n<div class=\"su-table su-table-alternate\">\n<table style=\"height: 292px;width: 55.2249%\" width=\"648\">\n<tbody>\n<tr>\n<td style=\"width: 25.1461%\"><strong>Ansprechpartner<\/strong><\/td>\n<td style=\"width: 73.625%\">Lothar Kral (Jugendleiter) Mobil: 0162 435 66 23<\/td>\n<\/tr>\n<tr>\n<td style=\"width: 25.1461%\"><strong>Trainingszeiten<\/strong><\/td>\n<td style=\"width: 73.625%\">Di u. Do, 17:00 Uhr \u2013 18:30 Uhr Einheit-Sportplatz<\/td>\n<\/tr>\n<tr>\n<td style=\"width: 25.1461%\"><strong>\u00a0<\/strong><\/td>\n<td style=\"width: 73.625%\"><strong>Winter<\/strong><\/td>\n<\/tr>\n<tr>\n<td style=\"width: 25.1461%\"><strong>Hallentraining<br \/>\n<\/strong><\/td>\n<td style=\"width: 73.625%\">Donnerstag 17:30 Uhr &#8211; 19:00 Uhr Sporthalle &#8222;T\u00f6pferwiese&#8220;<br \/>\n14.11.2024 &#8211; 20.02.2025<\/td>\n<\/tr>\n<tr>\n<td style=\"width: 25.1461%\"><strong>Kunstrasen<br \/>\n<\/strong><\/td>\n<td style=\"width: 73.625%\">Montag 17:00 Uhr &#8211; 18:30 Uhr<\/td>\n<\/tr>\n<tr>\n<td style=\"width: 25.1461%\"><strong>Trainer<\/strong><\/td>\n<td style=\"width: 73.625%\">Matthias Lorenz\u00a0\u00a0\u00a0\u00a0\u00a0\u00a0\u00a0\u00a0\u00a0\u00a0\u00a0\u00a0\u00a0\u00a0\u00a0\u00a0\u00a0 Mobil: 0173 \/ 561 26 37<\/td>\n<\/tr>\n<tr>\n<td style=\"width: 25.1461%\"><strong>Co-Trainer<br \/>\n<\/strong><\/td>\n<td style=\"width: 73.625%\">Oliver Letz \u00a0\u00a0\u00a0\u00a0\u00a0\u00a0\u00a0\u00a0\u00a0\u00a0\u00a0\u00a0\u00a0\u00a0\u00a0\u00a0\u00a0\u00a0\u00a0\u00a0\u00a0\u00a0\u00a0\u00a0\u00a0\u00a0 Mobil: 0151 \/ 525 460 52<\/td>\n<\/tr>\n<tr>\n<td style=\"width: 25.1461%\"><strong>Co-Trainer<\/strong><\/td>\n<td style=\"width: 73.625%\"><\/td>\n<\/tr>\n<tr>\n<td style=\"width: 25.1461%\"><strong> Betreuer\/Organ.<\/strong><\/td>\n<td style=\"width: 73.625%\">Jana Hartenstein \u00a0\u00a0\u00a0\u00a0\u00a0\u00a0\u00a0\u00a0\u00a0\u00a0\u00a0\u00a0\u00a0\u00a0\u00a0 Mobil: 0157 \/ 320 822 09<br \/>\nDiana Zavatta<\/td>\n<\/tr>\n<tr>\n<td style=\"width: 25.1461%\"><strong>Zielstellung<\/strong><\/td>\n<td style=\"width: 73.625%\">Sich in der Landesliga Staffel 3 etablieren<\/td>\n<\/tr>\n<\/tbody>\n<\/table>\n<\/div>\n<hr \/>\n<h3>Kader<\/h3>\n\n<table id=\"tablepress-129\" class=\"tablepress tablepress-id-129\">\n<thead>\n<tr class=\"row-1 odd\">\n\t<th class=\"column-1\">Name<\/th><th class=\"column-2\">Vorname<\/th><th class=\"column-3\">Jahrgang<\/th><th class=\"column-4\">Herkunft<\/th><th class=\"column-5\"><\/th><th class=\"column-6\"><\/th><th class=\"column-7\"><\/th><th class=\"column-8\"><\/th><th class=\"column-9\"><\/th>\n<\/tr>\n<\/thead>\n<tbody>\n<tr class=\"row-2 even\">\n\t<td class=\"column-1\">B\u00f6rnicke<\/td><td class=\"column-2\">Tom Ulrich<\/td><td class=\"column-3\">2007<\/td><td class=\"column-4\"><\/td><td class=\"column-5\"><\/td><td class=\"column-6\"><\/td><td class=\"column-7\"><\/td><td class=\"column-8\"><\/td><td class=\"column-9\"><\/td>\n<\/tr>\n<tr class=\"row-3 odd\">\n\t<td class=\"column-1\">Desivojevic<\/td><td class=\"column-2\">Vukasin<\/td><td class=\"column-3\">2008<\/td><td class=\"column-4\"><\/td><td class=\"column-5\"><\/td><td class=\"column-6\"><\/td><td class=\"column-7\"><\/td><td class=\"column-8\"><\/td><td class=\"column-9\"><\/td>\n<\/tr>\n<tr class=\"row-4 even\">\n\t<td class=\"column-1\">Drefs<\/td><td class=\"column-2\">Leonard<\/td><td class=\"column-3\">2008<\/td><td class=\"column-4\"><\/td><td class=\"column-5\"><\/td><td class=\"column-6\"><\/td><td class=\"column-7\"><\/td><td class=\"column-8\"><\/td><td class=\"column-9\"><\/td>\n<\/tr>\n<tr class=\"row-5 odd\">\n\t<td class=\"column-1\">Ehrich<\/td><td class=\"column-2\">Dorian<\/td><td class=\"column-3\">2008<\/td><td class=\"column-4\">Neuanf\u00e4nger<\/td><td class=\"column-5\"><\/td><td class=\"column-6\"><\/td><td class=\"column-7\"><\/td><td class=\"column-8\"><\/td><td class=\"column-9\"><\/td>\n<\/tr>\n<tr class=\"row-6 even\">\n\t<td class=\"column-1\">Hein<\/td><td class=\"column-2\">Denis Connor<\/td><td class=\"column-3\">2008 <\/td><td class=\"column-4\"><\/td><td class=\"column-5\"><\/td><td class=\"column-6\"><\/td><td class=\"column-7\"><\/td><td class=\"column-8\"><\/td><td class=\"column-9\"><\/td>\n<\/tr>\n<tr class=\"row-7 odd\">\n\t<td class=\"column-1\">Kersten<\/td><td class=\"column-2\">Hannes<\/td><td class=\"column-3\">2008<\/td><td class=\"column-4\"><\/td><td class=\"column-5\"><\/td><td class=\"column-6\"><\/td><td class=\"column-7\"><\/td><td class=\"column-8\"><\/td><td class=\"column-9\"><\/td>\n<\/tr>\n<tr class=\"row-8 even\">\n\t<td class=\"column-1\">Kohl<\/td><td class=\"column-2\">William<\/td><td class=\"column-3\">2008<\/td><td class=\"column-4\"><\/td><td class=\"column-5\"><\/td><td class=\"column-6\"><\/td><td class=\"column-7\"><\/td><td class=\"column-8\"><\/td><td class=\"column-9\"><\/td>\n<\/tr>\n<tr class=\"row-9 odd\">\n\t<td class=\"column-1\">Kommritz<\/td><td class=\"column-2\">Bennit<\/td><td class=\"column-3\">2008<\/td><td class=\"column-4\"><\/td><td class=\"column-5\"><\/td><td class=\"column-6\"><\/td><td class=\"column-7\"><\/td><td class=\"column-8\"><\/td><td class=\"column-9\"><\/td>\n<\/tr>\n<tr class=\"row-10 even\">\n\t<td class=\"column-1\">Krug<\/td><td class=\"column-2\">Yves Jason<\/td><td class=\"column-3\">\"008<\/td><td class=\"column-4\"><\/td><td class=\"column-5\"><\/td><td class=\"column-6\"><\/td><td class=\"column-7\"><\/td><td class=\"column-8\"><\/td><td class=\"column-9\"><\/td>\n<\/tr>\n<tr class=\"row-11 odd\">\n\t<td class=\"column-1\">Lampe<\/td><td class=\"column-2\">Louis<\/td><td class=\"column-3\">2008<\/td><td class=\"column-4\">1.FSV Nienburg<\/td><td class=\"column-5\"><\/td><td class=\"column-6\"><\/td><td class=\"column-7\"><\/td><td class=\"column-8\"><\/td><td class=\"column-9\"><\/td>\n<\/tr>\n<tr class=\"row-12 even\">\n\t<td class=\"column-1\">Letz<\/td><td class=\"column-2\">Finn<\/td><td class=\"column-3\">2008<\/td><td class=\"column-4\"><\/td><td class=\"column-5\"><\/td><td class=\"column-6\"><\/td><td class=\"column-7\"><\/td><td class=\"column-8\"><\/td><td class=\"column-9\"><\/td>\n<\/tr>\n<tr class=\"row-13 odd\">\n\t<td class=\"column-1\">Lorenz <\/td><td class=\"column-2\">Maurice<\/td><td class=\"column-3\">2008<\/td><td class=\"column-4\"><\/td><td class=\"column-5\"><\/td><td class=\"column-6\"><\/td><td class=\"column-7\"><\/td><td class=\"column-8\"><\/td><td class=\"column-9\"><\/td>\n<\/tr>\n<tr class=\"row-14 even\">\n\t<td class=\"column-1\">Malz<\/td><td class=\"column-2\">Lenny<\/td><td class=\"column-3\">2008<\/td><td class=\"column-4\"><\/td><td class=\"column-5\"><\/td><td class=\"column-6\"><\/td><td class=\"column-7\"><\/td><td class=\"column-8\"><\/td><td class=\"column-9\"><\/td>\n<\/tr>\n<tr class=\"row-15 odd\">\n\t<td class=\"column-1\">Merker<\/td><td class=\"column-2\">Jonas<\/td><td class=\"column-3\">2007<\/td><td class=\"column-4\"><\/td><td class=\"column-5\"><\/td><td class=\"column-6\"><\/td><td class=\"column-7\"><\/td><td class=\"column-8\"><\/td><td class=\"column-9\"><\/td>\n<\/tr>\n<tr class=\"row-16 even\">\n\t<td class=\"column-1\">M\u00fcnzer<\/td><td class=\"column-2\">Martin<\/td><td class=\"column-3\">2009<\/td><td class=\"column-4\">GS 1.FSV Nienburg<\/td><td class=\"column-5\"><\/td><td class=\"column-6\"><\/td><td class=\"column-7\"><\/td><td class=\"column-8\"><\/td><td class=\"column-9\"><\/td>\n<\/tr>\n<tr class=\"row-17 odd\">\n\t<td class=\"column-1\">Rothmann<\/td><td class=\"column-2\">Linus<\/td><td class=\"column-3\">2009<\/td><td class=\"column-4\">1.FSV Nienburg<\/td><td class=\"column-5\"><\/td><td class=\"column-6\"><\/td><td class=\"column-7\"><\/td><td class=\"column-8\"><\/td><td class=\"column-9\"><\/td>\n<\/tr>\n<tr class=\"row-18 even\">\n\t<td class=\"column-1\">Wolf<\/td><td class=\"column-2\">Niclas<\/td><td class=\"column-3\">2009<\/td><td class=\"column-4\">GS Eiche Pobzig<\/td><td class=\"column-5\"><\/td><td class=\"column-6\"><\/td><td class=\"column-7\"><\/td><td class=\"column-8\"><\/td><td class=\"column-9\"><\/td>\n<\/tr>\n<tr class=\"row-19 odd\">\n\t<td class=\"column-1\">Zavatta<\/td><td class=\"column-2\">Cosimo Damiano<\/td><td class=\"column-3\">2007<\/td><td class=\"column-4\"><\/td><td class=\"column-5\"><\/td><td class=\"column-6\"><\/td><td class=\"column-7\"><\/td><td class=\"column-8\"><\/td><td class=\"column-9\"><\/td>\n<\/tr>\n<tr class=\"row-20 even\">\n\t<td class=\"column-1\"><\/td><td class=\"column-2\"><\/td><td class=\"column-3\"><\/td><td class=\"column-4\"><\/td><td class=\"column-5\"><\/td><td class=\"column-6\"><\/td><td class=\"column-7\"><\/td><td class=\"column-8\"><\/td><td class=\"column-9\"><\/td>\n<\/tr>\n<tr class=\"row-21 odd\">\n\t<td class=\"column-1\">Fleck<\/td><td class=\"column-2\">Arvid<\/td><td class=\"column-3\">2009<\/td><td class=\"column-4\"><\/td><td class=\"column-5\"><\/td><td class=\"column-6\"><\/td><td class=\"column-7\"><\/td><td class=\"column-8\"><\/td><td class=\"column-9\"><\/td>\n<\/tr>\n<tr class=\"row-22 even\">\n\t<td class=\"column-1\">Morgenstern<\/td><td class=\"column-2\">Ilyas<\/td><td class=\"column-3\">2009<\/td><td class=\"column-4\">GS Eiche Pobzig<\/td><td class=\"column-5\"><\/td><td class=\"column-6\"><\/td><td class=\"column-7\"><\/td><td class=\"column-8\"><\/td><td class=\"column-9\"><\/td>\n<\/tr>\n<tr class=\"row-23 odd\">\n\t<td class=\"column-1\">Scheffler <\/td><td class=\"column-2\">Rocco<\/td><td class=\"column-3\">2009<\/td><td class=\"column-4\"><\/td><td class=\"column-5\"><\/td><td class=\"column-6\"><\/td><td class=\"column-7\"><\/td><td class=\"column-8\"><\/td><td class=\"column-9\"><\/td>\n<\/tr>\n<tr class=\"row-24 even\">\n\t<td class=\"column-1\"><\/td><td class=\"column-2\"><\/td><td class=\"column-3\"><\/td><td class=\"column-4\"><\/td><td class=\"column-5\"><\/td><td class=\"column-6\"><\/td><td class=\"column-7\"><\/td><td class=\"column-8\"><\/td><td class=\"column-9\"><\/td>\n<\/tr>\n<tr class=\"row-25 odd\">\n\t<td class=\"column-1\"><\/td><td class=\"column-2\"><\/td><td class=\"column-3\"><\/td><td class=\"column-4\"><\/td><td class=\"column-5\"><\/td><td class=\"column-6\"><\/td><td class=\"column-7\"><\/td><td class=\"column-8\"><\/td><td class=\"column-9\"><\/td>\n<\/tr>\n<\/tbody>\n<\/table>\n\n<p><strong>Zug\u00e4nge:<br \/>\n<\/strong>Linus Rothmann, Louis Lampe (beide 1.FSV Nienburg), Martin M\u00fcnzer (GS 1.FSV Nienburg), Niclas Wolf (GS Eiche Pobzig), Dorian Ehrich (Anf\u00e4nger)<strong><br \/>\n<\/strong><\/p>\n<p><strong>Abg\u00e4nge:<br \/>\n<\/strong>Fabrice Noel Albrecht, Julian Deckert, Niklas P\u00fclicher (f\u00fcr 1 Jahr A-Jun. SC Bernburg)<strong><br \/>\n<\/strong><\/p>\n","protected":false},"excerpt":{"rendered":"<p>SV Einheit Bernburg Landesliga \u2013 2024\/25 &#8211; Staffel 3 Diese Mannschaft spielte in der vergangenen Saison als j\u00fcngerer B &#8211; Junioren Jahrgang in der Kreisunion Salzlandkreis \/ Magdeburg, wo man hinter der Verbandsligareserve aus Ottersleben die Vizemeisterschaft errang. F\u00fcr den gew\u00fcnschten Aufstieg in die Landesliga reichte es trotzdem, weil man kreisintern Kreismeister des Salzlandkreises wurde. [&hellip;]<\/p>\n","protected":false},"author":3,"featured_media":0,"parent":325,"menu_order":0,"comment_status":"closed","ping_status":"closed","template":"","meta":{"footnotes":""},"_links":{"self":[{"href":"https:\/\/einheit-bernburg.de\/content\/index.php?rest_route=\/wp\/v2\/pages\/557"}],"collection":[{"href":"https:\/\/einheit-bernburg.de\/content\/index.php?rest_route=\/wp\/v2\/pages"}],"about":[{"href":"https:\/\/einheit-bernburg.de\/content\/index.php?rest_route=\/wp\/v2\/types\/page"}],"author":[{"embeddable":true,"href":"https:\/\/einheit-bernburg.de\/content\/index.php?rest_route=\/wp\/v2\/users\/3"}],"replies":[{"embeddable":true,"href":"https:\/\/einheit-bernburg.de\/content\/index.php?rest_route=%2Fwp%2Fv2%2Fcomments&post=557"}],"version-history":[{"count":74,"href":"https:\/\/einheit-bernburg.de\/content\/index.php?rest_route=\/wp\/v2\/pages\/557\/revisions"}],"predecessor-version":[{"id":41995,"href":"https:\/\/einheit-bernburg.de\/content\/index.php?rest_route=\/wp\/v2\/pages\/557\/revisions\/41995"}],"up":[{"embeddable":true,"href":"https:\/\/einheit-bernburg.de\/content\/index.php?rest_route=\/wp\/v2\/pages\/325"}],"wp:attachment":[{"href":"https:\/\/einheit-bernburg.de\/content\/index.php?rest_route=%2Fwp%2Fv2%2Fmedia&parent=557"}],"curies":[{"name":"wp","href":"https:\/\/api.w.org\/{rel}","templated":true}]}}