{"id":559,"date":"2015-09-29T13:50:09","date_gmt":"2015-09-29T11:50:09","guid":{"rendered":"http:\/\/einheit-bernburg.de\/content\/?page_id=559"},"modified":"2026-02-21T15:55:14","modified_gmt":"2026-02-21T14:55:14","slug":"kader-u-zielstellung-e2-junioren","status":"publish","type":"page","link":"https:\/\/einheit-bernburg.de\/content\/?page_id=559","title":{"rendered":"Kader u. Zielstellung D1-Junioren"},"content":{"rendered":"<h1 class=\"aufm\">SV Einheit Bernburg<\/h1>\n<h3>1.Kreisklasse \u2013 2025\/26<\/h3>\n<p>Als j\u00fcngerer D-Junioren Jahrgang mussten die Jungs in der Vorsaison zun\u00e4chst einiges an Lehrgeld zahlen. So reichte es nur zu Platzierungsrunde 2 und das wiederum war f\u00fcr ihre Entwicklung nicht so schlecht. Jetzt konnte man sich stabilisieren und spielerisch zulegen. So schloss das Team diese Runde ohne Verlustpunkt ab. Das hier von den Trainern sehr gute Arbeit geleistet wird, dr\u00fcckt sich auch in einem enormen Zulauf an Spielern und einer talentierten Spielerin aus. In der aktuellen Saison wird diese Mannschaft ganz sicher eine gewichtigere Rolle spielen.<br \/>\n<strong>Wir w\u00fcnschen dem gesamten Team\u00a0 viel Erfolg!<\/strong><\/p>\n<hr \/>\n<div class=\"su-table su-table-alternate\">\n<table style=\"width: 54.8861%\">\n<tbody>\n<tr>\n<td style=\"width: 24.8466%\"><strong>Ansprechpartner<\/strong><\/td>\n<td style=\"width: 73.9264%\">Lothar Kral (Jugendleiter)<br \/>\nTel.: 03471 \/ 311868\u00a0\u00a0 Mobil: 0162 \/ 435 66 23<\/td>\n<\/tr>\n<tr>\n<td style=\"width: 24.8466%\"><strong>Trainingszeit<\/strong><\/td>\n<td style=\"width: 73.9264%\">Mo u. Mi 16:30 Uhr &#8211; 18:00 Uhr Einheit &#8211; Sportplatz<\/td>\n<\/tr>\n<tr>\n<td style=\"width: 24.8466%\"><strong>\u00a0<\/strong><\/td>\n<td style=\"width: 73.9264%\"><strong>Winter<\/strong><\/td>\n<\/tr>\n<tr>\n<td style=\"width: 24.8466%\"><strong>Hallentraining<br \/>\n<\/strong><\/td>\n<td style=\"width: 73.9264%\">Montag 16:00 Uhr &#8211; 17:30 Uhr Sporthalle T\u00f6pferwiese<br \/>\n17.11.2025 &#8211; 09.03.2026<\/td>\n<\/tr>\n<tr>\n<td style=\"width: 24.8466%\"><strong>Kunstrasen<br \/>\n<\/strong><\/td>\n<td style=\"width: 73.9264%\">Mittwoch 16:00 Uhr &#8211; 17:30 Uhr<\/td>\n<\/tr>\n<tr>\n<td style=\"width: 24.8466%\"><strong>Trainer<\/strong><\/td>\n<td style=\"width: 73.9264%\">Raik M\u00fcller\u00a0\u00a0\u00a0\u00a0\u00a0\u00a0\u00a0\u00a0\u00a0\u00a0\u00a0\u00a0\u00a0\u00a0\u00a0\u00a0 Mobil: 0176 &#8211; 960 108 33<\/td>\n<\/tr>\n<tr>\n<td style=\"width: 24.8466%\"><strong>Co &#8211; Trainer<\/strong><\/td>\n<td style=\"width: 73.9264%\"><span style=\"color: #333333\"><a class=\"commLink\" style=\"color: #333333\" title=\"0151-701 927 30\" data-atip=\"commlink::mobile||C|A\" data-commdata=\"{&quot;type&quot;:&quot;mobile&quot;,&quot;number&quot;:&quot;004915170192730&quot;}\" data-l_mouse_cl=\"ServiceCommunication::handleCommLinkClick\"><span lang=\"EN-US\">Torsten Schreier \u00a0\u00a0\u00a0\u00a0\u00a0\u00a0 Mobil: 0151 &#8211; 651 265 82<\/span>\u00a0<\/a><\/span><\/td>\n<\/tr>\n<tr>\n<td style=\"width: 24.8466%\"><strong>Co &#8211; Trainer<br \/>\n<\/strong><\/td>\n<td style=\"width: 73.9264%\"><span lang=\"EN-US\" style=\"color: #333333\">Andreas Pfau \u00a0\u00a0\u00a0\u00a0\u00a0\u00a0\u00a0\u00a0\u00a0\u00a0\u00a0\u00a0 Mobil: <a class=\"commLink\" style=\"color: #333333\" title=\"0160 - 529 91 89\" data-atip=\"commlink::mobile||C|A\" data-commdata=\"{&quot;type&quot;:&quot;mobile&quot;,&quot;number&quot;:&quot;00491605299189&quot;}\" data-l_mouse_cl=\"ServiceCommunication::handleCommLinkClick\">0160 &#8211; 529 91 89 <\/a><\/span><\/td>\n<\/tr>\n<tr>\n<td style=\"width: 24.8466%\"><strong>Zielstellung<\/strong><\/td>\n<td style=\"width: 73.9264%\">Um die Kreismeisterschaft ein W\u00f6rtchen mitreden<\/td>\n<\/tr>\n<\/tbody>\n<\/table>\n<\/div>\n<hr \/>\n<h3>Kader<\/h3>\n\n<table id=\"tablepress-143\" class=\"tablepress tablepress-id-143\">\n<thead>\n<tr class=\"row-1 odd\">\n\t<th class=\"column-1\">Atallah<\/th><th class=\"column-2\">Read<\/th><th class=\"column-3\">2013<\/th><th class=\"column-4\">SV Einheit<\/th>\n<\/tr>\n<\/thead>\n<tbody>\n<tr class=\"row-2 even\">\n\t<td class=\"column-1\">Bachmann<\/td><td class=\"column-2\">Tim<\/td><td class=\"column-3\">2013<\/td><td class=\"column-4\">SV Einheit<\/td>\n<\/tr>\n<tr class=\"row-3 odd\">\n\t<td class=\"column-1\">Bahn<\/td><td class=\"column-2\">Jeremy<\/td><td class=\"column-3\">2013<\/td><td class=\"column-4\">SV Einheit<\/td>\n<\/tr>\n<tr class=\"row-4 even\">\n\t<td class=\"column-1\">Br\u00fcning<\/td><td class=\"column-2\">Jonas<\/td><td class=\"column-3\">2013<\/td><td class=\"column-4\">SV Einheit<\/td>\n<\/tr>\n<tr class=\"row-5 odd\">\n\t<td class=\"column-1\">Falke <\/td><td class=\"column-2\">Dean<\/td><td class=\"column-3\">2013<\/td><td class=\"column-4\">SV Einheit<\/td>\n<\/tr>\n<tr class=\"row-6 even\">\n\t<td class=\"column-1\">Grauenhorst<\/td><td class=\"column-2\">Oscar<\/td><td class=\"column-3\">2013<\/td><td class=\"column-4\">SV Einheit<\/td>\n<\/tr>\n<tr class=\"row-7 odd\">\n\t<td class=\"column-1\">Kirchhof<\/td><td class=\"column-2\">Theo<\/td><td class=\"column-3\">2013<\/td><td class=\"column-4\">SV Einheit<\/td>\n<\/tr>\n<tr class=\"row-8 even\">\n\t<td class=\"column-1\">Krause<\/td><td class=\"column-2\">Yannik Elias<\/td><td class=\"column-3\">2013<\/td><td class=\"column-4\">SV Einheit<\/td>\n<\/tr>\n<tr class=\"row-9 odd\">\n\t<td class=\"column-1\">Maa\u00df<\/td><td class=\"column-2\">Bastian<\/td><td class=\"column-3\">2013<\/td><td class=\"column-4\">SV Einheit<\/td>\n<\/tr>\n<tr class=\"row-10 even\">\n\t<td class=\"column-1\">Pfau<\/td><td class=\"column-2\">Moritz<\/td><td class=\"column-3\">2013<\/td><td class=\"column-4\">SV Einheit<\/td>\n<\/tr>\n<tr class=\"row-11 odd\">\n\t<td class=\"column-1\">Sch\u00f6nberner<\/td><td class=\"column-2\">Lucas<\/td><td class=\"column-3\">2013<\/td><td class=\"column-4\">SV Einheit<\/td>\n<\/tr>\n<tr class=\"row-12 even\">\n\t<td class=\"column-1\">Schreier<\/td><td class=\"column-2\">Timon<\/td><td class=\"column-3\">2013<\/td><td class=\"column-4\">SV Einheit<\/td>\n<\/tr>\n<\/tbody>\n<\/table>\n\n<p><strong>Zug\u00e4nge:<\/strong><\/p>\n<p><strong>Abg\u00e4nge:<\/strong> Valentin Wenzel, Aaliyah Shaleen Hankel<\/p>\n","protected":false},"excerpt":{"rendered":"<p>SV Einheit Bernburg 1.Kreisklasse \u2013 2025\/26 Als j\u00fcngerer D-Junioren Jahrgang mussten die Jungs in der Vorsaison zun\u00e4chst einiges an Lehrgeld zahlen. So reichte es nur zu Platzierungsrunde 2 und das wiederum war f\u00fcr ihre Entwicklung nicht so schlecht. Jetzt konnte man sich stabilisieren und spielerisch zulegen. So schloss das Team diese Runde ohne Verlustpunkt ab. [&hellip;]<\/p>\n","protected":false},"author":3,"featured_media":0,"parent":327,"menu_order":0,"comment_status":"closed","ping_status":"closed","template":"","meta":{"footnotes":""},"_links":{"self":[{"href":"https:\/\/einheit-bernburg.de\/content\/index.php?rest_route=\/wp\/v2\/pages\/559"}],"collection":[{"href":"https:\/\/einheit-bernburg.de\/content\/index.php?rest_route=\/wp\/v2\/pages"}],"about":[{"href":"https:\/\/einheit-bernburg.de\/content\/index.php?rest_route=\/wp\/v2\/types\/page"}],"author":[{"embeddable":true,"href":"https:\/\/einheit-bernburg.de\/content\/index.php?rest_route=\/wp\/v2\/users\/3"}],"replies":[{"embeddable":true,"href":"https:\/\/einheit-bernburg.de\/content\/index.php?rest_route=%2Fwp%2Fv2%2Fcomments&post=559"}],"version-history":[{"count":72,"href":"https:\/\/einheit-bernburg.de\/content\/index.php?rest_route=\/wp\/v2\/pages\/559\/revisions"}],"predecessor-version":[{"id":44536,"href":"https:\/\/einheit-bernburg.de\/content\/index.php?rest_route=\/wp\/v2\/pages\/559\/revisions\/44536"}],"up":[{"embeddable":true,"href":"https:\/\/einheit-bernburg.de\/content\/index.php?rest_route=\/wp\/v2\/pages\/327"}],"wp:attachment":[{"href":"https:\/\/einheit-bernburg.de\/content\/index.php?rest_route=%2Fwp%2Fv2%2Fmedia&parent=559"}],"curies":[{"name":"wp","href":"https:\/\/api.w.org\/{rel}","templated":true}]}}