{"id":8708,"date":"2017-08-08T14:13:43","date_gmt":"2017-08-08T12:13:43","guid":{"rendered":"http:\/\/einheit-bernburg.de\/content\/?page_id=8708"},"modified":"2017-08-11T18:21:50","modified_gmt":"2017-08-11T16:21:50","slug":"archiv-kader-u-zielstellung-f2-junioren-201617","status":"publish","type":"page","link":"https:\/\/einheit-bernburg.de\/content\/?page_id=8708","title":{"rendered":"Archiv Kader u. Zielstellung F2 &#8211; Junioren 2016\/17"},"content":{"rendered":"<h1 class=\"aufm\">Spg. Einheit II.\/Askania Bernburg<\/h1>\n<h3>2016\/17<\/h3>\n<p>Die aktuellen F2 &#8211; Junioren der KOOP Askania-Einheit Bernburg bestehen fast ausschlie\u00dflich aus den G &#8211; Junioren der vergangenen Saison und werden in diesem Spieljahr als Spg. Einheit II.\/Askania Bernburg auflaufen. Ihre beiden Trainer Christian B\u00fcttner (Einheit) und Holger Schmidt (Askania) bleiben ihnen erhalten. Spielten die Kinder im vergangenen Jahr noch ihre Turniere in einer Fairplay-Liga ohne Wertung, m\u00fcssen sie sich in der neuen Altersklasse an ein neues Turniersystem mit stetigem Auf &#8211; und Abstieg gew\u00f6hnen, was gleichzeitig bedeutet, dass eine Wertung stattfindet und entsprechend Pl\u00e4tze vergeben werden. Im ersten Jahr dieser Altersklasse ist das Lernen angesagt, wobei weiter der Spa\u00df und nicht etwa Leistungsdruck im Vordergrund stehen soll.<\/p>\n<p><em>Dazu w\u00fcnschen wir den beiden Trainern mit ihrer Mannschaft gutes Gelingen.<\/em><\/p>\n<hr \/>\n<div class=\"su-table su-table-alternate\">\n<table>\n<tbody>\n<tr>\n<td style=\"width: 25%\"><strong>Ansprechpartner<\/strong><\/td>\n<td>Markus Becker (Jugendleiter &#8211; Askania) Mobil: 0160 &#8211; 973 796 29<\/p>\n<p>Lothar Kral (Sportlicher Leiter &#8211; Einheit)<br \/>\nTel.: 03471 \/ 311868, Mobil: 0177 \/ 939 42 32<\/td>\n<\/tr>\n<tr>\n<td style=\"width: 25%\"><strong>Trainingszeit<\/strong><\/td>\n<td>Montag 16:30 Uhr &#8211; 18:00 Uhr Askania &#8211; Sportplatz<\/p>\n<p>Freitag\u00a0 16:30 Uhr &#8211; 18:00 Uhr Askania &#8211; Sportplatz<\/td>\n<\/tr>\n<tr>\n<td style=\"width: 25%\"><strong>Trainer<\/strong><\/td>\n<td>Holger Schmidt\u00a0\u00a0\u00a0\u00a0 Mobil:\u00a0 0163 \/ 260 77 83<\/p>\n<p>Christian B\u00fcttner\u00a0 Mobil: 0178 \/ 611 50 85<\/td>\n<\/tr>\n<tr>\n<td style=\"width: 25%\"><strong>Betreuer<\/strong><\/td>\n<td><\/td>\n<\/tr>\n<tr>\n<td style=\"width: 25%\"><strong>Zielstellung<\/strong><\/td>\n<td>Sich an ein neues Wertungssystem gew\u00f6hnen \/ Fortschritte nachweisen<\/td>\n<\/tr>\n<\/tbody>\n<\/table>\n<\/div>\n<hr \/>\n<h3>Kader<\/h3>\n\n<table id=\"tablepress-32\" class=\"tablepress tablepress-id-32\">\n<thead>\n<tr class=\"row-1 odd\">\n\t<th class=\"column-1\">Name<\/th><th class=\"column-2\">Vorname<\/th><th class=\"column-3\">Jahrgang<\/th><th class=\"column-4\">Herkunft<\/th><th class=\"column-5\"><\/th><th class=\"column-6\"><\/th><th class=\"column-7\"><\/th><th class=\"column-8\"><\/th>\n<\/tr>\n<\/thead>\n<tbody>\n<tr class=\"row-2 even\">\n\t<td class=\"column-1\">Beier<\/td><td class=\"column-2\">Hannes<\/td><td class=\"column-3\">2008<\/td><td class=\"column-4\">SV Einheit<\/td><td class=\"column-5\"><\/td><td class=\"column-6\"><\/td><td class=\"column-7\"><\/td><td class=\"column-8\"><\/td>\n<\/tr>\n<tr class=\"row-3 odd\">\n\t<td class=\"column-1\">B\u00fcttner<\/td><td class=\"column-2\">Moritz Veith<\/td><td class=\"column-3\">2009<\/td><td class=\"column-4\">SV Einheit<\/td><td class=\"column-5\"><\/td><td class=\"column-6\"><\/td><td class=\"column-7\"><\/td><td class=\"column-8\"><\/td>\n<\/tr>\n<tr class=\"row-4 even\">\n\t<td class=\"column-1\">G\u00fcnther<\/td><td class=\"column-2\">Julius<\/td><td class=\"column-3\">2009<\/td><td class=\"column-4\">SV Einheit<\/td><td class=\"column-5\"><\/td><td class=\"column-6\"><\/td><td class=\"column-7\"><\/td><td class=\"column-8\"><\/td>\n<\/tr>\n<tr class=\"row-5 odd\">\n\t<td class=\"column-1\">Haisch<\/td><td class=\"column-2\">Dean<\/td><td class=\"column-3\">2008<\/td><td class=\"column-4\">SV Einheit<\/td><td class=\"column-5\"><\/td><td class=\"column-6\"><\/td><td class=\"column-7\"><\/td><td class=\"column-8\"><\/td>\n<\/tr>\n<tr class=\"row-6 even\">\n\t<td class=\"column-1\">Hein<\/td><td class=\"column-2\">Denis Connor<\/td><td class=\"column-3\">2008<\/td><td class=\"column-4\">SV Einheit<\/td><td class=\"column-5\"><\/td><td class=\"column-6\"><\/td><td class=\"column-7\"><\/td><td class=\"column-8\"><\/td>\n<\/tr>\n<tr class=\"row-7 odd\">\n\t<td class=\"column-1\">Hellmann<\/td><td class=\"column-2\">Jurian<\/td><td class=\"column-3\">2009<\/td><td class=\"column-4\">TV Askania<\/td><td class=\"column-5\"><\/td><td class=\"column-6\"><\/td><td class=\"column-7\"><\/td><td class=\"column-8\"><\/td>\n<\/tr>\n<tr class=\"row-8 even\">\n\t<td class=\"column-1\">Karambadzakis<\/td><td class=\"column-2\">Jonas<\/td><td class=\"column-3\">2009<\/td><td class=\"column-4\">TV Askania<\/td><td class=\"column-5\"><\/td><td class=\"column-6\"><\/td><td class=\"column-7\"><\/td><td class=\"column-8\"><\/td>\n<\/tr>\n<tr class=\"row-9 odd\">\n\t<td class=\"column-1\">K\u00e4mmerer<\/td><td class=\"column-2\">Rico<\/td><td class=\"column-3\">2009<\/td><td class=\"column-4\">SV Einheit<\/td><td class=\"column-5\"><\/td><td class=\"column-6\"><\/td><td class=\"column-7\"><\/td><td class=\"column-8\"><\/td>\n<\/tr>\n<tr class=\"row-10 even\">\n\t<td class=\"column-1\">Kipka<\/td><td class=\"column-2\">Max<\/td><td class=\"column-3\">2009<\/td><td class=\"column-4\">SV Einheit<\/td><td class=\"column-5\"><\/td><td class=\"column-6\"><\/td><td class=\"column-7\"><\/td><td class=\"column-8\"><\/td>\n<\/tr>\n<tr class=\"row-11 odd\">\n\t<td class=\"column-1\">Querfurth<\/td><td class=\"column-2\">Luis<\/td><td class=\"column-3\">2009<\/td><td class=\"column-4\">SV Einheit<\/td><td class=\"column-5\"><\/td><td class=\"column-6\"><\/td><td class=\"column-7\"><\/td><td class=\"column-8\"><\/td>\n<\/tr>\n<tr class=\"row-12 even\">\n\t<td class=\"column-1\">Richter<\/td><td class=\"column-2\">Bastian<\/td><td class=\"column-3\">2009<\/td><td class=\"column-4\">SV Einheit<\/td><td class=\"column-5\"><\/td><td class=\"column-6\"><\/td><td class=\"column-7\"><\/td><td class=\"column-8\"><\/td>\n<\/tr>\n<tr class=\"row-13 odd\">\n\t<td class=\"column-1\">Schmidt<\/td><td class=\"column-2\">Luca<\/td><td class=\"column-3\">2009<\/td><td class=\"column-4\">TV Askania<\/td><td class=\"column-5\"><\/td><td class=\"column-6\"><\/td><td class=\"column-7\"><\/td><td class=\"column-8\"><\/td>\n<\/tr>\n<tr class=\"row-14 even\">\n\t<td class=\"column-1\">Wiedensee<\/td><td class=\"column-2\">Erik<\/td><td class=\"column-3\">2009<\/td><td class=\"column-4\">SV Einheit<\/td><td class=\"column-5\"><\/td><td class=\"column-6\"><\/td><td class=\"column-7\"><\/td><td class=\"column-8\"><\/td>\n<\/tr>\n<tr class=\"row-15 odd\">\n\t<td class=\"column-1\">Zavatta<\/td><td class=\"column-2\">Cosimo Damiano<\/td><td class=\"column-3\">2008<\/td><td class=\"column-4\">TV Askania<\/td><td class=\"column-5\"><\/td><td class=\"column-6\"><\/td><td class=\"column-7\"><\/td><td class=\"column-8\"><\/td>\n<\/tr>\n<\/tbody>\n<\/table>\n\n","protected":false},"excerpt":{"rendered":"<p>Spg. Einheit II.\/Askania Bernburg 2016\/17 Die aktuellen F2 &#8211; Junioren der KOOP Askania-Einheit Bernburg bestehen fast ausschlie\u00dflich aus den G &#8211; Junioren der vergangenen Saison und werden in diesem Spieljahr als Spg. Einheit II.\/Askania Bernburg auflaufen. Ihre beiden Trainer Christian B\u00fcttner (Einheit) und Holger Schmidt (Askania) bleiben ihnen erhalten. Spielten die Kinder im vergangenen Jahr [&hellip;]<\/p>\n","protected":false},"author":3,"featured_media":0,"parent":8689,"menu_order":0,"comment_status":"closed","ping_status":"closed","template":"","meta":{"footnotes":""},"_links":{"self":[{"href":"https:\/\/einheit-bernburg.de\/content\/index.php?rest_route=\/wp\/v2\/pages\/8708"}],"collection":[{"href":"https:\/\/einheit-bernburg.de\/content\/index.php?rest_route=\/wp\/v2\/pages"}],"about":[{"href":"https:\/\/einheit-bernburg.de\/content\/index.php?rest_route=\/wp\/v2\/types\/page"}],"author":[{"embeddable":true,"href":"https:\/\/einheit-bernburg.de\/content\/index.php?rest_route=\/wp\/v2\/users\/3"}],"replies":[{"embeddable":true,"href":"https:\/\/einheit-bernburg.de\/content\/index.php?rest_route=%2Fwp%2Fv2%2Fcomments&post=8708"}],"version-history":[{"count":7,"href":"https:\/\/einheit-bernburg.de\/content\/index.php?rest_route=\/wp\/v2\/pages\/8708\/revisions"}],"predecessor-version":[{"id":9065,"href":"https:\/\/einheit-bernburg.de\/content\/index.php?rest_route=\/wp\/v2\/pages\/8708\/revisions\/9065"}],"up":[{"embeddable":true,"href":"https:\/\/einheit-bernburg.de\/content\/index.php?rest_route=\/wp\/v2\/pages\/8689"}],"wp:attachment":[{"href":"https:\/\/einheit-bernburg.de\/content\/index.php?rest_route=%2Fwp%2Fv2%2Fmedia&parent=8708"}],"curies":[{"name":"wp","href":"https:\/\/api.w.org\/{rel}","templated":true}]}}